-- Table structure for table `PresentationReview`
--

CREATE TABLE `PresentationReview` (
  `id` int(11) NOT NULL AUTO_INCREMENT,
  `presentation_id` int(11) DEFAULT NULL,
  `user_id` int(11) DEFAULT NULL,
  PRIMARY KEY (`id`),
  KEY `IDX_4FF42BFDAB627E8B` (`presentation_id`),
  KEY `IDX_4FF42BFDA76ED395` (`user_id`),
  CONSTRAINT `FK_4FF42BFDA76ED395` FOREIGN KEY (`user_id`) REFERENCES `SiteUser` (`id`),
  CONSTRAINT `FK_4FF42BFDAB627E8B` FOREIGN KEY (`presentation_id`) REFERENCES `Presentation` (`id`)
) ENGINE=InnoDB DEFAULT CHARSET=utf8 COLLATE=utf8_unicode_ci;

--
-- Dumping data for table `PresentationReview`
--


--
-- Table structure for table `PresentationReviewCriteria`
--

CREATE TABLE `PresentationReviewCriteria` (
  `id` int(11) NOT NULL AUTO_INCREMENT,
  `event_id` int(11) DEFAULT NULL,
  `name` varchar(255) COLLATE utf8_unicode_ci NOT NULL,
  PRIMARY KEY (`id`),
  KEY `IDX_B21D01BD71F7E88B` (`event_id`),
  CONSTRAINT `FK_B21D01BD71F7E88B` FOREIGN KEY (`event_id`) REFERENCES `Event` (`id`)
) ENGINE=InnoDB DEFAULT CHARSET=utf8 COLLATE=utf8_unicode_ci;

--
-- Dumping data for table `PresentationReviewCriteria`
--


--
-- Table structure for table `PresentationReviewCriteriaOption`
--

CREATE TABLE `PresentationReviewCriteriaOption` (
  `id` int(11) NOT NULL AUTO_INCREMENT,
  `criteria_id` int(11) DEFAULT NULL,
  `value_id` int(11) DEFAULT NULL,
  `point` int(11) NOT NULL,
  PRIMARY KEY (`id`),
  KEY `IDX_A2B789A1990BEA15` (`criteria_id`),
  KEY `IDX_A2B789A1F920BBA2` (`value_id`),
  CONSTRAINT `FK_A2B789A1990BEA15` FOREIGN KEY (`criteria_id`) REFERENCES `PresentationReviewCriteria` (`id`),
  CONSTRAINT `FK_A2B789A1F920BBA2` FOREIGN KEY (`value_id`) REFERENCES `PresentationReviewCriteriaValue` (`id`)
) ENGINE=InnoDB DEFAULT CHARSET=utf8 COLLATE=utf8_unicode_ci;

--
-- Dumping data for table `PresentationReviewCriteriaOption`
--


--
-- Table structure for table `PresentationReviewCriteriaValue`
--

CREATE TABLE `PresentationReviewCriteriaValue` (
  `id` int(11) NOT NULL AUTO_INCREMENT,
  `name` varchar(255) COLLATE utf8_unicode_ci NOT NULL,
  PRIMARY KEY (`id`)
) ENGINE=InnoDB DEFAULT CHARSET=utf8 COLLATE=utf8_unicode_ci;

--
-- Dumping data for table `PresentationReviewCriteriaValue`
--


--
-- Table structure for table `PresentationReviewItem`
--

CREATE TABLE `PresentationReviewItem` (
  `id` int(11) NOT NULL AUTO_INCREMENT,
  `option_id` int(11) DEFAULT NULL,
  `review_id` int(11) DEFAULT NULL,
  PRIMARY KEY (`id`),
  KEY `IDX_698E95E3A7C41D6F` (`option_id`),
  KEY `IDX_698E95E33E2E969B` (`review_id`),
  CONSTRAINT `FK_698E95E33E2E969B` FOREIGN KEY (`review_id`) REFERENCES `PresentationReview` (`id`),
  CONSTRAINT `FK_698E95E3A7C41D6F` FOREIGN KEY (`option_id`) REFERENCES `PresentationReviewCriteriaOption` (`id`)
) ENGINE=InnoDB DEFAULT CHARSET=utf8 COLLATE=utf8_unicode_ci;

--
-- Dumping data for table `PresentationReviewItem`
--


--
-- Table structure for table `PresentationSection`
--

CREATE TABLE `PresentationSection` (
  `id` int(11) NOT NULL AUTO_INCREMENT,
  `event_id` int(11) DEFAULT NULL,
  `lecturehall_id` int(11) DEFAULT NULL,
  `tree_root` int(11) DEFAULT NULL,
  `parent_id` int(11) DEFAULT NULL,
  `name` varchar(255) COLLATE utf8_unicode_ci NOT NULL,
  `description` varchar(255) COLLATE utf8_unicode_ci DEFAULT NULL,
  `chairs` tinytext COLLATE utf8_unicode_ci,
  `start` datetime DEFAULT NULL,
  `end` datetime DEFAULT NULL,
  `lft` int(11) NOT NULL,
  `lvl` int(11) NOT NULL,
  `rgt` int(11) NOT NULL,
  PRIMARY KEY (`id`),
  KEY `IDX_9C4E246171F7E88B` (`event_id`),
  KEY `IDX_9C4E2461EC858AFF` (`lecturehall_id`),
  KEY `IDX_9C4E2461A977936C` (`tree_root`),
  KEY `IDX_9C4E2461727ACA70` (`parent_id`),
  CONSTRAINT `FK_9C4E246171F7E88B` FOREIGN KEY (`event_id`) REFERENCES `Event` (`id`),
  CONSTRAINT `FK_9C4E2461727ACA70` FOREIGN KEY (`parent_id`) REFERENCES `PresentationSection` (`id`) ON DELETE CASCADE,
  CONSTRAINT `FK_9C4E2461A977936C` FOREIGN KEY (`tree_root`) REFERENCES `PresentationSection` (`id`) ON DELETE CASCADE,
  CONSTRAINT `FK_9C4E2461EC858AFF` FOREIGN KEY (`lecturehall_id`) REFERENCES `LectureHall` (`id`)
) ENGINE=InnoDB AUTO_INCREMENT=47 DEFAULT CHARSET=utf8 COLLATE=utf8_unicode_ci;

--
-- Dumping data for table `PresentationSection`
--

INSERT INTO `PresentationSection` VALUES (1,3,NULL,1,NULL,'Megnyitó',NULL,'Molnár Tamás, Kristóf Tünde, Miheller Pál','2020-03-06 09:15:00','2020-03-06 09:30:00',1,0,2),(2,3,NULL,2,NULL,'MIKROBIOM',NULL,'Üléselnök: Farkas Klaudia, Herszényi László, Banai János','2020-03-06 09:30:00','2020-03-06 11:00:00',1,0,2),(3,3,NULL,3,NULL,'Kávészünet',NULL,NULL,'2020-03-06 11:00:00','2020-03-06 11:30:00',1,0,2),(4,3,NULL,4,NULL,'Ferring szimpózium',NULL,'Üléselnök: Miheller Pál','2020-03-06 11:30:00','2020-03-06 12:00:00',1,0,2),(5,3,NULL,5,NULL,'Takeda szimpózium',NULL,'Moderátor: Palatka Károly','2020-03-06 12:00:00','2020-03-06 12:30:00',1,0,2),(6,3,NULL,6,NULL,'Ebédszünet',NULL,NULL,'2020-03-06 12:30:00','2020-03-06 13:30:00',1,0,2),(7,3,NULL,7,NULL,'KOLONOSZKÓPIA A NAPI RUTINTÓL A SIKERÉLMÉNYIG',NULL,'Üléselnök: Miheller Pál, Gurzó Zoltán','2020-03-06 13:30:00','2020-03-06 15:00:00',1,0,2),(8,3,NULL,8,NULL,'Kávészünet',NULL,NULL,'2020-03-06 15:30:00','2020-03-06 16:00:00',1,0,2),(9,3,NULL,9,NULL,'PRÓNAY EMLÉKELŐADÁS',NULL,'Novák János','2020-03-06 16:00:00','2020-03-06 16:45:00',1,0,2),(10,3,NULL,10,NULL,'Közgyűlés',NULL,'.','2020-03-06 16:45:00','2020-03-06 17:15:00',1,0,2),(11,3,NULL,11,NULL,'Takeda szimpózium – Percepció és valóság',NULL,'Üléselnök: Kristóf Tünde, Müllner Katalin','2020-03-06 17:15:00','2020-03-06 17:45:00',1,0,2),(12,3,NULL,12,NULL,'Fresenius szimpózium - Fenntartható anti-TNF-alfa kezelés gyulladásos bélbetegségekben',NULL,'Üléselnök: Molnár Tamás','2020-03-06 17:45:00','2020-03-06 18:15:00',1,0,2),(13,3,NULL,13,NULL,'Szabadon bejelentett előadások',NULL,'Üléselnök: Orosz Péter, Szamosi Tamás','2020-03-07 08:30:00','2020-03-07 10:00:00',1,0,2),(15,3,NULL,15,NULL,'ALSÓ TÁPCSATORNAI BETEGSÉGEK ÉS BEAVATKOZÁSOK SZÖVŐDMÉNYEI',NULL,'Üléselnök: Sarlós Patrícia, Kristóf Tünde, Altorjay István','2020-03-07 10:00:00','2020-03-07 11:30:00',1,0,2),(16,3,NULL,16,NULL,'Kávészünet',NULL,NULL,'2020-03-07 11:30:00','2020-03-07 12:00:00',1,0,2),(17,3,NULL,17,NULL,'Phytotec szimpózium',NULL,'Üléselnök: Varga Márta','2020-03-07 12:00:00','2020-03-07 12:30:00',1,0,2),(18,3,NULL,18,NULL,'Tesztírás, konferencia zárása',NULL,NULL,'2020-03-07 13:45:00','2020-03-07 14:00:00',1,0,2),(19,3,NULL,19,NULL,'Ebéd',NULL,NULL,'2020-03-07 14:00:00','2020-03-07 15:00:00',1,0,2),(20,3,NULL,20,NULL,'AZ IBD BIOLÓGIAI TERÁPIÁJÁNAK LEGÚJABB FINANSZÍROZÁSI PROTOKOLLJA',NULL,'Molnár Tamás','2020-03-07 13:00:00','2020-03-07 13:30:00',1,0,2),(21,3,NULL,21,NULL,'A 2020. ÉVI ÚJSZÁSZY DÍJ ÁTADÁSA',NULL,NULL,'2020-03-07 13:30:00','2020-03-07 13:45:00',1,0,2),(22,3,NULL,22,NULL,'Hibák és buktatók a vastagbélrákszűrő programban – gyakorlati útmutató',NULL,'Szepes Zoltán','2020-03-06 15:00:00','2020-03-06 15:15:00',1,0,2),(23,3,NULL,23,NULL,'CRC szűrési stratégia Kanadában',NULL,'Lakatos Péter László','2020-03-06 15:15:00','2020-03-06 15:30:00',1,0,2),(24,4,NULL,24,NULL,'Skill I. - Szeptikus láb sebészete',NULL,'Moderátor: Mező Róbert','2020-03-27 09:00:00','2020-03-27 12:00:00',1,0,2),(25,4,NULL,25,NULL,'Skill II. - Laparoscopos training',NULL,'Moderátor: Szabó Zoltán','2020-03-27 09:00:00','2020-03-27 12:00:00',1,0,2),(26,4,NULL,26,NULL,'Skill III. - Stomaterápia',NULL,'Moderátor: Bercsényi Anna, Kákonyiné Katalin','2020-03-27 09:00:00','2020-03-27 12:00:00',1,0,2),(27,4,NULL,27,NULL,'Sebfertőzések',NULL,'Üléselnök:','2020-03-27 14:15:00','2020-03-27 15:45:00',1,0,2),(28,4,NULL,28,NULL,'Megnyitó, köszöntő',NULL,NULL,'2020-03-27 14:00:00','2020-03-27 14:15:00',1,0,2),(29,4,NULL,29,NULL,'Ebédszünet',NULL,NULL,'2020-03-27 12:00:00','2020-03-27 14:00:00',1,0,2),(30,4,NULL,30,NULL,'Interaktív esetbemutatások (7+3 perc)',NULL,'Üléselnök:','2020-03-27 16:10:00','2020-03-27 18:10:00',1,0,2),(31,4,NULL,31,NULL,'Konszenzus konferenciák sebészi vonatkozásainak diszkussziója',NULL,'Szijártó Attila, Győry Ferenc','2020-03-28 10:00:00','2020-03-28 11:30:00',1,0,2),(32,4,NULL,32,NULL,'A végbélrák minimálisan invazív kezelési lehetőségei',NULL,'Üléselnök:','2020-03-28 13:00:00','2020-03-28 15:30:00',1,0,2),(33,4,NULL,33,NULL,'A nyelőcső és cardiat motilitászavarainak gasztroenterológiai és sebészi vonatkozásai',NULL,'Üléselnök:','2020-03-29 09:00:00','2020-03-29 11:00:00',1,0,2),(34,4,NULL,34,NULL,'Regisztráció',NULL,NULL,'2020-03-27 08:30:00','2020-03-27 18:00:00',1,0,2),(35,4,NULL,35,NULL,'Regisztráció',NULL,NULL,'2020-03-28 08:30:00','2020-03-28 18:00:00',1,0,2),(36,4,NULL,36,NULL,'Regisztráció',NULL,NULL,'2020-03-29 08:30:00','2020-03-29 12:00:00',1,0,2),(37,4,NULL,37,NULL,'Poszter szekció',NULL,'Moderátor:','2020-03-27 18:20:00','2020-03-27 19:20:00',1,0,2),(38,4,NULL,38,NULL,'Interaktív esetbemutatások (7+3 perc)',NULL,NULL,'2020-03-28 16:00:00','2020-03-28 18:00:00',1,0,2),(39,4,NULL,39,NULL,'Poszter szekció',NULL,'Moderátor:','2020-03-28 18:10:00','2020-03-28 19:10:00',1,0,2),(40,4,NULL,40,NULL,'Interaktív esetbemutatások (7+3 perc)',NULL,'Üléselnök:','2020-03-29 11:30:00','2020-03-29 13:10:00',1,0,2),(41,4,NULL,41,NULL,'Műtősasszisztensi szekció',NULL,'Üléselnök:','2020-03-28 09:00:00','2020-03-28 10:00:00',1,0,2),(42,4,NULL,42,NULL,'Ebédszünet',NULL,NULL,'2020-03-28 12:00:00','2020-03-28 13:00:00',1,0,2),(43,4,NULL,43,NULL,'Tesztírás, konferencia zárása',NULL,NULL,'2020-03-29 13:10:00','2020-03-29 13:30:00',1,0,2),(44,4,NULL,44,NULL,'Ebéd',NULL,NULL,'2020-03-29 13:30:00','2020-03-29 14:30:00',1,0,2),(45,3,NULL,45,NULL,'Janssen szimpózium',NULL,'Üléselnök: Kristóf Tünde','2020-03-07 12:30:00','2020-03-07 13:00:00',1,0,2),(46,4,NULL,46,NULL,'Skill IV. - Prevenció és Infekciókontroll innovatív megoldásai (műtéti beavatkozás ideje alatt és azt követően)',NULL,'Moderátor: Dr. Pécsi Örs Dániel (Sopron)','2020-03-27 09:00:00','2020-03-27 12:00:00',1,0,2);

--
-- Table structure for table `PresentationType`
--

CREATE TABLE `PresentationType` (
  `id` int(11) NOT NULL AUTO_INCREMENT,
  `name` varchar(100) COLLATE utf8_unicode_ci NOT NULL,
  PRIMARY KEY (`id`)
) ENGINE=InnoDB AUTO_INCREMENT=3 DEFAULT CHARSET=utf8 COLLATE=utf8_unicode_ci;

--
-- Dumping data for table `PresentationType`
--

INSERT INTO `PresentationType` VALUES (1,'Szóbeli prezentáció'),(2,'Poszter');

--
-- Table structure for table `PurchaseOrder`
--

CREATE TABLE `PurchaseOrder` (
  `id` int(11) NOT NULL AUTO_INCREMENT,
  `customer_id` int(11) DEFAULT NULL,
  `reference_number` varchar(255) COLLATE utf8_unicode_ci NOT NULL,
  `date` date NOT NULL,
  PRIMARY KEY (`id`),
  KEY `IDX_AA004F119395C3F3` (`customer_id`),
  CONSTRAINT `FK_AA004F119395C3F3` FOREIGN KEY (`customer_id`) REFERENCES `Customer` (`id`)
) ENGINE=InnoDB DEFAULT CHARSET=utf8 COLLATE=utf8_unicode_ci;

--
-- Dumping data for table `PurchaseOrder`
--


--
-- Table structure for table `Quiz`
--

CREATE TABLE `Quiz` (
  `id` int(11) NOT NULL AUTO_INCREMENT,
  `event_id` int(11) DEFAULT NULL,
  `name` varchar(255) COLLATE utf8_unicode_ci NOT NULL,
  `description` longtext COLLATE utf8_unicode_ci,
  `minutes` int(11) NOT NULL,
  PRIMARY KEY (`id`),
  KEY `IDX_42055AC71F7E88B` (`event_id`),
  CONSTRAINT `FK_42055AC71F7E88B` FOREIGN KEY (`event_id`) REFERENCES `Event` (`id`)
) ENGINE=InnoDB DEFAULT CHARSET=utf8 COLLATE=utf8_unicode_ci;

--
-- Dumping data for table `Quiz`
--


--
-- Table structure for table `QuizAnswer`
--

CREATE TABLE `QuizAnswer` (
  `id` int(11) NOT NULL AUTO_INCREMENT,
  `question_id` int(11) DEFAULT NULL,
  `name` varchar(255) COLLATE utf8_unicode_ci NOT NULL,
  `is_correct` tinyint(1) NOT NULL,
  PRIMARY KEY (`id`),
  KEY `IDX_E467D9DF1E27F6BF` (`question_id`),
  CONSTRAINT `FK_E467D9DF1E27F6BF` FOREIGN KEY (`question_id`) REFERENCES `QuizQuestion` (`id`)
) ENGINE=InnoDB DEFAULT CHARSET=utf8 COLLATE=utf8_unicode_ci;

--
-- Dumping data for table `QuizAnswer`
--


--
-- Table structure for table `QuizQuestion`
--

CREATE TABLE `QuizQuestion` (
  `id` int(11) NOT NULL AUTO_INCREMENT,
  `quiz_id` int(11) DEFAULT NULL,
  `name` varchar(255) COLLATE utf8_unicode_ci NOT NULL,
  PRIMARY KEY (`id`),
  KEY `IDX_31A2BC3D853CD175` (`quiz_id`),
  CONSTRAINT `FK_31A2BC3D853CD175` FOREIGN KEY (`quiz_id`) REFERENCES `Quiz` (`id`)
) ENGINE=InnoDB DEFAULT CHARSET=utf8 COLLATE=utf8_unicode_ci;

--
-- Dumping data for table `QuizQuestion`
--


--
-- Table structure for table `QuizResult`
--

CREATE TABLE `QuizResult` (
  `id` int(11) NOT NULL AUTO_INCREMENT,
  `name` varchar(255) COLLATE utf8_unicode_ci NOT NULL,
  `identification` varchar(50) COLLATE utf8_unicode_ci NOT NULL,
  `email` varchar(255) COLLATE utf8_unicode_ci NOT NULL,
  `result` longtext COLLATE utf8_unicode_ci NOT NULL,
  PRIMARY KEY (`id`)
) ENGINE=InnoDB DEFAULT CHARSET=utf8 COLLATE=utf8_unicode_ci;

--
-- Dumping data for table `QuizResult`
--


--
-- Table structure for table `RegistrantType`
--

CREATE TABLE `RegistrantType` (
  `id` int(11) NOT NULL AUTO_INCREMENT,
  `name` varchar(255) COLLATE utf8_unicode_ci NOT NULL,
  PRIMARY KEY (`id`)
) ENGINE=InnoDB AUTO_INCREMENT=98 DEFAULT CHARSET=utf8 COLLATE=utf8_unicode_ci;

--
-- Dumping data for table `RegistrantType`
--

INSERT INTO `RegistrantType` VALUES (1,'ESPGHAN members'),(2,'Non members'),(3,'Orvos'),(4,'Szakdolgozó, asszisztens'),(5,'Cégképviselő'),(6,'Napijegy'),(7,'Orvostanhallgató (hallgatói jogviszony igazolása esetén)'),(8,'Nyugdíjas'),(9,'FISESZ tag (40 év alatti)'),(10,'FISESZ pártoló tag (40 év feletti)'),(11,'Nem tag'),(12,'Kiállító'),(13,'FIGAMU tag (40 év alatti)'),(14,'FIGAMU pártoló tag (40 év feletti)'),(15,'MAGYOT tag'),(17,'Szakdolgozó'),(18,'MGYT Tag - 35 év alatt'),(19,'MGYT Tag - 35 év felett'),(20,'Nem MGYT Tag'),(22,'Rezidens'),(23,'Szakdolgozó'),(24,'MGYGT tag (befizetett tagdíj esetén)'),(25,'Nem MGYGT tag'),(26,'Nappali PhD hallgató (hallgatói jogviszony igazolása esetén)'),(27,'Orvos MMTT tag'),(28,'Orvos nem MMTT tag'),(29,'Gyógyszerész'),(30,'Dietetikus'),(31,'Asszisztens'),(32,'Kísérő'),(33,'Hivatásukat nem gyakorló nyugdíjasok'),(34,'35 év alatti orvos'),(35,'35 év feletti orvos'),(36,'Diplomás MST tag'),(37,'35 év alatti Diplomás MST tag'),(38,'Asszisztens MST tag'),(40,'Gasztroenterológus szakorvos jelölt'),(41,'Endoszkópos szakasszisztens'),(42,'Előadó'),(43,'Vezetőségi tag'),(44,'Registration fee'),(45,'Reduced registration fee for members of MGT, MGYT, and medical assistants'),(46,'Registration fee for members of HUPIR'),(49,'Egyéni regisztráció'),(50,'Közszférában dolgozók részére  (nem META tag) 2 napos regisztráció'),(51,'Közszférában dolgozók részére  (META tag) 2 napos regisztráció'),(52,'Versenyszférában dolgozók részére  (nem META tag) 2 napos regisztráció'),(53,'Nappali tagozatos egyetemisták részére  (nem META tag) 2 napos regisztráció'),(54,'Nappali tagozatos egyetemisták részére  (META tag) 2 napos regisztráció'),(55,'Közszférában dolgozók részére  (nem META tag) 1 napos regisztráció (2018.05.09.)'),(56,'Közszférában dolgozók részére  (nem META tag) 1 napos regisztráció (2018.05.10.)'),(57,'Közszférában dolgozók részére  (META tag) 1 napos regisztráció (2018.05.09.)'),(58,'Közszférában dolgozók részére  (META tag) 1 napos regisztráció (2018.05.10.)'),(59,'Versenyszférában dolgozók részére  (nem META tag) 1 napos regisztráció (2018.05.09.)'),(60,'Versenyszférában dolgozók részére  (nem META tag) 1 napos regisztráció (2018.05.10.)'),(61,'Nappali tagozatos egyetemisták részére  (nem META tag) 1 napos regisztráció (2018.05.09.)'),(62,'Nappali tagozatos egyetemisták részére  (nem META tag) 1 napos regisztráció (2018.05.10.)'),(63,'Nappali tagozatos egyetemisták részére  (META tag) 1 napos regisztráció (2018.05.09.)'),(64,'Nappali tagozatos egyetemisták részére  (META tag) 1 napos regisztráció (2018.05.10.)'),(65,'Versenyszférában dolgozók részére  (META tag) 2 napos regisztráció'),(66,'Versenyszférában dolgozók részére  (META tag) 1 napos regisztráció (2018.05.09.)'),(67,'Versenyszférában dolgozók részére  (META tag) 1 napos regisztráció (2018.05.10.)'),(68,'Napijegy - 2018. május 17.'),(69,'Nem MGYT Tag - 35 év alatt'),(70,'Nem MGYT Tag - 35 év felett'),(71,'Részvételi díj'),(72,'Díjmentes regisztráció'),(74,'30 év alatti orvos - díjmentes regisztráció'),(75,'Napi regisztráció (2020. január 31.)'),(76,'Napi regisztráció (2020. február 1.)'),(77,'Közszférában dolgozók részére  (nem META tag)'),(78,'Közszférában dolgozók részére  (META tag)'),(79,'Versenyszférában dolgozók részére  (nem META tag)'),(80,'Versenyszférában dolgozók részére  (META tag)'),(81,'Nappali tagozatos egyetemisták részére  (META tag)'),(82,'Nappali tagozatos egyetemisták részére  (nem META tag)'),(83,'Nyugdíjasok részére (nem META tag)'),(84,'Nyugdíjasok részére (META tag)'),(85,'HGYE tag*'),(86,'nem HGYE tag'),(87,'Rezidens/szakorvos jelölt'),(88,'Védőnő'),(89,'Felkért előadó'),(90,'Medical student'),(91,'AEPC junior member'),(92,'AEPC member'),(93,'non AEPC member'),(94,'Egyedi kedvezményes regisztráció'),(95,'Faculty member'),(96,'Regisztráció'),(97,'Colon Szekció tag');

--
-- Table structure for table `RegistrantTypeEvent`
--

CREATE TABLE `RegistrantTypeEvent` (
  `id` int(11) NOT NULL AUTO_INCREMENT,
  `registranttype_id` int(11) DEFAULT NULL,
  `event_id` int(11) DEFAULT NULL,
  `price_before` int(11) NOT NULL,
  `price_after` int(11) NOT NULL,
  `price_included_dining` int(11) NOT NULL,
  `position` int(11) NOT NULL,
  `need_membership` tinyint(1) NOT NULL,
  `hidden` tinyint(1) NOT NULL,
  PRIMARY KEY (`id`),
  KEY `IDX_208AE2559D497D04` (`registranttype_id`),
  KEY `IDX_208AE25571F7E88B` (`event_id`),
  CONSTRAINT `FK_208AE25571F7E88B` FOREIGN KEY (`event_id`) REFERENCES `Event` (`id`),
  CONSTRAINT `FK_208AE2559D497D04` FOREIGN KEY (`registranttype_id`) REFERENCES `RegistrantType` (`id`)
) ENGINE=InnoDB AUTO_INCREMENT=36 DEFAULT CHARSET=utf8 COLLATE=utf8_unicode_ci;

--
-- Dumping data for table `RegistrantTypeEvent`
--

INSERT INTO `RegistrantTypeEvent` VALUES (1,96,1,30000,30000,2000,1,0,0),(2,96,2,30000,30000,2000,1,0,0),(3,97,3,30000,35000,7600,1,0,0),(4,11,3,35000,40000,7600,2,0,0),(5,5,3,35000,40000,7600,3,0,0),(6,4,3,25000,30000,7600,4,0,0),(7,6,3,20000,20000,0,5,0,0),(8,7,3,0,0,0,6,0,0),(9,33,3,0,0,0,7,0,0),(10,9,4,0,8000,1350,1,0,0),(11,10,4,8000,12000,1350,2,0,0),(12,11,4,15000,18000,1350,3,0,0),(13,5,4,18000,23000,1350,4,0,0),(14,4,4,0,0,0,5,0,0),(15,7,4,0,0,0,6,0,0),(16,33,4,0,0,0,7,0,0),(17,13,5,0,8000,1350,1,0,0),(18,14,5,8000,12000,1350,2,0,0),(19,11,5,15000,18000,1350,3,0,0),(20,5,5,18000,23000,1350,4,0,0),(21,4,5,0,0,0,5,0,0),(22,7,5,0,0,0,6,0,0),(23,33,5,0,0,0,7,0,0),(24,72,5,0,0,0,8,0,1),(25,72,3,0,0,0,8,0,1),(26,72,4,0,0,0,8,0,1),(27,27,6,20000,25000,0,1,0,0),(28,28,6,25000,30000,0,2,0,0),(29,29,6,20000,25000,0,3,0,0),(30,30,6,15000,20000,0,4,0,0),(31,4,6,15000,20000,0,5,0,0),(32,5,6,25000,30000,0,6,0,0),(33,32,6,15000,15000,0,7,0,0),(34,6,6,15000,15000,0,8,0,0),(35,7,6,0,0,0,9,0,0);

--
-- Table structure for table `Room`
--

CREATE TABLE `Room` (
  `id` int(11) NOT NULL AUTO_INCREMENT,
  `event_id` int(11) DEFAULT NULL,
  `roomtype_id` int(11) DEFAULT NULL,
  `accomodation_id` int(11) DEFAULT NULL,
  `price` double NOT NULL,
  `extra_price` double DEFAULT NULL,
  `number_of_beds` int(11) NOT NULL,
  `total_number` int(11) NOT NULL,
  `price_included_dining` int(11) NOT NULL,
  `status` tinyint(1) NOT NULL,
  `hidden` tinyint(1) NOT NULL,
  `breakfastType_id` int(11) DEFAULT NULL,
  PRIMARY KEY (`id`),
  KEY `IDX_D2ADFEA571F7E88B` (`event_id`),
  KEY `IDX_D2ADFEA57D31ADD1` (`roomtype_id`),
  KEY `IDX_D2ADFEA58EB69B2B` (`breakfastType_id`),
  KEY `IDX_D2ADFEA5FD70509C` (`accomodation_id`),
  CONSTRAINT `FK_D2ADFEA571F7E88B` FOREIGN KEY (`event_id`) REFERENCES `Event` (`id`),
  CONSTRAINT `FK_D2ADFEA57D31ADD1` FOREIGN KEY (`roomtype_id`) REFERENCES `RoomType` (`id`),
  CONSTRAINT `FK_D2ADFEA58EB69B2B` FOREIGN KEY (`breakfastType_id`) REFERENCES `BreakfastType` (`id`),
  CONSTRAINT `FK_D2ADFEA5FD70509C` FOREIGN KEY (`accomodation_id`) REFERENCES `Accomodation` (`id`)
) ENGINE=InnoDB AUTO_INCREMENT=27 DEFAULT CHARSET=utf8 COLLATE=utf8_unicode_ci;

--
-- Dumping data for table `Room`
--

INSERT INTO `Room` VALUES (1,1,11,92,27000,0,1,100,0,1,0,NULL),(2,1,12,92,19000,0,2,100,0,1,0,NULL),(3,2,11,1,26000,0,1,100,0,1,0,NULL),(4,2,12,1,16000,0,2,100,0,1,0,NULL),(5,3,11,57,27000,NULL,1,10,0,1,0,NULL),(6,3,12,57,18000,NULL,2,10,0,1,0,NULL),(7,4,9,24,31000,NULL,1,15,7600,1,0,NULL),(8,4,10,24,23000,NULL,2,10,7600,1,0,NULL),(9,4,9,11,27000,NULL,1,1,7600,1,0,NULL),(10,4,10,11,21000,NULL,2,1,7600,1,0,NULL),(11,4,9,12,28500,NULL,1,1,7600,1,0,NULL),(12,4,10,12,23000,NULL,2,1,7600,1,0,NULL),(13,4,9,68,31000,NULL,1,3,7600,1,0,NULL),(14,4,10,68,24000,NULL,2,3,7600,1,0,NULL),(15,4,10,49,24000,NULL,0,0,7600,1,0,NULL),(16,5,9,24,31000,NULL,1,10,7600,1,0,NULL),(17,5,10,24,23000,NULL,2,10,7600,1,0,NULL),(18,5,9,11,27000,NULL,1,1,7600,1,0,NULL),(19,5,10,11,21000,NULL,2,1,7600,1,0,NULL),(20,5,9,12,28500,NULL,1,1,7600,1,0,NULL),(21,5,10,12,23000,NULL,2,1,7600,1,0,NULL),(22,5,9,41,25000,NULL,1,1,7600,1,0,NULL),(23,5,10,41,19000,NULL,2,1,7600,1,0,NULL),(24,5,10,49,24000,NULL,0,0,7600,1,0,NULL),(25,6,9,57,33500,0,1,100,0,1,0,NULL),(26,6,10,57,22500,0,2,60,0,1,0,NULL);

--
-- Table structure for table `RoomMate`
--

CREATE TABLE `RoomMate` (
  `id` int(11) NOT NULL AUTO_INCREMENT,
  `name` varchar(100) COLLATE utf8_unicode_ci NOT NULL,
  `roomReservation_id` int(11) DEFAULT NULL,
  `eventRegistration_id` int(11) DEFAULT NULL,
  PRIMARY KEY (`id`),
  UNIQUE KEY `UNIQ_C13F117FB3B61FF7` (`roomReservation_id`),
  UNIQUE KEY `UNIQ_C13F117F8C55A21` (`eventRegistration_id`),
  CONSTRAINT `FK_C13F117F8C55A21` FOREIGN KEY (`eventRegistration_id`) REFERENCES `EventRegistration` (`id`),
  CONSTRAINT `FK_C13F117FB3B61FF7` FOREIGN KEY (`roomReservation_id`) REFERENCES `RoomReservation` (`id`)
) ENGINE=InnoDB DEFAULT CHARSET=utf8 COLLATE=utf8_unicode_ci;

--
-- Dumping data for table `RoomMate`
--


--
-- Table structure for table `RoomReservation`
--

CREATE TABLE `RoomReservation` (
  `id` int(11) NOT NULL AUTO_INCREMENT,
  `room_id` int(11) DEFAULT NULL,
  `parent_id` int(11) DEFAULT NULL,
  `persons` smallint(6) DEFAULT NULL,
  `check_in` date DEFAULT NULL,
  `check_out` date DEFAULT NULL,
  `roommate` varchar(255) COLLATE utf8_unicode_ci DEFAULT NULL,
  `hidden` tinyint(1) NOT NULL,
  `eventRegistration_id` int(11) DEFAULT NULL,
  PRIMARY KEY (`id`),
  UNIQUE KEY `UNIQ_1B2878788C55A21` (`eventRegistration_id`),
  KEY `IDX_1B28787854177093` (`room_id`),
  KEY `IDX_1B287878727ACA70` (`parent_id`),
  CONSTRAINT `FK_1B28787854177093` FOREIGN KEY (`room_id`) REFERENCES `Room` (`id`),
  CONSTRAINT `FK_1B287878727ACA70` FOREIGN KEY (`parent_id`) REFERENCES `RoomReservation` (`id`),
  CONSTRAINT `FK_1B2878788C55A21` FOREIGN KEY (`eventRegistration_id`) REFERENCES `EventRegistration` (`id`)
) ENGINE=InnoDB AUTO_INCREMENT=697 DEFAULT CHARSET=utf8 COLLATE=utf8_unicode_ci;

--
-- Dumping data for table `RoomReservation`
--

INSERT INTO `RoomReservation` VALUES (1,1,NULL,1,'2019-11-08','2019-11-09',NULL,0,1),(2,1,NULL,1,'2019-11-08','2019-11-09',NULL,0,2),(3,1,NULL,1,'2019-11-08','2019-11-09',NULL,0,3),(4,1,NULL,1,'2019-11-08','2019-11-09',NULL,0,4),(5,3,NULL,1,'2019-11-15','2019-11-16',NULL,0,5),(6,NULL,NULL,1,'2019-11-15','2019-11-16',NULL,0,6),(7,NULL,NULL,1,'2019-11-15','2019-11-16',NULL,0,7),(8,4,NULL,1,'2019-11-15','2019-11-16',NULL,0,8),(9,3,NULL,1,'2019-11-15','2019-11-16',NULL,0,9),(10,6,NULL,1,'2020-03-06','2020-03-07','jxg hkfdh',0,10),(11,5,NULL,1,'2020-03-05','2020-03-07',NULL,0,11),(12,5,NULL,1,'2020-03-06','2020-03-07',NULL,0,12),(13,17,NULL,1,'2020-03-27','2020-03-29',NULL,0,13),(14,24,NULL,1,'2020-03-27','2020-03-29',NULL,0,14),(15,16,NULL,1,'2020-03-27','2020-03-29','Nincs',0,15),(16,NULL,NULL,1,'2020-03-27','2020-03-29',NULL,0,16),(17,NULL,NULL,1,NULL,NULL,'Nincs',0,17),(18,14,NULL,1,'2020-03-27','2020-03-29','jhkk',0,18),(19,6,37,1,'2020-03-06','2020-03-07','Both Katalin',0,19),(20,17,NULL,1,'2020-03-27','2020-03-29','Dr. Papp Veronika',0,20),(21,NULL,NULL,1,'2020-03-27','2020-03-29',NULL,0,21),(22,17,NULL,1,'2020-03-27','2020-03-28','Balogh Erika',0,22),(23,17,NULL,1,'2020-03-27','2020-03-28','Dudlák Melinda',0,23),(24,17,22,1,'2020-03-27','2020-03-28','Simoradik Gyöngyi',0,24),(25,16,NULL,1,'2020-03-27','2020-03-28',NULL,0,25),(26,16,NULL,1,'2020-03-27','2020-03-28',NULL,0,26),(27,16,NULL,1,'2020-03-27','2020-03-28',NULL,0,27),(28,NULL,NULL,0,NULL,NULL,NULL,0,28),(29,16,NULL,1,'2020-03-27','2020-03-29',NULL,0,29),(30,NULL,NULL,1,'2020-03-06','2020-03-07',NULL,0,30),(31,NULL,NULL,1,'2020-03-06','2020-03-07',NULL,0,31),(32,NULL,NULL,1,'2020-03-06','2020-03-07',NULL,0,32),(33,17,34,1,'2020-03-27','2020-03-29','Dr Franka János',0,33),(34,17,NULL,1,'2020-03-27','2020-03-29','Dr. Csontos Ágnes Anna',0,34),(35,NULL,NULL,1,'2020-03-06','2020-03-07',NULL,0,35),(36,NULL,NULL,1,'2020-03-27','2020-03-29',NULL,0,36),(37,6,NULL,1,'2020-03-06','2020-03-07','Durst-Regős Zsanett',0,37),(38,5,NULL,1,'2020-03-06','2020-03-07',NULL,0,38),(39,NULL,NULL,1,'2020-03-06','2020-03-07',NULL,0,39),(40,5,NULL,1,'2020-03-06','2020-03-07',NULL,0,40),(41,5,NULL,1,'2020-03-06','2020-03-07',NULL,0,41),(42,5,NULL,1,'2020-03-06','2020-03-07',NULL,0,42),(43,16,NULL,1,'2020-03-27','2020-03-29',NULL,0,43),(44,NULL,NULL,1,'2020-03-27','2020-03-29',NULL,0,44),(45,NULL,NULL,1,'2020-03-27','2020-03-29',NULL,0,45),(46,17,47,1,'2020-03-27','2020-03-29','Vági Orsolya',0,46),(47,17,NULL,1,'2020-03-27','2020-03-29','dr. Domján Beatrix',0,47),(48,NULL,NULL,1,'2020-03-27','2020-03-29',NULL,0,48),(49,7,NULL,1,'2020-03-27','2020-03-29','-',0,49),(50,7,NULL,1,'2020-03-27','2020-03-29',NULL,0,50),(51,8,265,1,'2020-03-27','2020-03-29','Farkas Katalin',0,51),(52,NULL,NULL,1,'2020-03-27','2020-03-29',NULL,0,52),(53,7,NULL,1,'2020-03-27','2020-03-29',NULL,0,53),(54,8,86,1,'2020-03-27','2020-03-29','Dr Kovács Éva Lilla',0,54),(55,NULL,NULL,1,'2020-03-27','2020-03-29',NULL,0,55),(56,7,NULL,1,'2020-03-27','2020-03-29',NULL,0,56),(57,6,NULL,1,'2020-03-06','2020-03-07','Papp Csilla',0,57),(58,6,57,1,'2020-03-06','2020-03-07','Laki Krisztna',0,58),(59,5,NULL,1,'2020-03-06','2020-03-07',NULL,0,59),(60,5,NULL,1,'2020-03-06','2020-03-07',NULL,0,60),(61,9,NULL,1,'2020-03-27','2020-03-29',NULL,0,61),(62,6,NULL,1,'2020-03-06','2020-03-07','Dr.Demeter Pál-al egy szobában',0,62),(63,5,NULL,1,'2020-03-06','2020-03-07',NULL,0,63),(64,6,NULL,1,'2020-03-06','2020-03-07','Dr.Demeter Pál-al egy szobában',0,64),(65,17,NULL,1,'2020-03-27','2020-03-29','Papp Csilla',0,65),(66,17,65,1,'2020-03-27','2020-03-29','Laki Krisztna',0,66),(67,16,NULL,1,'2020-03-27','2020-03-29',NULL,0,67),(68,16,NULL,1,'2020-03-27','2020-03-29',NULL,0,68),(69,5,NULL,1,'2020-03-06','2020-03-07',NULL,0,69),(70,5,NULL,1,'2020-03-06','2020-03-07',NULL,0,70),(71,7,NULL,1,'2020-03-27','2020-03-29',NULL,0,71),(72,7,NULL,1,'2020-03-27','2020-03-29',NULL,0,72),(73,17,NULL,1,'2020-03-27','2020-03-29',NULL,0,73),(74,5,NULL,1,'2020-03-06','2020-03-07',NULL,0,74),(75,7,NULL,1,'2020-03-27','2020-03-29',NULL,0,75),(76,17,NULL,1,'2020-03-27','2020-03-29',NULL,0,76),(77,16,NULL,1,'2020-03-27','2020-03-29',NULL,0,77),(78,16,NULL,1,'2020-03-27','2020-03-29',NULL,0,78),(79,16,NULL,1,'2020-03-27','2020-03-29',NULL,0,79),(80,NULL,NULL,1,'2020-03-27','2020-03-29',NULL,0,80),(81,6,NULL,2,'2020-03-05','2020-03-07','Vad Ildikó /Késérő/   panorámás  szoba!!!',0,81),(82,NULL,NULL,1,'2020-03-06','2020-03-06',NULL,0,82),(83,5,NULL,1,'2020-03-05','2020-03-07',NULL,0,83),(84,5,NULL,1,'2020-03-06','2020-03-07',NULL,0,84),(85,NULL,NULL,1,'2020-03-27','2020-03-29',NULL,0,85),(86,8,NULL,1,'2020-03-27','2020-03-29','Dr. Varga Petra',0,86),(87,5,NULL,1,'2020-03-05','2020-03-07',NULL,0,87),(88,16,NULL,1,'2020-03-27','2020-03-29',NULL,0,88),(89,7,NULL,1,'2020-03-27','2020-03-29',NULL,0,89),(90,6,NULL,1,'2020-03-05','2020-03-07','Svébis Márk',0,90),(91,NULL,NULL,1,'2020-03-27','2020-03-29',NULL,0,91),(92,7,NULL,1,'2020-03-27','2020-03-28',NULL,0,92),(93,NULL,NULL,1,'2020-03-28','2020-03-28',NULL,0,93),(94,16,NULL,1,'2020-03-27','2020-03-29',NULL,0,94),(95,17,NULL,1,'2020-03-27','2020-03-28',NULL,0,95),(96,5,NULL,1,'2020-03-06','2020-03-07',NULL,0,96),(97,7,NULL,1,'2020-03-27','2020-03-29',NULL,0,97),(98,NULL,NULL,1,'2020-03-27','2020-03-29',NULL,0,98),(99,6,241,1,'2020-03-05','2020-03-07','Mikó Alexandra',0,99),(100,NULL,NULL,1,'2020-03-27','2020-03-29',NULL,0,100),(101,NULL,NULL,1,'2020-03-27','2020-03-29',NULL,0,101),(102,7,NULL,1,'2020-03-27','2020-03-29',NULL,0,102),(103,NULL,NULL,1,'2020-03-27','2020-03-29',NULL,0,103),(104,7,NULL,1,'2020-03-27','2020-03-29',NULL,0,104),(105,17,NULL,1,'2020-03-27','2020-03-29','Dr. Balogh Izolda',0,105),(106,17,105,1,'2020-03-27','2020-03-29','Dr. Sepsi Balázs',0,106),(107,NULL,NULL,1,'2020-03-27','2020-03-29',NULL,0,107),(108,17,109,1,'2020-03-27','2020-03-29','Dr Virág Alexandra',0,108),(109,17,NULL,1,'2020-03-27','2020-03-29','Dr Suga Boglárka',0,109),(110,17,111,1,'2020-03-27','2020-03-29','Dr. Hajdu Helga',0,110),(111,17,NULL,1,'2020-03-27','2020-03-29','Dr Weiszenberger Orsolya',0,111),(112,NULL,NULL,1,'2020-03-27','2020-03-29',NULL,0,112),(113,NULL,NULL,1,'2020-03-27','2020-03-29',NULL,0,113),(114,7,NULL,1,'2020-03-27','2020-03-29',NULL,0,114),(115,7,NULL,1,'2020-03-27','2020-03-29',NULL,0,115),(116,7,NULL,1,'2020-03-27','2020-03-29',NULL,0,116),(117,7,NULL,1,'2020-03-27','2020-03-29',NULL,0,117),(118,6,NULL,1,'2020-03-05','2020-03-07','Udvarhelyi Gábor',0,118),(119,8,NULL,1,'2020-03-27','2020-03-28','Dr. Haulik László',0,119),(120,NULL,NULL,1,'2020-03-27','2020-03-29',NULL,0,120),(121,NULL,NULL,1,'2020-03-27','2020-03-29',NULL,0,121),(122,NULL,NULL,1,'2020-03-05','2020-03-07',NULL,0,122),(123,NULL,NULL,1,'2020-03-27','2020-03-29',NULL,0,123),(124,11,NULL,1,'2020-03-27','2020-03-29',NULL,0,124),(125,6,NULL,1,'2020-03-05','2020-03-07','Szabó Csaba, pici baba - babakád, babaágy!',0,125),(126,8,NULL,1,'2020-03-27','2020-03-29','Dr. Soós Péter',0,126),(127,NULL,NULL,1,'2020-03-27','2020-03-29',NULL,0,127),(128,8,126,1,'2020-03-27','2020-03-29','Dr. Halász Orsolya Bernadett',0,128),(129,NULL,NULL,1,'2020-03-06','2020-03-07',NULL,0,129),(130,NULL,NULL,1,'2020-03-27','2020-03-29',NULL,0,130),(131,NULL,NULL,1,'2020-03-27','2020-03-29',NULL,0,131),(132,NULL,NULL,1,'2020-03-27','2020-03-29',NULL,0,132),(133,NULL,NULL,1,'2020-03-27','2020-03-29',NULL,0,133),(134,9,NULL,1,'2020-03-27','2020-03-29',NULL,0,134),(135,NULL,NULL,1,'2020-03-27','2020-03-29',NULL,0,135),(136,7,NULL,1,'2020-03-27','2020-03-29',NULL,0,136),(137,7,NULL,1,'2020-03-27','2020-03-29',NULL,0,137),(138,7,NULL,1,'2020-03-27','2020-03-29',NULL,0,138),(139,7,NULL,1,'2020-03-27','2020-03-29',NULL,0,139),(140,6,118,1,'2020-03-05','2020-03-07','Bényi Zoltán',0,140),(141,6,NULL,1,'2020-03-05','2020-03-07','Farkas Alexandra',0,141),(142,NULL,NULL,1,'2020-03-27','2020-03-29',NULL,0,142),(143,7,NULL,1,'2020-03-27','2020-03-29',NULL,0,143),(144,17,NULL,1,'2020-03-27','2020-03-29',NULL,0,144),(145,17,NULL,1,'2020-03-27','2020-03-29','Pálinkás Dániel',0,145),(146,6,NULL,1,'2020-03-06','2020-03-08','Vakarcs Szilárd férj, Vakarcs Szabó Eszter gyermek',0,146),(147,16,NULL,1,'2020-03-27','2020-03-29',NULL,0,147),(148,16,NULL,1,'2020-03-27','2020-03-29',NULL,0,148),(149,16,NULL,1,'2020-03-27','2020-03-29',NULL,0,149),(150,16,NULL,1,'2020-03-27','2020-03-29',NULL,0,150),(151,16,NULL,1,'2020-03-27','2020-03-29',NULL,0,151),(152,16,NULL,1,'2020-03-27','2020-03-29',NULL,0,152),(153,16,NULL,1,'2020-03-27','2020-03-29',NULL,0,153),(154,16,NULL,1,'2020-03-27','2020-03-29',NULL,0,154),(155,16,NULL,1,'2020-03-27','2020-03-29',NULL,0,155),(156,16,NULL,1,'2020-03-27','2020-03-29',NULL,0,156),(157,16,NULL,1,'2020-03-27','2020-03-29',NULL,0,157),(158,16,NULL,1,'2020-03-27','2020-03-29',NULL,0,158),(159,16,NULL,1,'2020-03-27','2020-03-29',NULL,0,159),(160,16,NULL,1,'2020-03-27','2020-03-29',NULL,0,160),(161,16,NULL,1,'2020-03-27','2020-03-29',NULL,0,161),(162,16,NULL,1,'2020-03-27','2020-03-29',NULL,0,162),(163,16,NULL,1,'2020-03-27','2020-03-29',NULL,0,163),(164,16,NULL,1,'2020-03-27','2020-03-29',NULL,0,164),(165,16,NULL,1,'2020-03-27','2020-03-29',NULL,0,165),(166,16,NULL,1,'2020-03-27','2020-03-29',NULL,0,166),(167,16,NULL,1,'2020-03-27','2020-03-29',NULL,0,167),(168,16,NULL,1,'2020-03-27','2020-03-29',NULL,0,168),(169,16,NULL,1,'2020-03-27','2020-03-29',NULL,0,169),(170,16,NULL,1,'2020-03-27','2020-03-29',NULL,0,170),(171,16,NULL,1,'2020-03-27','2020-03-29',NULL,0,171),(172,16,NULL,1,'2020-03-27','2020-03-29',NULL,0,172),(173,8,NULL,1,'2020-03-27','2020-03-29','dr Tóth Gábor',0,173),(174,8,NULL,1,'2020-03-27','2020-03-29','Dr. Petrovics Laura',0,174),(175,8,NULL,1,'2020-03-27','2020-03-29','Tölgyes Tamás',0,175),(176,8,NULL,1,'2020-03-27','2020-03-29','Dr.  Csucska Máté',0,176),(177,NULL,NULL,1,'2020-03-27','2020-03-29',NULL,0,177),(178,7,NULL,1,'2020-03-27','2020-03-29',NULL,0,178),(179,8,NULL,1,'2020-03-27','2020-03-29','Dr. Hardi Péter',0,179),(180,8,179,1,'2020-03-27','2020-03-29','Dr. Nagy Tibor',0,180),(181,8,NULL,1,'2020-03-27','2020-03-29','Márton-Vörös Katalin',0,181),(182,8,181,1,'2020-03-27','2020-03-29','Dr. Bognár Laura',0,182),(183,6,141,1,'2020-03-05','2020-03-07','Szántó Kata',0,183),(184,8,176,1,'2020-03-27','2020-03-29','Dr. Kovács Balázs',0,184),(185,8,174,1,'2020-03-27','2020-03-29','Dr. Sindler Lili',0,185),(186,NULL,NULL,1,'2020-03-27','2020-03-29',NULL,0,186),(187,6,NULL,1,'2020-03-06','2020-03-07','Balogh Erika',0,187),(188,6,187,1,'2020-03-06','2020-03-07','Bíró Erika',0,188),(189,5,NULL,1,'2020-03-06','2020-03-07',NULL,0,189),(190,5,NULL,1,'2020-03-06','2020-03-07',NULL,0,190),(191,5,NULL,1,'2020-03-06','2020-03-07',NULL,0,191),(192,5,NULL,1,'2020-03-06','2020-03-07',NULL,0,192),(193,5,NULL,1,'2020-03-06','2020-03-07',NULL,0,193),(194,5,NULL,1,'2020-03-06','2020-03-07',NULL,0,194),(195,5,NULL,1,'2020-03-06','2020-03-07',NULL,0,195),(196,5,NULL,1,'2020-03-06','2020-03-07',NULL,0,196),(197,6,442,1,'2020-03-05','2020-03-07','Dr. Gönczi Lóránt (külön ágyas szoba lehetőség szerint)',0,197),(198,NULL,NULL,1,'2020-03-27','2020-03-29',NULL,0,198),(199,8,NULL,1,'2020-03-27','2020-03-29','Pázmándy Ágnes',0,199),(200,8,199,1,'2020-03-27','2020-03-29','Telek Vivien',0,200),(201,7,NULL,1,'2020-03-27','2020-03-29',NULL,0,201),(202,7,NULL,1,'2020-03-27','2020-03-29',NULL,0,202),(203,5,NULL,1,'2020-03-05','2020-03-07','Nincs',0,203),(204,5,NULL,1,'2020-03-06','2020-03-07',NULL,0,204),(205,7,NULL,1,'2020-03-27','2020-03-29',NULL,0,205),(206,NULL,NULL,1,'2020-03-27','2020-03-29',NULL,0,206),(207,8,NULL,1,'2020-03-27','2020-03-29','Dr Bártfay Noémi',0,207),(208,5,NULL,1,'2020-03-05','2020-03-07',NULL,0,208),(209,7,NULL,1,'2020-03-27','2020-03-29',NULL,0,209),(210,16,NULL,1,'2020-03-27','2020-03-28',NULL,0,210),(211,5,NULL,1,'2020-03-06','2020-03-07',NULL,0,211),(212,17,NULL,1,'2020-03-26','2020-03-28','Dr. Aszalós Szilvia',0,212),(213,17,212,1,'2020-03-26','2020-03-28','Dr. Csomor Krisztina',0,213),(214,5,NULL,1,'2020-03-06','2020-03-07',NULL,0,214),(215,17,246,1,'2020-03-27','2020-03-29','Marosvölgyi Katalin',0,215),(216,7,NULL,1,'2020-03-27','2020-03-28',NULL,0,216),(217,6,NULL,1,'2020-03-05','2020-03-07','Dr.Lőrincz Csaba',0,217),(218,6,217,1,'2020-03-05','2020-03-07','Dr. Czompa Diána',0,218),(219,5,NULL,1,'2020-03-05','2020-03-07',NULL,0,219),(220,6,NULL,1,'2020-03-06','2020-03-07','Hamvas Menczel Zsuzsanna',0,220),(221,NULL,NULL,1,'2020-03-06','2020-03-07','Hamvas József',0,221),(222,16,NULL,1,'2020-03-27','2020-03-29',NULL,0,222),(223,16,NULL,1,'2020-03-27','2020-03-29',NULL,0,223),(224,7,NULL,1,'2020-03-27','2020-03-29',NULL,0,224),(225,7,NULL,1,'2020-03-27','2020-03-29',NULL,0,225),(226,7,NULL,1,'2020-03-27','2020-03-29',NULL,0,226),(227,7,NULL,1,'2020-03-27','2020-03-29',NULL,0,227),(228,7,NULL,1,'2020-03-27','2020-03-29',NULL,0,228),(229,7,NULL,1,'2020-03-27','2020-03-29',NULL,0,229),(230,16,NULL,1,'2020-03-27','2020-03-29',NULL,0,230),(231,16,NULL,1,'2020-03-27','2020-03-29',NULL,0,231),(232,16,NULL,1,'2020-03-27','2020-03-29',NULL,0,232),(233,16,NULL,1,'2020-03-27','2020-03-29',NULL,0,233),(234,16,NULL,1,'2020-03-27','2020-03-29',NULL,0,234),(235,16,NULL,1,'2020-03-27','2020-03-29',NULL,0,235),(236,16,NULL,1,'2020-03-27','2020-03-29',NULL,0,236),(237,16,NULL,1,'2020-03-27','2020-03-29',NULL,0,237),(238,7,NULL,1,'2020-03-27','2020-03-29',NULL,0,238),(239,7,NULL,1,'2020-03-27','2020-03-29',NULL,0,239),(240,17,NULL,1,'2020-03-27','2020-03-29','Dr. Szemes Kata',0,240),(241,6,NULL,1,'2020-03-05','2020-03-07','Dr. Szemes Kata',0,241),(242,7,NULL,1,'2020-03-27','2020-03-29',NULL,0,242),(243,8,NULL,1,'2020-03-27','2020-03-29','Németh Karolina',0,243),(244,8,243,1,'2020-03-27','2020-03-29','Végi Bernadett',0,244),(245,NULL,NULL,1,'2020-03-27','2020-03-29',NULL,0,245),(246,17,NULL,1,'2020-03-28','2020-03-29','Ládi Ildikó',0,246),(247,17,145,1,'2020-03-27','2020-03-29','Orbán-Szilágyi Ákos',0,247),(248,7,NULL,1,'2020-03-27','2020-03-29',NULL,0,248),(249,NULL,NULL,1,'2020-03-27','2020-03-29',NULL,0,249),(250,NULL,NULL,1,'2020-03-27','2020-03-29',NULL,0,250),(251,7,NULL,1,'2020-03-27','2020-03-29',NULL,0,251),(252,13,NULL,1,'2020-03-27','2020-03-29',NULL,0,252),(253,17,NULL,1,'2020-03-27','2020-03-29',NULL,0,253),(254,17,NULL,1,'2020-03-26','2020-03-29','Bősze Zsófia',0,254),(255,8,327,1,'2020-03-27','2020-03-29','Jakabovics Adrienn',0,255),(256,8,NULL,1,'2020-03-27','2020-03-29',NULL,0,256),(257,8,NULL,1,'2020-03-27','2020-03-29',NULL,0,257),(258,8,NULL,1,'2020-03-27','2020-03-29','Később adnám meg.',0,258),(259,5,NULL,1,'2020-03-05','2020-03-07',NULL,0,259),(260,17,NULL,1,'2020-03-27','2020-03-29','Dr. Husz Annamária',0,260),(261,8,175,1,'2020-03-27','2020-03-29','Dr. Egyed Tamás',0,261),(262,17,NULL,1,'2020-03-27','2020-03-29','Dr. Lőrinczi Csaba',0,262),(263,17,262,1,'2020-03-27','2020-03-29','Dr. Czompa Diána',0,263),(264,5,NULL,1,'2020-03-06','2020-03-07',NULL,0,264),(265,8,NULL,1,'2020-03-27','2020-03-29','Móga Natália',0,265),(266,5,NULL,1,'2020-03-06','2020-03-07',NULL,0,266),(267,NULL,NULL,1,'2020-03-27','2020-03-29',NULL,0,267),(268,9,NULL,1,'2020-03-27','2020-03-28',NULL,0,268),(269,9,NULL,1,'2020-03-27','2020-03-28',NULL,0,269),(270,8,NULL,1,'2020-03-27','2020-03-28','Ivicsics Erzsébet',0,270),(271,8,270,1,'2020-03-27','2020-03-28','Gál Nana',0,271),(272,17,NULL,1,'2020-03-27','2020-03-29','Dr. Tajti János',0,272),(273,NULL,NULL,1,'2020-03-27','2020-03-29',NULL,0,273),(274,17,275,1,'2020-03-27','2020-03-29','Dr. Ivány Emese',0,274),(275,17,NULL,1,'2020-03-27','2020-03-29','Dr. Halász Réka Mária',0,275),(276,NULL,NULL,1,'2020-03-27','2020-03-29',NULL,0,276),(277,5,NULL,1,'2020-03-06','2020-03-07',NULL,0,277),(278,5,NULL,1,'2020-03-06','2020-03-07',NULL,0,278),(279,8,NULL,1,'2020-03-27','2020-03-29','Kocsis Mónika',0,279),(280,7,NULL,1,'2020-03-27','2020-03-29',NULL,0,280),(281,8,279,1,'2020-03-27','2020-03-29','Kádár Afrodité',0,281),(282,NULL,NULL,1,'2020-03-27','2020-03-29',NULL,0,282),(283,7,NULL,1,'2020-03-27','2020-03-29',NULL,0,283),(284,8,NULL,1,'2020-03-27','2020-03-29',NULL,0,284),(285,8,NULL,1,'2020-03-27','2020-03-29','Barok Bianka',0,285),(286,7,NULL,1,'2020-03-27','2020-03-29',NULL,0,286),(287,9,NULL,1,'2020-03-27','2020-03-29',NULL,0,287),(288,10,NULL,1,'2020-03-27','2020-03-29','Dr. Sajtos Viktor',0,288),(289,10,288,1,'2020-03-27','2020-03-29','Dr. Vas János',0,289),(290,7,NULL,1,'2020-03-27','2020-03-28','-',0,290),(291,7,NULL,1,'2020-03-27','2020-03-28','-',0,291),(292,7,NULL,1,'2020-03-27','2020-03-28','-',0,292),(293,7,NULL,1,'2020-03-28','2020-03-29','-',0,293),(294,7,NULL,1,'2020-03-28','2020-03-29','-',0,294),(295,7,NULL,1,'2020-03-27','2020-03-28','-',0,295),(296,7,NULL,1,'2020-03-27','2020-03-29','-',0,296),(297,7,NULL,1,'2020-03-27','2020-03-28',NULL,0,297),(298,8,NULL,1,'2020-03-27','2020-03-29','Dr Papp Anita',0,298),(299,8,NULL,1,'2020-03-27','2020-03-29','Dr. PeklinDamján',0,299),(300,5,NULL,1,'2020-03-05','2020-03-07','Dánielné Kocsis Éva',0,300),(301,8,413,1,'2020-03-27','2020-03-29','Németh Franciska',0,301),(302,NULL,NULL,1,'2020-03-27','2020-03-29',NULL,0,302),(303,8,NULL,1,'2020-03-27','2020-03-29','Gorbay-Nagy Réka',0,303),(304,8,303,1,'2020-03-27','2020-03-29','Dr Vagács Tibor',0,304),(305,NULL,NULL,1,NULL,NULL,NULL,0,305),(306,NULL,NULL,1,'2020-03-27','2020-03-29',NULL,0,306),(307,10,NULL,1,'2020-03-27','2020-03-29','Dr. Buzás András',0,307),(308,NULL,NULL,1,'2020-03-27','2020-03-29',NULL,0,308),(309,16,NULL,1,'2020-03-27','2020-03-29',NULL,0,309),(310,16,NULL,1,'2020-03-27','2020-03-29',NULL,0,310),(311,NULL,NULL,1,'2020-03-27','2020-03-29',NULL,0,311),(312,NULL,NULL,1,'2020-03-06','2020-03-07',NULL,0,312),(313,NULL,NULL,1,'2020-03-27','2020-03-29',NULL,0,313),(314,NULL,NULL,1,'2020-03-27','2020-03-29',NULL,0,314),(315,NULL,NULL,1,'2020-03-27','2020-03-29',NULL,0,315),(316,NULL,NULL,1,'2020-03-27','2020-03-29',NULL,0,316),(317,NULL,NULL,1,'2020-03-27','2020-03-29',NULL,0,317),(318,9,NULL,1,'2020-03-27','2020-03-28',NULL,0,318),(319,9,NULL,1,'2020-03-27','2020-03-28',NULL,0,319),(320,16,NULL,1,'2020-03-27','2020-03-29',NULL,0,320),(321,8,NULL,2,'2020-03-26','2020-03-29','feleség',0,321),(322,NULL,NULL,1,'2020-03-27','2020-03-29',NULL,0,322),(323,9,NULL,1,'2020-03-27','2020-03-28',NULL,0,323),(324,NULL,NULL,1,'2020-03-27','2020-03-29',NULL,0,324),(325,NULL,NULL,1,'2020-03-27','2020-03-29',NULL,0,325),(326,NULL,NULL,1,'2020-03-27','2020-03-29',NULL,0,326),(327,8,NULL,1,'2020-03-27','2020-03-29','Dr. Erlitz Luca',0,327),(328,10,330,1,'2020-03-27','2020-03-29','Dr. Szerencsés Csilla',0,328),(329,NULL,NULL,1,'2020-03-27','2020-03-29',NULL,0,329),(330,10,NULL,1,'2020-03-27','2020-03-29','Dr. Szöllősi Barbara',0,330),(331,16,NULL,1,'2020-03-27','2020-03-29',NULL,0,331),(332,10,NULL,1,'2020-03-27','2020-03-29','Dr. Szöllősi Barbara',0,332),(333,NULL,NULL,1,'2020-03-27','2020-03-29',NULL,0,333),(334,NULL,NULL,1,'2020-03-27','2020-03-29',NULL,0,334),(335,10,307,1,'2020-03-27','2020-03-29','Dr. Vas Márton Árpád',0,335),(336,10,NULL,1,'2020-03-27','2020-03-28','Csog Szende',0,336),(337,14,NULL,1,'2020-03-27','2020-03-29','Dr. Lakatos Lóránd László',0,337),(338,14,337,1,'2020-03-27','2020-03-29','Dr. Durczi Mihály Károly',0,338),(339,16,NULL,1,'2020-03-27','2020-03-29',NULL,0,339),(340,NULL,NULL,1,'2020-03-27','2020-03-29',NULL,0,340),(341,NULL,NULL,1,'2020-03-27','2020-03-29',NULL,0,341),(342,12,NULL,1,'2020-03-27','2020-03-29','Lehet bárki',0,342),(343,NULL,NULL,1,'2020-03-27','2020-03-29',NULL,0,343),(344,NULL,NULL,1,'2020-03-27','2020-03-29',NULL,0,344),(345,NULL,NULL,1,'2020-03-27','2020-03-29',NULL,0,345),(346,NULL,NULL,1,'2020-03-27','2020-03-29',NULL,0,346),(347,NULL,NULL,1,'2020-03-27','2020-03-29',NULL,0,347),(348,6,NULL,1,'2020-03-05','2020-03-07','Dr. Gellért-Cserháti Zsófia',0,348),(349,NULL,NULL,1,'2020-03-27','2020-03-29',NULL,0,349),(350,NULL,NULL,1,'2020-03-27','2020-03-29',NULL,0,350),(351,16,NULL,1,'2020-03-27','2020-03-29',NULL,0,351),(352,15,NULL,1,'2020-03-27','2020-03-29','Veltiné',0,352),(353,5,NULL,1,'2020-03-06','2020-03-07',NULL,0,353),(354,6,NULL,1,'2020-03-06','2020-03-07','Dr. Karácsony Tibor',0,354),(355,6,354,1,'2020-03-06','2020-03-07','Dr. Joó Judit',0,355),(356,16,NULL,1,'2020-03-27','2020-03-29',NULL,0,356),(357,16,NULL,1,'2020-03-27','2020-03-29',NULL,0,357),(358,NULL,NULL,1,NULL,NULL,NULL,0,358),(359,16,NULL,1,'2020-03-27','2020-03-29',NULL,0,359),(360,16,NULL,1,'2020-03-27','2020-03-29',NULL,0,360),(361,16,NULL,1,'2020-03-27','2020-03-29',NULL,0,361),(362,16,NULL,1,'2020-03-27','2020-03-29',NULL,0,362),(363,13,NULL,1,'2020-03-27','2020-03-29',NULL,0,363),(364,15,NULL,1,'2020-03-27','2020-03-29','Dr. Tóth Enikő',0,364),(365,13,NULL,1,'2020-03-27','2020-03-29',NULL,0,365),(366,NULL,NULL,1,'2020-03-27','2020-03-29',NULL,0,366),(367,5,NULL,1,'2020-03-06','2020-03-07',NULL,0,367),(368,9,NULL,1,'2020-03-27','2020-03-28','egyágyas szobát igénylünk a Monopolyban, amennyiben lehetséges',0,368),(369,5,NULL,1,'2020-03-05','2020-03-07',NULL,0,369),(370,5,NULL,1,'2020-03-06','2020-03-08','feleség, 3 fő gyermek',0,370),(371,5,NULL,1,'2020-03-05','2020-03-07',NULL,0,371),(372,5,NULL,1,'2020-03-05','2020-03-07',NULL,0,372),(373,11,NULL,1,'2020-03-27','2020-03-29',NULL,0,373),(374,NULL,NULL,1,'2020-03-06','2020-03-07',NULL,0,374),(375,11,NULL,1,'2020-03-27','2020-03-29',NULL,0,375),(376,11,NULL,1,'2020-03-27','2020-03-29',NULL,0,376),(377,7,NULL,1,'2020-03-27','2020-03-28',NULL,0,377),(378,7,NULL,1,'2020-03-27','2020-03-29',NULL,0,378),(379,5,NULL,1,'2020-03-05','2020-03-07',NULL,0,379),(380,5,NULL,1,'2020-03-06','2020-03-07',NULL,0,380),(381,5,NULL,1,'2020-03-05','2020-03-07',NULL,0,381),(382,6,NULL,1,'2020-03-06','2020-03-07',NULL,0,382),(383,5,NULL,1,'2020-03-06','2020-03-07',NULL,0,383),(384,5,NULL,1,'2020-03-06','2020-03-07',NULL,0,384),(385,5,NULL,1,'2020-03-06','2020-03-07',NULL,0,385),(386,5,NULL,1,'2020-03-04','2020-03-07',NULL,0,386),(387,5,NULL,1,'2020-03-06','2020-03-07',NULL,0,387),(388,5,NULL,1,'2020-03-06','2020-03-07',NULL,0,388),(389,5,NULL,1,'2020-03-05','2020-03-07',NULL,0,389),(390,5,NULL,1,'2020-03-05','2020-03-07',NULL,0,390),(391,5,NULL,1,'2020-03-06','2020-03-07',NULL,0,391),(392,5,NULL,1,'2020-03-06','2020-03-07',NULL,0,392),(393,5,NULL,1,'2020-03-06','2020-03-07',NULL,0,393),(394,20,NULL,1,'2020-03-27','2020-03-29',NULL,0,394),(395,20,NULL,1,'2020-03-27','2020-03-29',NULL,0,395),(396,20,NULL,1,'2020-03-27','2020-03-29',NULL,0,396),(397,5,NULL,1,'2020-03-06','2020-03-07',NULL,0,397),(398,5,NULL,1,'2020-03-06','2020-03-07',NULL,0,398),(399,5,NULL,1,'2020-03-06','2020-03-07',NULL,0,399),(400,14,NULL,1,'2020-03-27','2020-03-29','dr Kondér Fruzsina',0,400),(401,14,400,1,'2020-03-27','2020-03-29','dr Kulcsicka-Gut Judit',0,401),(402,18,NULL,1,'2020-03-27','2020-03-29',NULL,0,402),(403,18,NULL,1,'2020-03-27','2020-03-29',NULL,0,403),(404,20,NULL,1,'2020-03-27','2020-03-29',NULL,0,404),(405,19,NULL,1,'2020-03-27','2020-03-29','Dr. Dabi Ágnes',0,405),(406,19,405,1,'2020-03-27','2020-03-29','Dr. Bíró Ágnes',0,406),(407,18,NULL,1,'2020-03-27','2020-03-29',NULL,0,407),(408,18,NULL,1,'2020-03-27','2020-03-29',NULL,0,408),(409,18,NULL,1,'2020-03-27','2020-03-29',NULL,0,409),(410,18,NULL,1,'2020-03-27','2020-03-29',NULL,0,410),(411,5,NULL,1,'2020-03-05','2020-03-07',NULL,0,411),(412,16,NULL,1,'2020-03-27','2020-03-29',NULL,0,412),(413,8,NULL,1,'2020-03-27','2020-03-29','Hevér Tímea',0,413),(414,5,NULL,1,'2020-03-06','2020-03-07',NULL,0,414),(415,13,NULL,1,'2020-03-27','2020-03-29',NULL,0,415),(416,NULL,NULL,1,'2020-03-27','2020-03-29','Dr.Czeller Dániel',0,416),(417,13,NULL,1,'2020-03-27','2020-03-28',NULL,0,417),(418,NULL,NULL,1,'2020-03-27','2020-03-29',NULL,0,418),(419,5,NULL,1,'2020-03-06','2020-03-07',NULL,0,419),(420,NULL,NULL,1,'2020-03-06','2020-03-07',NULL,0,420),(421,5,NULL,1,'2020-03-06','2020-03-07',NULL,0,421),(422,5,NULL,1,'2020-03-06','2020-03-07',NULL,0,422),(423,20,NULL,1,'2020-03-27','2020-03-29',NULL,0,423),(424,12,NULL,1,'2020-03-27','2020-03-29',NULL,0,424),(425,22,NULL,1,'2020-03-27','2020-03-29',NULL,0,425),(426,22,NULL,1,'2020-03-27','2020-03-29',NULL,0,426),(427,5,NULL,1,'2020-03-05','2020-03-07',NULL,0,427),(428,5,NULL,1,'2020-03-05','2020-03-07',NULL,0,428),(429,5,NULL,1,'2020-03-05','2020-03-07',NULL,0,429),(430,13,NULL,1,'2020-03-27','2020-03-29',NULL,0,430),(431,5,NULL,1,'2020-03-06','2020-03-07',NULL,0,431),(432,NULL,NULL,1,'2020-03-06','2020-03-07',NULL,0,432),(433,7,NULL,1,'2020-03-28','2020-03-29',NULL,0,433),(434,12,NULL,1,'2020-03-27','2020-03-29','Dr. Pallag Géza',0,434),(435,8,119,1,'2020-03-27','2020-03-28','Dr. Sárvári Katalin',0,435),(436,NULL,NULL,1,'2020-03-27','2020-03-29',NULL,0,436),(437,6,NULL,1,'2020-03-06','2020-03-08','Dr. Martonos Éva',0,437),(438,5,NULL,1,'2020-03-05','2020-03-07',NULL,0,438),(439,5,NULL,1,'2020-03-05','2020-03-07',NULL,0,439),(440,5,NULL,1,'2020-03-06','2020-03-07',NULL,0,440),(441,5,NULL,1,'2020-03-06','2020-03-07',NULL,0,441),(442,6,NULL,1,'2020-03-06','2020-03-07','Liebe Rebeka',0,442),(443,5,NULL,1,'2020-03-05','2020-03-07',NULL,0,443),(444,5,NULL,1,'2020-03-05','2020-03-07',NULL,0,444),(445,5,NULL,1,'2020-03-05','2020-03-07',NULL,0,445),(446,5,NULL,1,'2020-03-05','2020-03-07',NULL,0,446),(447,5,NULL,1,'2020-03-05','2020-03-07',NULL,0,447),(448,5,NULL,1,'2020-03-05','2020-03-07',NULL,0,448),(449,5,NULL,1,'2020-03-05','2020-03-07',NULL,0,449),(450,5,NULL,1,'2020-03-05','2020-03-07',NULL,0,450),(451,NULL,NULL,1,'2020-03-27','2020-03-29',NULL,0,451),(452,NULL,NULL,1,'2020-03-27','2020-03-29',NULL,0,452),(453,5,NULL,1,'2020-03-06','2020-03-07',NULL,0,453),(454,5,NULL,1,'2020-03-06','2020-03-07',NULL,0,454),(455,12,NULL,2,'2020-03-27','2020-03-29','kísérő',0,455),(456,5,NULL,1,'2020-03-06','2020-03-07',NULL,0,456),(457,5,NULL,1,'2020-03-06','2020-03-07',NULL,0,457),(458,5,NULL,1,'2020-03-06','2020-03-07',NULL,0,458),(459,5,NULL,1,'2020-03-06','2020-03-07',NULL,0,459),(460,5,NULL,1,'2020-03-05','2020-03-07',NULL,0,460),(461,5,NULL,1,'2020-03-05','2020-03-07',NULL,0,461),(462,17,20,1,'2020-03-27','2020-03-29','Dr. Szatmári Réka',0,462),(463,16,NULL,1,'2020-03-27','2020-03-29',NULL,0,463),(464,NULL,NULL,1,'2020-03-27','2020-03-29',NULL,0,464),(465,12,NULL,1,'2020-03-27','2020-03-29','Dr.Szelle Bálint',0,465),(466,8,298,1,'2020-03-27','2020-03-29','Jencsik Józsefné',0,466),(467,9,NULL,1,'2020-03-27','2020-03-29',NULL,0,467),(468,9,NULL,1,'2020-03-27','2020-03-29',NULL,0,468),(469,23,NULL,1,'2020-03-27','2020-03-29',NULL,0,469),(470,NULL,NULL,1,'2020-03-27','2020-03-29',NULL,0,470),(471,22,NULL,1,'2020-03-27','2020-03-29',NULL,0,471),(472,5,NULL,1,'2020-03-06','2020-03-07',NULL,0,472),(473,5,NULL,1,'2020-03-06','2020-03-07',NULL,0,473),(474,5,NULL,1,'2020-03-06','2020-03-07',NULL,0,474),(475,23,NULL,1,'2020-03-27','2020-03-29','Bagdy Virág',0,475),(476,23,475,1,'2020-03-27','2020-03-29','Korom Nikoletta',0,476),(477,6,NULL,1,'2020-03-06','2020-03-07','Balogh József',0,477),(478,NULL,NULL,1,'2020-03-27','2020-03-29',NULL,0,478),(479,22,NULL,1,'2020-03-27','2020-03-29','Dr. Bártfay Noémi',0,479),(480,NULL,NULL,1,'2020-03-06','2020-03-07',NULL,0,480),(481,NULL,NULL,1,'2020-03-06','2020-03-07',NULL,0,481),(482,NULL,NULL,1,'2020-03-27','2020-03-29',NULL,0,482),(483,6,64,1,'2020-03-06','2020-03-07','Pelle Judit',0,483),(484,5,NULL,1,'2020-03-06','2020-03-07',NULL,0,484),(485,5,NULL,1,'2020-03-06','2020-03-07',NULL,0,485),(486,5,NULL,1,'2020-03-06','2020-03-07',NULL,0,486),(487,5,NULL,1,'2020-03-06','2020-03-07',NULL,0,487),(488,5,NULL,1,'2020-03-06','2020-03-07',NULL,0,488),(489,5,NULL,1,'2020-03-06','2020-03-07',NULL,0,489),(490,5,NULL,1,'2020-03-06','2020-03-07',NULL,0,490),(491,5,NULL,1,'2020-03-06','2020-03-07',NULL,0,491),(492,NULL,NULL,1,'2020-03-06','2020-03-07',NULL,0,492),(493,NULL,NULL,1,'2020-03-06','2020-03-07',NULL,0,493),(494,6,NULL,1,'2020-03-05','2020-03-07','Rizmayer Andrea',0,494),(495,NULL,NULL,1,'2020-03-27','2020-03-29',NULL,0,495),(496,6,NULL,1,'2020-03-06','2020-03-07','lehet bárki',0,496),(497,NULL,NULL,1,'2020-03-27','2020-03-29',NULL,0,497),(498,NULL,NULL,1,'2020-03-27','2020-03-29','Balasi Katalin',0,498),(499,NULL,NULL,1,'2020-03-27','2020-03-29','Henczné Varga Judit',0,499),(500,NULL,NULL,1,'2020-03-27','2020-03-28',NULL,0,500),(501,NULL,NULL,1,'2020-03-27','2020-03-28',NULL,0,501),(502,NULL,NULL,1,'2020-03-27','2020-03-28','Merényi Böbe',0,502),(503,NULL,NULL,1,'2020-03-27','2020-03-28','Sigér Gyuláné',0,503),(504,NULL,NULL,1,'2020-03-27','2020-03-29',NULL,0,504),(505,NULL,NULL,1,'2020-03-27','2020-03-29',NULL,0,505),(506,NULL,NULL,1,'2020-03-27','2020-03-29',NULL,0,506),(507,NULL,NULL,1,'2020-03-27','2020-03-29',NULL,0,507),(508,NULL,NULL,1,'2020-03-27','2020-03-29',NULL,0,508),(509,NULL,NULL,1,'2020-03-27','2020-03-29',NULL,0,509),(510,NULL,NULL,1,'2020-03-27','2020-03-29',NULL,0,510),(511,8,512,1,'2020-03-27','2020-03-29','Kocsis Erika (Hunguest Hotel megbeszélés szerint)',0,511),(512,8,NULL,1,'2020-03-27','2020-03-29','Boros Rita',0,512),(513,8,514,1,'2020-03-27','2020-03-29','Farnas Csaba',0,513),(514,8,NULL,1,'2020-03-27','2020-03-29','Keszeg Csongor',0,514),(515,NULL,NULL,1,'2020-03-27','2020-03-29',NULL,0,515),(516,NULL,NULL,1,'2020-03-27','2020-03-29',NULL,0,516),(517,17,607,1,'2020-03-26','2020-03-29','Svébisné Lovász Barbara',0,517),(518,14,519,1,'2020-03-27','2020-03-28','Jeszenszky Ágnes',0,518),(519,14,NULL,1,'2020-03-27','2020-03-28','Baráth Katalin',0,519),(520,NULL,NULL,1,'2020-03-27','2020-03-29',NULL,0,520),(521,5,NULL,1,'2020-03-05','2020-03-07',NULL,0,521),(522,NULL,NULL,1,'2020-03-06','2020-03-07',NULL,0,522),(523,NULL,NULL,1,'2020-03-06','2020-03-07',NULL,0,523),(524,NULL,NULL,1,'2020-03-06','2020-03-07',NULL,0,524),(525,NULL,NULL,1,'2020-03-27','2020-03-29',NULL,0,525),(526,NULL,NULL,1,'2020-03-27','2020-03-29',NULL,0,526),(527,NULL,NULL,1,'2020-03-27','2020-03-29','Dr Urbán Dániel Dr Seszták Gergő',0,527),(528,NULL,NULL,1,'2020-03-27','2020-03-29',NULL,0,528),(529,NULL,NULL,1,'2020-03-27','2020-03-29',NULL,0,529),(530,NULL,NULL,1,'2020-03-27','2020-03-29',NULL,0,530),(531,5,NULL,1,'2020-03-06','2020-03-07',NULL,0,531),(532,NULL,NULL,1,'2020-03-27','2020-03-29',NULL,0,532),(533,7,NULL,1,'2020-03-28','2020-03-29',NULL,0,533),(534,NULL,NULL,1,'2020-03-27','2020-03-29',NULL,0,534),(535,NULL,NULL,1,'2020-03-27','2020-03-29',NULL,0,535),(536,6,NULL,1,'2020-03-06','2020-03-07',NULL,0,536),(537,NULL,NULL,1,'2020-03-27','2020-03-28',NULL,0,537),(538,5,NULL,1,'2020-03-06','2020-03-07',NULL,0,538),(539,NULL,NULL,1,'2020-03-27','2020-03-29',NULL,0,539),(540,5,NULL,1,'2020-03-04','2020-03-07',NULL,0,540),(541,NULL,NULL,1,'2020-03-27','2020-03-29',NULL,0,541),(542,NULL,NULL,1,'2020-03-27','2020-03-29',NULL,0,542),(543,NULL,NULL,1,'2020-03-27','2020-03-29',NULL,0,543),(544,NULL,NULL,1,'2020-03-27','2020-03-29',NULL,0,544),(545,NULL,NULL,1,'2020-03-27','2020-03-29',NULL,0,545),(546,12,NULL,1,'2020-03-27','2020-03-29','Berncherer Gyöngyi',0,546),(547,NULL,NULL,1,'2020-03-27','2020-03-29',NULL,0,547),(548,NULL,NULL,1,'2020-03-27','2020-03-29',NULL,0,548),(549,5,NULL,1,'2020-03-05','2020-03-07',NULL,0,549),(550,6,437,1,'2020-03-06','2020-03-08','Dr. Gáll János',0,550),(551,NULL,NULL,1,'2020-03-06','2020-03-07',NULL,0,551),(552,6,NULL,1,'2020-03-06','2020-03-08','Dr. Károlyi Zsuzsánna',0,552),(553,6,NULL,1,'2020-03-06','2020-03-07','Pálinkás Krisztina',0,553),(554,6,553,1,'2020-03-06','2020-03-07','Varga Judit',0,554),(555,5,NULL,1,'2020-03-06','2020-03-07',NULL,0,555),(556,NULL,NULL,1,'2020-03-27','2020-03-29',NULL,0,556),(557,5,NULL,1,'2020-03-06','2020-03-07',NULL,0,557),(558,NULL,NULL,1,'2020-03-27','2020-03-29',NULL,0,558),(559,NULL,NULL,1,'2020-03-06','2020-03-07',NULL,0,559),(560,5,NULL,1,'2020-03-06','2020-03-07',NULL,0,560),(561,5,NULL,1,'2020-03-06','2020-03-07',NULL,0,561),(562,5,NULL,1,'2020-03-06','2020-03-07',NULL,0,562),(563,5,NULL,1,'2020-03-05','2020-03-07',NULL,0,563),(564,5,NULL,1,'2020-03-05','2020-03-07',NULL,0,564),(565,5,NULL,1,'2020-03-05','2020-03-07',NULL,0,565),(566,22,NULL,1,'2020-03-27','2020-03-29',NULL,0,566),(567,NULL,NULL,1,NULL,NULL,NULL,0,567),(568,5,NULL,1,'2020-03-06','2020-03-07',NULL,0,568),(569,NULL,NULL,1,NULL,NULL,NULL,0,569),(570,5,NULL,1,'2020-03-06','2020-03-07',NULL,0,570),(571,NULL,NULL,1,NULL,NULL,NULL,0,571),(572,5,NULL,1,'2020-03-06','2020-03-07',NULL,0,572),(573,NULL,NULL,1,'2020-03-27','2020-03-29',NULL,0,573),(574,NULL,NULL,1,'2020-03-28','2020-03-29','Dr. Piedl Zita, Dr. Peleskei Kinga',0,574),(575,16,NULL,1,'2020-03-27','2020-03-29',NULL,0,575),(576,16,NULL,1,'2020-03-27','2020-03-29',NULL,0,576),(577,NULL,NULL,1,'2020-03-27','2020-03-29',NULL,0,577),(578,22,NULL,1,'2020-03-27','2020-03-29',NULL,0,578),(579,NULL,NULL,1,'2020-03-27','2020-03-29',NULL,0,579),(580,16,NULL,1,'2020-03-28','2020-03-29',NULL,0,580),(581,NULL,NULL,1,'2020-03-27','2020-03-29',NULL,0,581),(582,NULL,NULL,1,'2020-03-27','2020-03-29',NULL,0,582),(583,5,NULL,1,'2020-03-06','2020-03-07',NULL,0,583),(584,NULL,NULL,1,NULL,NULL,NULL,0,584),(585,5,NULL,1,'2020-03-06','2020-03-07',NULL,0,585),(586,5,NULL,1,'2020-03-06','2020-03-07',NULL,0,586),(587,5,NULL,1,'2020-03-06','2020-03-07',NULL,0,587),(588,5,NULL,1,'2020-03-05','2020-03-07',NULL,0,588),(589,11,NULL,1,'2020-03-27','2020-03-29',NULL,0,589),(590,5,NULL,1,'2020-03-06','2020-03-07',NULL,0,590),(591,6,NULL,1,'2020-03-06','2020-03-07','Dr. Fekete Csaba',0,591),(592,NULL,NULL,1,'2020-03-27','2020-03-29',NULL,0,592),(593,NULL,NULL,1,'2020-03-06','2020-03-07',NULL,0,593),(594,NULL,NULL,1,'2020-03-06','2020-03-07','egyágyas',0,594),(595,7,NULL,1,'2020-03-26','2020-03-29',NULL,0,595),(596,6,NULL,1,'2020-03-06','2020-03-07',NULL,0,596),(597,NULL,NULL,1,'2020-03-27','2020-03-29',NULL,0,597),(598,NULL,NULL,1,'2020-03-27','2020-03-29',NULL,0,598),(599,17,23,1,'2020-03-27','2020-03-28','Bíró Erika',0,599),(600,17,NULL,1,'2020-03-27','2020-03-28','Széky Gabriella, Tóth Andrea',0,600),(601,17,NULL,1,'2020-03-27','2020-03-28','Vinczéné Oláh Judit, Tóth Andrea',0,601),(602,17,601,1,'2020-03-27','2020-03-28','Széky Gabriella, Vinczén Tóth Judit',0,602),(603,7,NULL,1,'2020-03-26','2020-03-29',NULL,0,603),(604,16,NULL,1,'2020-03-26','2020-03-29',NULL,0,604),(605,16,NULL,1,'2020-03-26','2020-03-29',NULL,0,605),(606,17,NULL,1,'2020-03-26','2020-03-29','feleség',0,606),(607,17,NULL,1,'2020-03-26','2020-03-29','Svébis Márk',0,607),(608,7,NULL,1,'2020-03-26','2020-03-29',NULL,0,608),(609,7,NULL,1,'2020-03-26','2020-03-29',NULL,0,609),(610,7,NULL,1,'2020-03-26','2020-03-29',NULL,0,610),(611,7,NULL,1,'2020-03-26','2020-03-29',NULL,0,611),(612,16,NULL,1,'2020-03-26','2020-03-29',NULL,0,612),(613,16,NULL,1,'2020-03-26','2020-03-29',NULL,0,613),(614,NULL,NULL,1,NULL,NULL,'Tajti Máté (FIGAMU)',0,614),(615,7,NULL,1,'2020-03-26','2020-03-29',NULL,0,615),(616,16,NULL,1,'2020-03-26','2020-03-29',NULL,0,616),(617,16,NULL,1,'2020-03-26','2020-03-29',NULL,0,617),(618,17,NULL,1,'2020-03-26','2020-03-29','Szabó Dorottya',0,618),(619,NULL,NULL,1,'2020-03-27','2020-03-29',NULL,0,619),(620,NULL,NULL,1,'2020-03-27','2020-03-29',NULL,0,620),(621,NULL,NULL,1,'2020-03-27','2020-03-29',NULL,0,621),(622,NULL,NULL,1,'2020-03-27','2020-03-29',NULL,0,622),(623,NULL,NULL,1,'2020-03-27','2020-03-29',NULL,0,623),(624,5,NULL,1,'2020-03-06','2020-03-07',NULL,0,624),(625,5,NULL,1,'2020-03-06','2020-03-07',NULL,0,625),(626,NULL,NULL,1,'2020-03-06','2020-03-07',NULL,0,626),(627,5,NULL,1,'2020-03-06','2020-03-07',NULL,0,627),(628,12,546,1,'2020-03-27','2020-03-29','Hamza Kinga',0,628),(629,NULL,NULL,1,'2020-03-27','2020-03-29',NULL,0,629),(630,NULL,NULL,1,'2020-03-27','2020-03-29',NULL,0,630),(631,NULL,NULL,1,'2020-03-27','2020-03-29',NULL,0,631),(632,NULL,NULL,1,'2020-03-27','2020-03-29','Kecskés Szilvia',0,632),(633,NULL,NULL,1,'2020-03-27','2020-03-29','Dr.Sándor zsuzsanna',0,633),(634,NULL,NULL,1,'2020-03-27','2020-03-29',NULL,0,634),(635,NULL,NULL,1,'2020-03-27','2020-03-29',NULL,0,635),(636,5,NULL,1,'2020-03-06','2020-03-07',NULL,0,636),(637,NULL,NULL,1,'2020-03-27','2020-03-29',NULL,0,637),(638,5,NULL,1,'2020-03-06','2020-03-07','egyágyas szoba',0,638),(639,NULL,NULL,1,'2020-03-27','2020-03-29',NULL,0,639),(640,NULL,NULL,1,'2020-03-27','2020-03-29',NULL,0,640),(641,NULL,NULL,1,'2020-03-27','2020-03-29',NULL,0,641),(642,NULL,NULL,1,'2020-03-27','2020-03-29',NULL,0,642),(643,NULL,NULL,1,NULL,NULL,NULL,0,643),(644,NULL,NULL,1,NULL,NULL,NULL,0,644),(645,NULL,NULL,1,'2020-03-06','2020-03-07',NULL,0,645),(646,5,NULL,1,'2020-03-06','2020-03-07',NULL,0,646),(647,NULL,NULL,1,'2020-03-27','2020-03-29','Dr. Menyhárt Orsolya',0,647),(648,NULL,NULL,1,'2020-03-06','2020-03-07',NULL,0,648),(649,NULL,NULL,1,NULL,NULL,NULL,0,649),(650,NULL,NULL,1,'2020-03-27','2020-03-29',NULL,0,650),(651,NULL,NULL,1,'2020-03-27','2020-03-29',NULL,0,651),(652,NULL,NULL,1,'2020-03-27','2020-03-29',NULL,0,652),(653,NULL,NULL,1,'2020-03-27','2020-03-29',NULL,0,653),(654,NULL,NULL,1,'2020-03-27','2020-03-29',NULL,0,654),(655,NULL,NULL,1,'2020-03-27','2020-03-29',NULL,0,655),(656,NULL,NULL,1,'2020-03-27','2020-03-29',NULL,0,656),(657,NULL,NULL,1,'2020-03-27','2020-03-29',NULL,0,657),(658,NULL,NULL,1,'2020-03-27','2020-03-29','Varga Márton',0,658),(659,NULL,NULL,1,'2020-03-27','2020-03-29','Szabó Balázs Előd',0,659),(660,NULL,NULL,1,'2020-03-27','2020-03-29',NULL,0,660),(661,NULL,NULL,1,'2020-03-27','2020-03-29',NULL,0,661),(662,NULL,NULL,1,'2020-03-27','2020-03-29',NULL,0,662),(663,NULL,NULL,1,'2020-03-27','2020-03-29',NULL,0,663),(664,NULL,NULL,1,'2020-03-27','2020-03-29',NULL,0,664),(665,NULL,NULL,1,'2020-03-06','2020-03-07',NULL,0,665),(666,NULL,NULL,1,'2020-03-06','2020-03-07',NULL,0,666),(667,NULL,NULL,1,'2020-03-27','2020-03-29',NULL,0,667),(668,NULL,NULL,1,'2020-03-27','2020-03-29',NULL,0,668),(669,NULL,NULL,1,'2020-03-27','2020-03-29',NULL,0,669),(670,NULL,NULL,1,'2020-03-06','2020-03-07',NULL,0,670),(671,NULL,NULL,1,'2020-03-27','2020-03-29',NULL,0,671),(672,NULL,NULL,1,'2020-03-27','2020-03-29',NULL,0,672),(673,NULL,NULL,1,'2020-03-27','2020-03-29',NULL,0,673),(674,NULL,NULL,1,'2020-03-27','2020-03-29',NULL,0,674),(675,NULL,NULL,1,'2020-03-27','2020-03-29',NULL,0,675),(676,NULL,NULL,1,'2020-03-27','2020-03-29','Dr. Levek Lili',0,676),(677,NULL,NULL,1,'2020-03-27','2020-03-29','Dr. Ferenczy Katalin',0,677),(678,NULL,NULL,1,'2020-03-27','2020-03-29',NULL,0,678),(679,NULL,NULL,1,'2020-03-06','2020-03-07',NULL,0,679),(680,NULL,NULL,1,'2020-03-06','2020-03-07',NULL,0,680),(681,11,NULL,1,'2020-03-27','2020-03-29',NULL,0,681),(682,NULL,NULL,1,'2020-03-27','2020-03-29',NULL,0,682),(683,NULL,NULL,1,'2020-03-27','2020-03-29',NULL,0,683),(684,NULL,NULL,1,'2020-03-27','2020-03-29',NULL,0,684),(685,NULL,NULL,1,'2020-03-27','2020-03-29',NULL,0,685),(686,NULL,NULL,1,'2020-03-27','2020-03-29',NULL,0,686),(687,NULL,NULL,1,'2020-03-27','2020-03-29',NULL,0,687),(688,NULL,NULL,1,'2020-03-27','2020-03-29','PÁLINKÁS DÁNIEL',0,688),(689,NULL,NULL,1,'2020-03-27','2020-03-29',NULL,0,689),(690,NULL,NULL,1,'2020-03-27','2020-03-29','FÁBIÁN ANNA',0,690),(691,NULL,NULL,1,'2020-03-27','2020-03-29','Dr. Caleb Ibitamuno',0,691),(692,NULL,NULL,1,'2020-03-27','2020-03-29',NULL,0,692),(693,NULL,NULL,1,'2020-03-27','2020-03-29',NULL,0,693),(694,26,NULL,1,'2020-11-12','2020-11-14','Próba133',0,694),(695,NULL,NULL,1,'2020-11-12','2020-11-14',NULL,0,695),(696,25,NULL,1,'2020-11-13','2020-11-14','Nincs',0,696);

--
-- Table structure for table `RoomType`
--

CREATE TABLE `RoomType` (
  `id` int(11) NOT NULL AUTO_INCREMENT,
  `name` varchar(100) COLLATE utf8_unicode_ci NOT NULL,
  PRIMARY KEY (`id`)
) ENGINE=InnoDB AUTO_INCREMENT=42 DEFAULT CHARSET=utf8 COLLATE=utf8_unicode_ci;

--
-- Dumping data for table `RoomType`
--

INSERT INTO `RoomType` VALUES (1,'Single room'),(2,'Double room'),(3,'Apartman 2 fő részére'),(4,'Apartman 3 fő részére'),(5,'Lakosztály 2 fő részére'),(6,'Lakosztály 3 fő részére'),(7,'Lakosztály 4 fő részére'),(8,'Pótágy'),(9,'Egyágyas szoba félpanzióval'),(10,'Kétágyas szoba félpanzióval'),(11,'Egyágyas szoba reggelivel'),(12,'Kétágyas szoba reggelivel'),(13,'Kétágyas szoba  (két szobához 1 fürdő tartozik) '),(14,'Kétágyas szoba  (2 db emeletes ágy alsó szintjei)'),(15,'Négyágyas szoba  (szimpla ágyak)'),(16,'Egyágyas szoba'),(17,'Kétágyas szoba'),(18,'Háromágyas szoba'),(19,'Háromágyas szoba reggelivel'),(20,'Egyágyas szoba hideg, bővített kontinentális reggelivel'),(21,'Kétágyas szoba hideg, bővített kontinentális reggelivel'),(22,'Háromágyas szoba hideg, bővített kontinentális reggelivel'),(23,'Standard - Egyágyas szoba reggelivel'),(24,'Standard - Kétágyas szoba reggelivel'),(25,'Superior - Egyágyas szoba reggelivel'),(26,'Superior - Kétágyas szoba reggelivel'),(27,'Single room with breakfast'),(28,'Double room with breakfast'),(29,'Háromágyas szoba félpanzióval'),(30,'Egyágyas szoba reggelivel - Economy'),(31,'Kétágyas szoba reggelivel - Economy'),(32,'Egyágyas szoba reggelivel - Standard'),(33,'Kétágyas szoba reggelivel - Standard'),(34,'Parkolás'),(35,'Négyágyas bungalló reggelivel'),(36,'Prémium egyágyas szoba, reggelivel'),(37,'Prémium kétágyas szoba reggelivel'),(38,'Prémium egyágyas szoba reggelivel'),(39,'Prémium junior suit egyágyas reggelivel'),(40,'Prémium junior suit kétágyas reggelivel'),(41,'Kétágyas szoba + pótágy, reggelivel');

--
-- Table structure for table `SiteUser`
--

CREATE TABLE `SiteUser` (
  `id` int(11) NOT NULL AUTO_INCREMENT,
  `username` varchar(180) COLLATE utf8_unicode_ci NOT NULL,
  `username_canonical` varchar(180) COLLATE utf8_unicode_ci NOT NULL,
  `email` varchar(180) COLLATE utf8_unicode_ci NOT NULL,
  `email_canonical` varchar(180) COLLATE utf8_unicode_ci NOT NULL,
  `enabled` tinyint(1) NOT NULL,
  `salt` varchar(255) COLLATE utf8_unicode_ci DEFAULT NULL,
  `password` varchar(255) COLLATE utf8_unicode_ci NOT NULL,
  `last_login` datetime DEFAULT NULL,
  `confirmation_token` varchar(180) COLLATE utf8_unicode_ci DEFAULT NULL,
  `password_requested_at` datetime DEFAULT NULL,
  `roles` longtext COLLATE utf8_unicode_ci NOT NULL COMMENT '(DC2Type:array)',
  PRIMARY KEY (`id`),
  UNIQUE KEY `UNIQ_6D2133FB92FC23A8` (`username_canonical`),
  UNIQUE KEY `UNIQ_6D2133FBA0D96FBF` (`email_canonical`),
  UNIQUE KEY `UNIQ_6D2133FBC05FB297` (`confirmation_token`)
) ENGINE=InnoDB AUTO_INCREMENT=433 DEFAULT CHARSET=utf8 COLLATE=utf8_unicode_ci;

--
-- Dumping data for table `SiteUser`
--

INSERT INTO `SiteUser` VALUES (1,'barbara.tihanyi@timelessevent.hu','barbara.tihanyi@timelessevent.hu','barbara.tihanyi@timelessevent.hu','barbara.tihanyi@timelessevent.hu',1,'RilPDhO2vSuI3NAHhSQ0nMuhJtf9z89xfeSvoyzrucM','Tspt9HWQGG2xn9MCsVTblEbaO6JGDSWkqGJpHbEHZWIGeRMgDprgvNuVFNKubDpuqlO101A9laXoxFaClXHTgw==','2020-06-11 12:22:45',NULL,NULL,'a:2:{i:0;s:10:\"ROLE_ADMIN\";i:1;s:16:\"ROLE_SUPER_ADMIN\";}'),(2,'bernadett.szabo@timelessevent.hu','bernadett.szabo@timelessevent.hu','bernadett.szabo@timelessevent.hu','bernadett.szabo@timelessevent.hu',1,'ma07tPVQ6Dnmz9O/E3qYDUNCCi5ZMGGTqCcC6TggFds','IcJm0VfNhaSkmjtPuPZwqDdYBX26LgpOgLCiFZbbg1B787eZgG+fNeXiXoA14iLLORriobqrBdcNb7TSfSTcpw==','2020-06-11 18:12:01',NULL,NULL,'a:2:{i:0;s:10:\"ROLE_ADMIN\";i:1;s:16:\"ROLE_SUPER_ADMIN\";}'),(3,'bernadett.szabo@misandbos.hu','bernadett.szabo@misandbos.hu','bernadett.szabo@misandbos.hu','bernadett.szabo@misandbos.hu',1,'PJbDnTZy4YtWE7XXTRgUXRe9SJD5r6tLmJOIdxpK2tE','D6AXXfhev/6M3qrU6LayiCR9BEi7v7c52/R0ZSQf6F41/CL8qatMyN2OzCJdI6qJKP6l15gabGIFjryHSRhqZw==',NULL,NULL,NULL,'a:0:{}'),(4,'olah.gergely@pixeloid.hu','olah.gergely@pixeloid.hu','olah.gergely@pixeloid.hu','olah.gergely@pixeloid.hu',1,'754pdGl2tSaTy.3nUYoDoD5TQTh4B9VjOWaL9QQebP8','bsuYyaY8Ud6zhH5dE3T4mNSo2LqgbcnjkQhUes3/W+eekVA6AFHbuDNI/oADuoY4XhVPgQ6W5ynOKGl0+7gNyw==',NULL,NULL,NULL,'a:0:{}'),(5,'info@pixeloid.hu','info@pixeloid.hu','info@pixeloid.hu','info@pixeloid.hu',1,'PbfKXRlqhUx31RKQ2LZhD44apPJiuoM9cUucuLih710','KyZCnN1n2CIi44FS1FezjaQBZ+DdTJsdmDv/wdCxz/wVJf5AVGt+NKVVcIkar2+liwzrL299TfiitLENvs1R9Q==',NULL,NULL,NULL,'a:0:{}'),(6,'sziszdo@gmail.com','sziszdo@gmail.com','sziszdo@gmail.com','sziszdo@gmail.com',1,'Zm0u1k8x3mDRNLG8KTE2ws1ZWdONL2RemQ86KMnLeLg','Q6gvLE7ungGFzilzQbc8CwdxUdTZXxHYCxzH49dK4XqESM4bma0jHuggWkhrGZ4h8nIhHOeAqcRe7a2GfVHERw==',NULL,NULL,NULL,'a:0:{}'),(7,'drsarkaditimea@gmail.com','drsarkaditimea@gmail.com','drsarkaditimea@gmail.com','drsarkaditimea@gmail.com',1,'bAKLHOMoXDlAHwSTaPufU6cM0uUtZ86fuHytX8Dn9ys','eqFANr5Z7rgrHPjawkLYbwwvSREYWgWbHbrL+DOGZ+cUjVZJgbO1qv1QIMLIm5QVqnFiZ9D4zAHwJIk89UOeuQ==',NULL,NULL,NULL,'a:0:{}'),(8,'szabobernadett92@gmail.com','szabobernadett92@gmail.com','szabobernadett92@gmail.com','szabobernadett92@gmail.com',1,'XAxrvFKc0JxUvKb90KtdZo1MN.DvssSqnOtbDRNizoE','R0g3MKtwSmCC9qxF9S2sZeTjZvaSMZxHbMTkvUDgdOMeTZ7C2MqX6CJHG4w2QS8mfGVxvUqwevFGnImODLsFxw==',NULL,NULL,NULL,'a:0:{}'),(9,'bakator.szilvia@phytotec.hu','bakator.szilvia@phytotec.hu','bakator.szilvia@phytotec.hu','bakator.szilvia@phytotec.hu',1,'Izj/9T1A4ZmAMBVzGNqsUoeIWmC/wSTerjiHM9vTjyw','iY/bsgVtzffF1lzAf29MBMaIIVKbbR2spmRHEp0otMNDeG/RZusdQSfq3ux8v88j6b5qK7V3jpJeaVKvntS8DA==',NULL,NULL,NULL,'a:0:{}'),(10,'reka.a.szatmari@gmail.com','reka.a.szatmari@gmail.com','reka.a.szatmari@gmail.com','reka.a.szatmari@gmail.com',1,'6VxaH.wWl/0a0a3spHddKz1OmzhrmVtC/Z/eajIzmxY','EcUex8/KkLZZovCJTkmUPqpocZM0hcbGIccnhvxEucbvCm0bH9vq/auEYhuciBxKzRFd+kRvppQ+oA9HuWqQyA==',NULL,NULL,NULL,'a:0:{}'),(11,'nhalemd@gmail.com','nhalemd@gmail.com','nhalemd@gmail.com','nhalemd@gmail.com',1,'EmcngkcAbqdsYODm.9KEslHNmJv0wOMx8j3dWjW/bo0','/zhwZ3E1MNT1g+F+zqfGU/5nCqd9BE30iCS5/nmK41AhaasKPdjddvkZyGn5F9O+Wqt2kGnuxq1VsgklBASSyA==',NULL,NULL,NULL,'a:0:{}'),(12,'recepcio@anamed.hu','recepcio@anamed.hu','recepcio@anamed.hu','recepcio@anamed.hu',1,'Ot224TQ.QWzjTuXj2tyqYVmDhHP2Dcnork2lNDhE4cs','zFD3aPb8Ia90Psh/QQlZv0y5HKMsGdK8NPJxIO+D8kdYW2KsER5Y4S/lK9RkseMZfc4Rx4BKfyPEgLxbulVIeA==',NULL,NULL,NULL,'a:0:{}'),(13,'sakkmark@gmail.com','sakkmark@gmail.com','sakkmark@gmail.com','sakkmark@gmail.com',1,'dAhEKXaUBHiTXVoraAwmVku4JGHQrdCIIbm4tbPSl9w','YBF42dTFDNAiu/wc3Kc25IkLjyq0fYR5tyFScmE6vZyv//9WwB5KsgOKyZtAQjnMstpMNqXb82AEiM43vgntDw==',NULL,NULL,NULL,'a:0:{}'),(14,'krammer.r08@gmail.com','krammer.r08@gmail.com','krammer.r08@gmail.com','krammer.r08@gmail.com',1,'gZonraEn.QV..6N0YZSjcEWJ7m766u03ugbiNwmp7xc','4xnwSa4IzjZ9E34B169iyT7WqxlmQdFnGJ79j2PW5di9Wl+ICelmT1QCqOqKdloKM4c9Q1pAZ2Jx7NW+k+0VLg==',NULL,NULL,NULL,'a:0:{}'),(15,'penzugy@endoservice.hu','penzugy@endoservice.hu','penzugy@endoservice.hu','penzugy@endoservice.hu',1,'qJZu2Zn1bKEOej9Md0Pa0PJvK4wnQFZUs/CRIYWEeik','0qaik1NDU8cKpuIqsKc2+Lko/MUZ5/RazcfMoTLTXBqiOYVhGmFASmAqqRKJDPN0M3ZsjVSO5E243yL0GuCAow==',NULL,NULL,NULL,'a:0:{}'),(16,'csontosagnesanna@gmail.com','csontosagnesanna@gmail.com','csontosagnesanna@gmail.com','csontosagnesanna@gmail.com',1,'T4f.YyVhDeviC7DKtnLHSdr7XX3hk0IwlUuT4c5DK5E','2zneV7zROJQBACxZUu+VtR6EIoR05mYgxa234sMf3+5yIERicmAVweN8JTgTN10lRJtaYd9aY+hqxsP7mvYj6A==',NULL,NULL,NULL,'a:0:{}'),(17,'frajan91@gmail.com','frajan91@gmail.com','frajan91@gmail.com','frajan91@gmail.com',1,'8XEE6h8NRK5JF7MFiN6w5UIuhfyL2yN/mmClIBK2Rsk','keNa642Xp/PBre6knXSLXT0mrCXrT1DpjzO72DPbC3MBnp7DP3W1lg9L5Nmhr6DCRVFKSxm6uS/A1L9X+Gqszg==',NULL,NULL,NULL,'a:0:{}'),(18,'bacsurp@gmail.com','bacsurp@gmail.com','bacsurp@gmail.com','bacsurp@gmail.com',1,'LanUM76FK3XdiC1uFWPOoFU4.YplyXs9A.Jpcw9Muf4','BPKZnjlIcYAFFsmhkziJft5G/y3xYsb9WHVgl5oSqYTt59bDUfZpF9y9akinQ28y7zGtNeVftxzUM3WMHcWRaQ==',NULL,NULL,NULL,'a:0:{}'),(19,'agoston.dorottya@ferring.com','agoston.dorottya@ferring.com','agoston.dorottya@ferring.com','agoston.dorottya@ferring.com',1,'EY7RgevAkeVT47Y//qd7ucDner.VLqoK8W7i7nxjN1M','RKS2SXb7mXCejUiYv3NcOU4fNDU7NBiNKzaBq/wXpmbKIw9gJXkdViVaqiZ7cjI5qHktroU42NsPkkdClJzf+Q==',NULL,NULL,NULL,'a:0:{}'),(20,'dorottya.bolya@ferring.com','dorottya.bolya@ferring.com','dorottya.bolya@ferring.com','dorottya.bolya@ferring.com',1,'sIlQKtpU.l5A2t5.bs8Vb2/HD91ZDjPdRbW5edkHQRU','geBzAuYQtW1rz/wFZItxDMKc5mE/DYC6THRG8/esNNuvrBYCuOvGuQ5dbD80OmISz6nSO13p1ruu69pK6wmnfQ==',NULL,NULL,NULL,'a:0:{}'),(21,'akos.lengyel@ferring.com','akos.lengyel@ferring.com','akos.lengyel@ferring.com','akos.lengyel@ferring.com',1,'icHp3HOWK1gZiCw4wNvjYDcaAUKSolqXaIyo1RoAPWE','ArJ9S6WHh/gidAlNyxcwuMd2IOSajc3Xbi6xTlvvMjz1ZXKw3dulOWPtNqcsOAv/23xsAN3taT588AqvY4PAaw==',NULL,NULL,NULL,'a:0:{}'),(22,'ottilia.erdei@strathmann.hu','ottilia.erdei@strathmann.hu','ottilia.erdei@strathmann.hu','ottilia.erdei@strathmann.hu',1,'N1Pm8JN7AAUEBlYjTU4vHdWiCJpuW5aPc8RwmmNg32k','NapcTCy1pa2JeeeJ8cxKqaxAgEtpHty2D4IoTQLhNWy7YyDahs3Eb6kbprkAduh5TGrnXgEt6tFTuW5dH4djBw==',NULL,NULL,NULL,'a:0:{}'),(23,'domjanbeatrix@gmail.com','domjanbeatrix@gmail.com','domjanbeatrix@gmail.com','domjanbeatrix@gmail.com',1,'rEDL1wMjP/4oY0sBOcQAEuAou4mv6dV2Et2eb2myGX4','B8rbsv93/J4SVxd9xTci6A/Ynaf3z0XLkz/HPM1ACIJ3AJmILezPdAMWEdCJGQ8Do7xQ0ivLsT1GKcv65SPvzQ==',NULL,NULL,NULL,'a:0:{}'),(24,'vagiorsi@gmail.com','vagiorsi@gmail.com','vagiorsi@gmail.com','vagiorsi@gmail.com',1,'7olzpNVotssf2/gITJeUCnR2yTBi11yTBMIMhj1aWSs','cgcJSP6fcK8YGYdOdzFpWfFHzJsO5SEaTxiYj57KOX2BcViElOvitgTFItsA6/GXVA+XcUqJX/71BXfR3GGmjg==',NULL,NULL,NULL,'a:0:{}'),(25,'komo82@freemail.hu','komo82@freemail.hu','komo82@freemail.hu','komo82@freemail.hu',1,'TBQTP4/kcPoeUV3PuI0m1jZvZM/flZYjv9yBoMDNiK4','NiYr3Lo/bmib4nQGlv5Zi9ZqMIBJ598NLTx+fSehQ/VlTgTPLREmA10zEOgJhDR1jYYY15VRdRS5Du3VvcyGrw==',NULL,NULL,NULL,'a:0:{}'),(26,'dr.reich.viktor@gmail.com','dr.reich.viktor@gmail.com','dr.reich.viktor@gmail.com','dr.reich.viktor@gmail.com',1,'JdUbILOwb9OHjBSOdEbMw79xDZ98wC3mdaYz/unZPPU','Zmqin14QWsJB/CbMgIB4wM/ZgJBnmO+FSLZqBSl44KniQx80uakUm9tlW22h63PSn4ncwEk04b3lot/2G0dncA==',NULL,NULL,NULL,'a:0:{}'),(27,'dregyedpeter@icloud.com','dregyedpeter@icloud.com','dregyedpeter@icloud.com','dregyedpeter@icloud.com',1,'LoizQkr6DY2SV8yk53z3JNclyzznEmpJFDx2VCa9mFE','0Zj0fk1+18MdsHXvnAOTuZz9SKS1fLqNpmFmABbf/DGmz6P8gLkXzvfn3FmIV4UBVZR2x/5v+PuQfjhdAmEKhQ==',NULL,NULL,NULL,'a:0:{}'),(28,'nathaliemoga@yahoo.com','nathaliemoga@yahoo.com','nathaliemoga@yahoo.com','nathaliemoga@yahoo.com',1,'pMAJDdejr.MT1.xMQoGinsu2oNOkffy20K6G7cdzL0E','Qhmg7D8dRhmKpy7WN8ElzocaKYrJvAg6RC5nTbw+O4L5vgaYUWALmjyV3ObcL4oFwNCflG8SYNiT3b3ymEGdtQ==',NULL,NULL,NULL,'a:0:{}'),(29,'tegyula@gmail.com','tegyula@gmail.com','tegyula@gmail.com','tegyula@gmail.com',1,'XpM2WI5jYE5fpLb/CFgRereQt95T3gDR1PhXyX9gNe8','qXO5tzFSLNfUgy8eIRgV2GNW17/oay6A/s4F51VE7shTC4PLgqrxxmMrjJaGKNO3Xk6d5ScfSllHF8zcewiLBw==',NULL,NULL,NULL,'a:0:{}'),(30,'balazs.aracsi@gmail.com','balazs.aracsi@gmail.com','balazs.aracsi@gmail.com','balazs.aracsi@gmail.com',1,'IIeVmjLsAy0izjMQ/d2ykRphutiPpiqYqQC9Dr6hH8g','e7Rfj2zKGsstCBhOpGX2YuZ0ZOE4oie5FVBVtppHHlAiQeixqgfXv0WFX9HZ0dqloyF+BQXTih5EX7ARw7yORg==',NULL,NULL,NULL,'a:0:{}'),(31,'vargapetradr@gmail.com','vargapetradr@gmail.com','vargapetradr@gmail.com','vargapetradr@gmail.com',1,'BGYV2ofXjEj1iICDQ7i/hYrqph0jn6B7RHCxM3ABcVM','pen6UqY3TrPQNq7JL/i8UcZ9Kcg1TD2byekK66oIp8iKp3ni3kPV0p+oQYNMbFzB0G0uR+WXvpkbAtkYMFlKTQ==',NULL,NULL,NULL,'a:0:{}'),(32,'barabaslorand@gmail.com','barabaslorand@gmail.com','barabaslorand@gmail.com','barabaslorand@gmail.com',1,'.wsi0jVoXj3Y23eG8NtDUafzHkUZAluMBgHlQXHUEIQ','XLhcrKujHGKUC7vPcEbiuXgQIPz7jkjh0/CBUbkliEleY7O3cKcIaxUHB54HWfrjBLdQbft5LSUkdRR/qilMaw==',NULL,NULL,NULL,'a:0:{}'),(33,'martonbenke@hotmail.com','martonbenke@hotmail.com','martonbenke@hotmail.com','martonbenke@hotmail.com',1,'gU8tN8pHQgmN/DRrZEmyn.q.vdkg2p3mhFz3DZgJZPQ','AsFhEuta3CJHrl4yazfl16MXGVtZGWKO8m4Kw7HRIaoBdeWkHbF+PgC2idse1K36ECSHKptu3snam5EtJhooRQ==',NULL,NULL,NULL,'a:0:{}'),(34,'takats.daniel@supremex.hu','takats.daniel@supremex.hu','takats.daniel@supremex.hu','takats.daniel@supremex.hu',1,'PEGQ7/jwJ971sCq1nC0O8is8eVKE8dEfb7cI2vv7r8M','3c8Jjq5Re/s/SJ1IkaLWdxKdQG+E+Gta8uiKhBo1G1Z30CSTcCX0BlEJZOnGGD5xpkSuvFMd4f6JZ4aPlZgSpQ==',NULL,NULL,NULL,'a:0:{}'),(35,'balazs.sipka.md@gmail.com','balazs.sipka.md@gmail.com','balazs.sipka.md@gmail.com','balazs.sipka.md@gmail.com',1,'tmGQlvPUw4qUfLulT.zPElZ3Ubl3qAcUFT00EeuL5yo','JorSn2pzUtO4tXZG6bDFLAaZdf7ZGeReEY3GhOVwFYMwszp9P5tymheJTOQAs1WBDV4+cyGeR41OnFrESVyeLA==',NULL,NULL,NULL,'a:0:{}'),(36,'info@progastro.hu','info@progastro.hu','info@progastro.hu','info@progastro.hu',1,'gKB3MVeTVLLkGBterp0Ln4tDYdNttFkTVgI.UUua5nw','MAnk8g/QgBlHYU3W6+mz495cXjaV7g30mfTjZiKKUmu6Xhna8Gdrh7UEZ/wkAzqGUYyVCKomy6QOMGf2nROXFA==',NULL,NULL,NULL,'a:0:{}'),(37,'los.julia@ortoprofil.hu','los.julia@ortoprofil.hu','los.julia@ortoprofil.hu','los.julia@ortoprofil.hu',1,'MBEcgJMNgBMm/lcqRdhUH5i7I1jVRzooqPNRiJAgGb0','Bd0lAEnNjLgmV060ZW5CtVfiPrzirvi12KSIZqtpzilhAUQdWvKc+bM3T0/irVUBpb1zRDe80TL50VJ3RVaNpg==',NULL,NULL,NULL,'a:0:{}'),(38,'barta.zsanett.v@gmail.com','barta.zsanett.v@gmail.com','barta.zsanett.v@gmail.com','barta.zsanett.v@gmail.com',1,'GUSW..YJYLBOdY9HSJfOt/fyUAejHLbHSoCsdFkxaoY','E1HbKNfdtPFP5n4Hm8DRdHkl7V3fsuAeiBVzbCkwxEvXms9cp/XYHOPeVHYWaFkX9FSwz05xmPDLwignpmZt4Q==',NULL,NULL,NULL,'a:0:{}'),(39,'fadamka@hotmail.com','fadamka@hotmail.com','fadamka@hotmail.com','fadamka@hotmail.com',1,'qlUiQIOCt/YcUDuQxGe5PhEEIbjwr2tYVyju/RQj8o0','2xWQWhU1tnF+/zpOus6l6FwE/NPasC7gmiwhw/voz35loKJh3CinO+tgTuCMTktJrpTMS3/JH/8DefR1fUqcTg==',NULL,NULL,NULL,'a:0:{}'),(40,'szalokitdr@vnet.hu','szalokitdr@vnet.hu','szalokitdr@vnet.hu','szalokitdr@vnet.hu',1,'oaH3NST4t0mJgNPbi6YByZtF1j5zqc6rbY4JFPIazJc','iTBWyf0uH/96ba8/y4BMrBYVWN5etYiA+gK2TKBfPD47WMAH/fOsHJRC2g7yMBd4aLz06zNUaYdW9IOPrI+V8A==',NULL,NULL,NULL,'a:0:{}'),(41,'juhasz.viktoria@hotmail.com','juhasz.viktoria@hotmail.com','juhasz.viktoria@hotmail.com','juhasz.viktoria@hotmail.com',1,'OU4tUp.NDonOqf3WJiOkSlMbe9yEfz4waHQYAi2LuMU','0HFK/0C4MxKPNqmOv0n0CSydMA7ndnFSgMdQIknDQf5e0j/HihfZLlfx9g3rC3SL0YPunj3qVfyEb5U9+W8NpA==',NULL,NULL,NULL,'a:0:{}'),(42,'agostonlorant@hotmail.com','agostonlorant@hotmail.com','agostonlorant@hotmail.com','agostonlorant@hotmail.com',1,'Z7IGLYAgehPOIj5hFqqZGgkZPhUTGiOBTuhqOtuoJqE','hCoJ8np7Ej+045ps9Ebi/xUG6HIxyibnA10vBectcn0WdK7eKdJ582/1xhW6eYT6gQ3F6H7V7AnxwQizQd6QUg==',NULL,NULL,NULL,'a:0:{}'),(43,'sszabi91@gmail.com','sszabi91@gmail.com','sszabi91@gmail.com','sszabi91@gmail.com',1,'0gUrE5Un9gIRl8mVbkyFuvnBL/lNavD8tDZ1PxxA/NM','GESpEO5Z8wvElGxm6C34nzdSnJnhcdSrDG2BbyEwwlatS8TImYOFW1uJ9l/VV52Bn/z0kk0iSy3xQDZwVhDnzg==',NULL,NULL,NULL,'a:0:{}'),(44,'adnany@citromail.hu','adnany@citromail.hu','adnany@citromail.hu','adnany@citromail.hu',1,'TkoWwVwbSoDFfrgsDu6oyLXqAxU0PuwHIW5i5pP6MBs','Fd4bH9vua0Vi6IkHAJRwwgBSellvOQ+UcqB/+r4ExO1YWn57AnHe94boiqUcNov/xiyZdYyE3RvdSwOoLq+AsA==',NULL,NULL,NULL,'a:0:{}'),(45,'m.horvath.jfk@gmail.com','m.horvath.jfk@gmail.com','m.horvath.jfk@gmail.com','m.horvath.jfk@gmail.com',1,'3CNH.0gdKAUKkAXmlVQ//N3YbNardUKDd8NDGeKv7cY','xCne+izb7fyooRXLLciyGgUUxKdjTUCxRbv5c2CVR9n3DCIvgNCpV35qP66vdIeQ/L3hDJJa1YoKhJy6AXAHLQ==',NULL,NULL,NULL,'a:0:{}'),(46,'nemethagnes721024@gmail.com','nemethagnes721024@gmail.com','nemethagnes721024@gmail.com','nemethagnes721024@gmail.com',1,'S7eZafdoEJTEhQiugaeai8v7dLce1xslautWlfBJfoU','5JoO3oND7DvKGiwWzt+GI19dwnd17QmvN+O7az7N5kMsvv4enqjVcq4CseoHei62Keuyw90BZT4a3DTSDTdvOA==',NULL,NULL,NULL,'a:0:{}'),(47,'steiner.erika@medicons.hu','steiner.erika@medicons.hu','steiner.erika@medicons.hu','steiner.erika@medicons.hu',1,'37l2PhhsdI9re06rkqBGJZxJXqmPeBOYIZYAW.MVMME','jnwiOruted96b2kI8T7PTQfJwmYD4BUQYOQxZ6WXCfE57VP1MLf9K91I9Vpu+NfgWvNqw91MyTd4pEw24zjA7Q==',NULL,NULL,NULL,'a:0:{}'),(48,'bardosdavid92@gmail.com','bardosdavid92@gmail.com','bardosdavid92@gmail.com','bardosdavid92@gmail.com',1,'auW3ZviZTpx2fCT0RMRZGFxJnz/JOnRvuATUZpxuuZM','9O6r95D+Y5WDdnKCrFX2zgIHS+2+Gby250jMVReG7Nl5R23DS4x15f+DocoAZZCFLV2MX942nwkJEoAajQUlcw==',NULL,NULL,NULL,'a:0:{}'),(49,'evalilla.kovacs@gmail.com','evalilla.kovacs@gmail.com','evalilla.kovacs@gmail.com','evalilla.kovacs@gmail.com',1,'czpICYr78DfhsS0LMepmkCvGa0lpXAEGrRrnaeMew9U','mYifFXtODu/pN7WYLRYp+z6ulaj+6+LtvOR93skOCQvHtB0HbbaNcPfgQI/GJs8MJrUrZ7VoLwE5AHxZHyOcJw==',NULL,NULL,NULL,'a:0:{}'),(50,'drvargamarta@gmail.com','drvargamarta@gmail.com','drvargamarta@gmail.com','drvargamarta@gmail.com',1,'fp0Hl2GMTfhcBNDT5yAPkpA9tV/iaUkG8M0plp/NSJE','/WTkYvQGsRQGwxmws4jkV1+abTCcYrJggVUk1Lu0E8iGVdKGc0OMwkpJPvLKjpQxrMKi//QO/xcdFUJx0R387w==',NULL,NULL,NULL,'a:0:{}'),(51,'budaianna@gmail.com','budaianna@gmail.com','budaianna@gmail.com','budaianna@gmail.com',1,'s5MgjMYhH9ws.BaYVa8R91fOZQScRZFpaqo7LPI160I','vqY3Kxt3S4A0s1dAkmT7QfGGOHEkGiNmhKqnPTNvGTOzu0nimLRGv1WAlW7fAwYfXvsiAwjk+n5vyV8OGZ7zWw==',NULL,NULL,NULL,'a:0:{}'),(52,'gdrtoth@gmail.com','gdrtoth@gmail.com','gdrtoth@gmail.com','gdrtoth@gmail.com',1,'r1DjqNsd.thjoVXmp8rYvd.86jKHlbENuxWXu1nceTI','KtIXNvEe+psEZDPWdFxSDuKuPuSFgfYiXPPRCHd6hVy3VU9GR8lRRDJY4Jcb4DHte6wFbRcbGu5nJDUrsbeivg==',NULL,NULL,NULL,'a:0:{}'),(53,'barbi.lovasz@gmail.com','barbi.lovasz@gmail.com','barbi.lovasz@gmail.com','barbi.lovasz@gmail.com',1,'mC8XZ5Jyi57P3LYJSduq7tGNzI9GzMgr1G/iGWj3c4w','cpRZU68QKGy6epNhp5j1zFkSH/5xTN8dT9o6EkLrABz4i5b529XaJBAiknamhS+dZ6WhdngQH14x7b+UybwxCA==',NULL,NULL,NULL,'a:0:{}'),(54,'balintzsombi2007@yahoo.com','balintzsombi2007@yahoo.com','balintzsombi2007@yahoo.com','balintzsombi2007@yahoo.com',1,'3j4QZSJc07uWWef3.5Lv16kGTuxfaZnCE7O5TXyW2JA','HnD4RmqEDVt+abzefjiPMS95QnL+jXhWn0mJapOlx//5QBwLJNju/A3E8qNLopf/NIPHmzZGtKz422qXlecpmg==',NULL,NULL,NULL,'a:0:{}'),(55,'zsolt.somlyai69@gmail.com','zsolt.somlyai69@gmail.com','zsolt.somlyai69@gmail.com','zsolt.somlyai69@gmail.com',1,'79.gmA49j3o4ZbPVShWRoV4H0YOzaG/c2IISLUR7Vr8','0izbFFEzv57+n869qf8gG38DT8qq6UJc8fxRoqHMEXVbiCViqZUTSW67Wq+Fd5wlDhsuCoAHpOyM5ucvqxp3Rg==',NULL,NULL,NULL,'a:0:{}'),(56,'katalin.harman@nutricia.com','katalin.harman@nutricia.com','katalin.harman@nutricia.com','katalin.harman@nutricia.com',1,'m0BHvdtL2.KCdm3QAkPh52McOVnHUbeCy8odBNOniik','NM/9uU477kH8G3sdZi09ZYwTWc77WBSd1GsFwn25jdoOJ2UWEV2uPGBDt0Ab5zxRsXx+txE7Xvj2x0MGvgAFLw==',NULL,NULL,NULL,'a:0:{}'),(57,'dr.moszi@gmail.com','dr.moszi@gmail.com','dr.moszi@gmail.com','dr.moszi@gmail.com',1,'QFg38Xy8aaDIhJURdcwgPAtjgwHJIfLbSX0fpEnCY/k','1auGVUjVrOz6V4DfxTQuRUfCEOu5anqDH82T7uCRNhN3fFLrb0DP4SnwffjnvPw6xZKJbznfGw5Y/m1qRlvS3Q==',NULL,NULL,NULL,'a:0:{}'),(58,'acel.sipos@gmail.com','acel.sipos@gmail.com','acel.sipos@gmail.com','acel.sipos@gmail.com',1,'DFccq3fyGpZ8mxZNQf5rIVQe9uPUuUymO8P1Wkly9No','DjddcwMOXfTOSqoGMEHRBhG2thBvUI42D074eeSPRcAtnEk7aM07DZUUbvrR3kYcGONITETWSnjLexkTXGAREA==',NULL,NULL,NULL,'a:0:{}'),(59,'matyaslaura.f@gmail.com','matyaslaura.f@gmail.com','matyaslaura.f@gmail.com','matyaslaura.f@gmail.com',1,'NyJGNDLOaTQJnlE3Xc8W5mIax.nIlEfSJjDBKsCdwzE','Mx+2EMfwBTpuD/OxAOc29egTKJuWK7v0k9lWjRIoOkpU7hIOkFbLwOEPDyNXUxhnFKet5k/7DdThYXEXmlZ6ww==',NULL,NULL,NULL,'a:0:{}'),(60,'kszidonia000@gmail.com','kszidonia000@gmail.com','kszidonia000@gmail.com','kszidonia000@gmail.com',1,'k5sfwb1siXmm9.4SNpxULDdZv.qUEIJlPvmkxMBrAjU','wP75fFBjt5svs8t2f5Uv9A27YSCQML+EVcZfKC0GXNp5B2us8ajs3Iuh+yeQAGLAumxT6GqcHnQ7dBabPfYGrg==',NULL,NULL,NULL,'a:0:{}'),(61,'szemesk@gmail.com','szemesk@gmail.com','szemesk@gmail.com','szemesk@gmail.com',1,'lo0RCgojuGUWQbj7AzMiTdUNOVI0YfBlzjFWYEgTGjM','yBVoyW7ojoj05QKqUTYIBcZQ1+y+9bCgUKRUmSMXj06rHyxq1qNJ2ZcUQ7AKYkcjoZeuW1I4WHu2H099Oe3dig==',NULL,NULL,NULL,'a:0:{}'),(62,'csaba_gyorgyszakacs@yahoo.com','csaba_gyorgyszakacs@yahoo.com','csaba_gyorgyszakacs@yahoo.com','csaba_gyorgyszakacs@yahoo.com',1,'BeB1GjBctTBFNgo2KCZC4.WURmkk12p7vv4PG0pbtr8','G8vQrFopO5oc01JTiigiI2ho6bsfRISDWAhv0xGcr0rgRlZujfQ4iQmIzqU/JqNk5DccIkBGLbhXSO3pm/1Mwg==',NULL,NULL,NULL,'a:0:{}'),(63,'lenke_fulop@yahoo.com','lenke_fulop@yahoo.com','lenke_fulop@yahoo.com','lenke_fulop@yahoo.com',1,'MmTjyQZLN9.zD/cFyQ1DwmFsCSHmQfj.16.DSpT4Fv0','Ay0y/nGJ4LslOwZtXZBjLYQdSv7ykA6oFr87NIR96N+Eq0aYmT/m1aWy+LPkpSD990nwvaWj2UsFRRMqi/QWgA==',NULL,NULL,NULL,'a:0:{}'),(64,'anikodecsei@gmail.com','anikodecsei@gmail.com','anikodecsei@gmail.com','anikodecsei@gmail.com',1,'gxx8/CLrCnNawM4FibU.cOJoiT8zKzZ9b97AUXlwYq0','zLdy8fpxaWEZ507BSnpMKtCub4JAPAOH9v0NLKc6nWGLHyRfX1mVDick+4WTLsj2Hw6eqIS3FgH+kUlmAW9lsQ==',NULL,NULL,NULL,'a:0:{}'),(65,'szilagyi_renata@yahoo.com','szilagyi_renata@yahoo.com','szilagyi_renata@yahoo.com','szilagyi_renata@yahoo.com',1,'2y9Q/kfmgxTZlmCbKOwq3qVX5ciCmSTbPOPuoNZ/7ag','3j0hz6ldyN6AGMYICm3zQsTuAJL02El/zej9ddyrtCNGYkTE+3bxUpPJnil69tY318ZDG8PBtpeAllnPjSwuJA==',NULL,NULL,NULL,'a:0:{}'),(66,'mate.farkas86@gmail.com','mate.farkas86@gmail.com','mate.farkas86@gmail.com','mate.farkas86@gmail.com',1,'DZ5TDAt6UfUllW424MEv8EyGJydas8jt7YzdYoAsQkk','3+iOCXkoENPLDPAfxC/jOw6PG+SpObTpRLSscWgFm0e05QADPmupZ3pdtSfxThUUJo5WQPJPxvKYNvOxhuncLQ==',NULL,NULL,NULL,'a:0:{}'),(67,'barthizsuzsa@yahoo.ro','barthizsuzsa@yahoo.ro','barthizsuzsa@yahoo.ro','barthizsuzsa@yahoo.ro',1,'Ze6IFuK0n.ZDowuAotSmkITlKotReedu.UStuQjXRs0','/Tpee1hvDx8F5W69qdcnKf1njWvc+GVmrPnvLMFylfQK11FSnDrrzR6FPLqRY64QwpaXcduo3G8WccY/uxs7ew==',NULL,NULL,NULL,'a:0:{}'),(68,'sugabogi@gmail.com','sugabogi@gmail.com','sugabogi@gmail.com','sugabogi@gmail.com',1,'s04lW7pl5eTEhpp2y2jDnSq/cIOK8J/yXpx4dki7MpY','6LT+StordVcF89348L/D+Rc51/z0VSd3UZbcEfDGvqY4Hi1I6yOYyrc777gyeSMwtrF9rxhPUN2e+o2a4BExIA==',NULL,NULL,NULL,'a:0:{}'),(69,'virag.alexandra88@gmail.com','virag.alexandra88@gmail.com','virag.alexandra88@gmail.com','virag.alexandra88@gmail.com',1,'pDX6l0bO09Q/hPeE0hPax2F4Wx.ulR9q0pNOEBv.Grc','/9EO/OlfAM3zqJZYtm9ZwASLF++hThfo3FmDO+twFWbSdSuYG/NYpdVimI4O5jITqnZdnMgCxBVWN/6SfBIYmg==',NULL,NULL,NULL,'a:0:{}'),(70,'weiszenberger.orsolya@gmail.com','weiszenberger.orsolya@gmail.com','weiszenberger.orsolya@gmail.com','weiszenberger.orsolya@gmail.com',1,'/nkPckblR5GffS/0Jd85jlDs3t35ctvhHmtqo52YZ0E','hxM840Yo8pGTfMVmZiLYHOx4qli4wTBj3Sb856fW1zjPiLE9wyOE5/scrrCrFgjKkRUamwk3XcpywcPMxLI3Sw==',NULL,NULL,NULL,'a:0:{}'),(71,'helgahajdu90@gmail.com','helgahajdu90@gmail.com','helgahajdu90@gmail.com','helgahajdu90@gmail.com',1,'.8YgLQSRSufTI7o6uYXMQSxmURztwZ48MwX4qgd6Bco','VEf3d+bo4DemNmlYxyWKvXR5xN5T6rVRm7D6Pb1l4h83nyw1xK1O7w2jO1c/hqbie0CUD3wC4crmfvs+uyjCbQ==',NULL,NULL,NULL,'a:0:{}'),(72,'zsuzsa.kurti@gmail.com','zsuzsa.kurti@gmail.com','zsuzsa.kurti@gmail.com','zsuzsa.kurti@gmail.com',1,'9/a9gvddw5xJyzhtc/wgTeyP5w.vbOJFT8tvpsMBGu4','dNIP63xtb8983ed0BUSr+j9nYLkX75+ox70y9/9uLoH8cq/LJohGDE6FOQrbzdA21qyd8kErK5kklXk/qFiL+A==',NULL,NULL,NULL,'a:0:{}'),(73,'livia.lontai@gmail.com','livia.lontai@gmail.com','livia.lontai@gmail.com','livia.lontai@gmail.com',1,'fSriV4Abw8iErTOVQg5zIp2LTUyz6/A2ApqWzek9T1M','KQ19ikEXvnEe3BlD+YyBaNYD+ps19hecQ1UOsooW1dyfu/WFoCOZX5zNsPLv2pGjQLcgTFNZQWu7Ie4yKLC3iw==',NULL,NULL,NULL,'a:0:{}'),(74,'illeskristof@gmail.com','illeskristof@gmail.com','illeskristof@gmail.com','illeskristof@gmail.com',1,'OzFjEJJDMM/R9FvnpYS5Q4Ia3337KzHmjzAQxdiHFnc','yQTn7Fh8nwK8WzfUZjdRpzuxsvAGlmPQ23GeDPCtiW//43TLx3oKUHQPaFfQPaTxX7qspar2FrV9zewmnx0HLw==',NULL,NULL,NULL,'a:0:{}'),(75,'neumann85robert@gmail.com','neumann85robert@gmail.com','neumann85robert@gmail.com','neumann85robert@gmail.com',1,'PWdrPUcqbuWmFptVN4AQBxTX8R45O9/JBqSw2R7b1YQ','r43EaFxLug13tuLGP+MAfNYUenCbIZcTpx72eFOw5t/I2v62YvDMFfrvzH6BcEIQyZihMvDsufBOFzOKAU4+PQ==',NULL,NULL,NULL,'a:0:{}'),(76,'martin.annnna@gmail.com','martin.annnna@gmail.com','martin.annnna@gmail.com','martin.annnna@gmail.com',1,'kgQKM515J2rBrN4orLfPKuwoTNV4TTGOPBtzV9G07Kg','UItFjr7Ixb/Z3qK6Uz5tQBPLzlb1adK98yE6A0Qo+Np9Hm8YOCqL11HSZB1HkMvJ9veXF4DvOllatlvwVaHCRg==',NULL,NULL,NULL,'a:0:{}'),(77,'varudi@gmail.com','varudi@gmail.com','varudi@gmail.com','varudi@gmail.com',1,'GOSfvZ6Xfue.f/RzZkDsuDyCsb9Ajd6R5Hf5g3mcvpY','02wupq9owklgqPfRVeaVYfpGhWRuMSHNV9TwWebRzGbURADTQfc6jIJiEG1vKslB0F/7bNVi4fUSNB2DRvkCKg==',NULL,NULL,NULL,'a:0:{}'),(78,'studybenyi@gmail.com','studybenyi@gmail.com','studybenyi@gmail.com','studybenyi@gmail.com',1,'blGFOxJ3rsejH6Wy0e8iMotaYIq/1mgVBPQFA8iNxzE','AuR2wQ4IM/ZYs9aF25ff0H1mwlPfAurp3qFxA5g7iPQe0dBN5gb6pyFraDWkz83buzbbU2xORyix0AwoTfAQlA==',NULL,NULL,NULL,'a:0:{}'),(79,'sarvari.katalin90@gmail.com','sarvari.katalin90@gmail.com','sarvari.katalin90@gmail.com','sarvari.katalin90@gmail.com',1,'H8JJ.1t/cG.YJEkNxxyWLHTjTUciI3GTYhb0NRFbu8A','9l9fvxy73iAt4bXBjBCsFA1r+O8y348aFDK7voCimYB7QLwnu7N8+g8dHSBIv+C8nQOmrVejBhtn4fVRmQh35Q==',NULL,NULL,NULL,'a:0:{}'),(80,'merse.anita@gmail.com','merse.anita@gmail.com','merse.anita@gmail.com','merse.anita@gmail.com',1,'kMwrKmDcYnj5Q16Vgr0PU78HBuQ7jva2rkBGnRnRAJg','OgvVZSRYXR73IpPuqTN4NB+fastKtZYJ7u99rKz5djCFg2fNKVE8QHSoDv1ZRIIxPRTRMAX0ZrKipahBvLyEPA==',NULL,NULL,NULL,'a:0:{}'),(81,'akormanyos@gmail.com','akormanyos@gmail.com','akormanyos@gmail.com','akormanyos@gmail.com',1,'mPwF4IR2S4TCXGNoqY81Uki.5L2L7TKEd4bBqRbEOPM','J70m+1w3KjZ8MTUpKVL/ykaGrrdBtQRVMktIFWUqPY4pIho31H+stl+aTdO7/zSZU1DvYaJ6YkiJZfYwZqcMxg==',NULL,NULL,NULL,'a:0:{}'),(82,'tillus@freemail.hu','tillus@freemail.hu','tillus@freemail.hu','tillus@freemail.hu',1,'LRdF4W42wZMsJlsncXAl5fD3JKo.VSbTiWn.3RzaCs0','KVeNL+IrZ4cV6ZTK+TGYLIkmxzFDHaXqSk8N+Ntcw4g+lybqdxIi/u5ZlbksEitdtbtXlfeg9pw4SSlyUAe8hw==',NULL,NULL,NULL,'a:0:{}'),(83,'mihocs.alexandra@pte.hu','mihocs.alexandra@pte.hu','mihocs.alexandra@pte.hu','mihocs.alexandra@pte.hu',1,'rz0FYchvRbv.Gob8n0sDBdouC0OkjVNmPnG70Hk1cgU','PtxfxTdNzjhjG4PuIo0ss0fMPrf5C5f44Lub6HF3dra8h4iza1CgaF3f5E3w2z3BvsyXul8M3aT8Zxji6V+knA==',NULL,NULL,NULL,'a:0:{}'),(84,'harisakos@gmail.com','harisakos@gmail.com','harisakos@gmail.com','harisakos@gmail.com',1,'cy8SawzVWUL5CjJrrco5y573hihIw1yV1jRQacU1Wqc','NYKnAaWzZM8o9igcuwsirntrZL9WGIqK0AQdt4JbyCrYFQGN9WaKahpzc8AjtJnV1gCcHcGiEAXG+jZy/bmKiA==',NULL,NULL,NULL,'a:0:{}'),(85,'balint.anita86@gmail.com','balint.anita86@gmail.com','balint.anita86@gmail.com','balint.anita86@gmail.com',1,'wRhMSdFqoSuamFl8tm.lkA2.uTRjeo2ps1.o7uKPX38','a/atNhWuFTg9YE0voSVdS2l5DK6jQFm/AViKrag1Jo3XoV5/4XduWmvtl7AHoCKlJGgzdeGE5e8LLK/Kscx7Zg==',NULL,NULL,NULL,'a:0:{}'),(86,'bernadett.orsolya.halasz@gmail.com','bernadett.orsolya.halasz@gmail.com','bernadett.orsolya.halasz@gmail.com','bernadett.orsolya.halasz@gmail.com',1,'XmVkeSXmJc8BDoEe6BUCVzp52t/qlSvYQkOsyx6XRAg','QRzEVgyJsjHSS8OAPbTe0U+zsdm6bOYI0H9Mc8jrKBPO5WkXKZAMTMwHfA6Cw6NtNIIxKi0H4EhF4W2bILGlbw==',NULL,NULL,NULL,'a:0:{}'),(87,'dralbertemoke5@gmail.com','dralbertemoke5@gmail.com','dralbertemoke5@gmail.com','dralbertemoke5@gmail.com',1,'mFCT5ayL.Akkai0F1Dnattrjc6KlUKuuB2frBpeCp6Y','u7B5cGURgz+t27d3qraTC7hsgn69HKgLG72fITopQSfXlQP4ljkR+EM4Aq4UJXdL/5yIGEF5JZF6c7/NImGNKQ==',NULL,NULL,NULL,'a:0:{}'),(88,'soospety01@gmail.com','soospety01@gmail.com','soospety01@gmail.com','soospety01@gmail.com',1,'8uTAqF55nWWGSQAmmdXQZfQXfCz7KyTh9guQC83li2w','PCy8TzxNW/dPnRPRlxf4GllZTZaIzZQhYN8w1pKgsNqr0XI6TtSzaB3dvYkLo/xTL64pAOe26EvDLNsS7hDRZA==',NULL,NULL,NULL,'a:0:{}'),(89,'dekanykatalin@yahoo.com','dekanykatalin@yahoo.com','dekanykatalin@yahoo.com','dekanykatalin@yahoo.com',1,'JkuH2Zz0VwIhVNpTgLcx1czXxUbwoKspgAYliFNHDtY','RFCbPhY4DeUtCWz6ym3x48knAEdtAls4wJ2ZYG/6mzR7bes2IkfDjmK+RZ/lP5bhcOGoIQv1tmn+Yx/H/AS9EQ==',NULL,NULL,NULL,'a:0:{}'),(90,'mogakristof@hotmail.com','mogakristof@hotmail.com','mogakristof@hotmail.com','mogakristof@hotmail.com',1,'thM3QRS3VG8pOpSBjkftVbHqpWZDdMvPsZc7CUcXbQI','NP0E0I/fNimV+nC1W1SFmGYaUyQ6WwOEASzavw5BHdkMbP7KX+XGjlGXHhHRUv4LcxxkHfKHdxFhJ1+qr3GIgQ==',NULL,NULL,NULL,'a:0:{}'),(91,'simonbazsi@gmail.com','simonbazsi@gmail.com','simonbazsi@gmail.com','simonbazsi@gmail.com',1,'LOXp1wUnb3h70Z6PhTkS71pS2jx9ez5ExRo9mKa8850','6vBZlYNSOdeDtIjLwn9O9agntUwcagPlG359B0O87up+umm/CNY+rPvNghetFlTcXa1N3Ezhxrt8uUfJzEIwXw==',NULL,NULL,NULL,'a:0:{}'),(92,'tabiscutaru@gmail.com','tabiscutaru@gmail.com','tabiscutaru@gmail.com','tabiscutaru@gmail.com',1,'sDtTJgSJrOG0e46zuo1cOmk1Tvx9YV2nVDH9ai5iNv4','RdPpEZgMNvIRz+3PB4nOe5l3UV40N9Pwza1bk6Gir/yww44pxp8WmVfXbaPQnTD2S35HexzeyHP5ZzeNu6eOLg==',NULL,NULL,NULL,'a:0:{}'),(93,'polonka.krisszi@gmail.com','polonka.krisszi@gmail.com','polonka.krisszi@gmail.com','polonka.krisszi@gmail.com',1,'l9ay56EOIyW2Akz.tkdsYuVThgvrOz6rhmycZMTD6aI','mfLMn1HvmDGZSyhCOB0+Po6RzXgWvgv8dlSGMPIb0qiUnYebSL7mtwy/OfDYrwqAfFZUTdCuNY+o0d/LODMkbQ==',NULL,NULL,NULL,'a:0:{}'),(94,'zsolt.juhasz92@gmail.com','zsolt.juhasz92@gmail.com','zsolt.juhasz92@gmail.com','zsolt.juhasz92@gmail.com',1,'usyfXQiRs6LiYEhDj3lrbt27Be0gVt7F1iyg1z7/L7k','0kIYUmPprgtPwRN/LDJhO1hmYNvuPKaDLQKt7oS16eVyIB6JZdm8yW6HmW80ru8YjbmYtA1vMfHAK+lmgXL0/g==',NULL,NULL,NULL,'a:0:{}'),(95,'szalilla94@gmail.com','szalilla94@gmail.com','szalilla94@gmail.com','szalilla94@gmail.com',1,'oHRVfIq47rfL71jvJe9VEeDdTc3Q1oQC7Sb8jWNSzew','tm6WVGH6A5T/JsDNXndPl9r/+pOT5aCjr71vfXtflWEbloMFnYDy7XzYAJYfhngObgsST2ycm0//9MUqU7f34Q==',NULL,NULL,NULL,'a:0:{}'),(96,'norbertfarkas@yahoo.com','norbertfarkas@yahoo.com','norbertfarkas@yahoo.com','norbertfarkas@yahoo.com',1,'5TdJa7kORRMcE4QAE1oAFNSD52c33CQYdG/PHr/SMio','qIqft1jFhWYYGmFF8zMAGIn91A/J5Kgkfj4XPO1bRKR/FZr3vsVrj3KlIw+1mXZj6RFLzGuoEKjx0q6JkTD+jw==',NULL,NULL,NULL,'a:0:{}'),(97,'sahingbor@gmail.com','sahingbor@gmail.com','sahingbor@gmail.com','sahingbor@gmail.com',1,'mceeaTj8QfxpfwAXjlHoOmgj9IiM491py6cDYHyYhBc','3JRr3U1Xwypxf6OT4xuAp92CiQ/B2mJBwQzSDQziFJTYoQwb34iTwusYA5FAK+ogyqMdPW7IJpi4XW8tddfSWg==',NULL,NULL,NULL,'a:0:{}'),(98,'pappszisza76@gmail.com','pappszisza76@gmail.com','pappszisza76@gmail.com','pappszisza76@gmail.com',1,'UmSx8oeUEpfezMQFs0Y8ti67lmcLTheGWoAp9r2oaP0','/c57m+Q9qziFtrG5dFLDmJ180sIV1xQv3kqmPiBCVV/0wyGXs5EfN5f/HTUKZcbPONOIMat0emtJP20EE6GZXQ==',NULL,NULL,NULL,'a:0:{}'),(99,'dr.udvarhelyi.gabor@gmail.com','dr.udvarhelyi.gabor@gmail.com','dr.udvarhelyi.gabor@gmail.com','dr.udvarhelyi.gabor@gmail.com',1,'bsCn4E99oLt.MTjyE7daW..CvZ42WDtgI3pHXwFRYDs','hC1Qztp0ucV0A7gkdle09tWpsuqN308BVVapy4BSt1jHF6M0qs25rRgWRuYp3tU+yv8eqE2XWiHH/+a/g+oYxA==',NULL,NULL,NULL,'a:0:{}'),(100,'szkatus18@gmail.com','szkatus18@gmail.com','szkatus18@gmail.com','szkatus18@gmail.com',1,'OH6raXAfdnTBIbFF0W01uH2edns6dK.hEvldwFjeL9Y','7c3j20aLXPy9lj2sXiQ6oEnyWBAY+Yfh9tyixvfE3EXfNkMpv/BA6W496D/pzIdESwZNXjs0S8UDXF1du2QkCg==',NULL,NULL,NULL,'a:0:{}'),(101,'hecsli@gmail.com','hecsli@gmail.com','hecsli@gmail.com','hecsli@gmail.com',1,'0o1ZnGqr9dvW7ZM4rpU1aZM.Kj/kH2oJofwB/Q9N8JI','OidWytHbGBN6SoL0ZiGapM7xIA+FeaVZmA9hRmwppdrMpFoittqRPh692Qd3LyMvOmqO/XJ5ywRoScoIqaJFnQ==',NULL,NULL,NULL,'a:0:{}'),(102,'kisbiro1986@gmail.com','kisbiro1986@gmail.com','kisbiro1986@gmail.com','kisbiro1986@gmail.com',1,'9ccge34TrLS3FxhfomyCYVGToddb7rtNdDsqvkQdPw8','deAOKaIB5u8gV7j+ASrAZpHe5qlwgBitFq08wMbCLy07yAtOL5ndL/E9mxxhvVGFS/asKDb7fu8tUUxwFNNPYw==',NULL,NULL,NULL,'a:0:{}'),(103,'solya.menyhart@gmail.com','solya.menyhart@gmail.com','solya.menyhart@gmail.com','solya.menyhart@gmail.com',1,'qMjh2ChWHud8EyvOZkXwpEZdkpCxeEKtnI0yoO4BEm0','RRuLeyW7TJLAe4dQwAyOu7ykODi1A3mxPQqM9Ub3z+BWB7VEbxk5GliHz7ExGPyIaHWJ7OOMe+QARtjO371f8A==',NULL,NULL,NULL,'a:0:{}'),(104,'szakoos@gmail.com','szakoos@gmail.com','szakoos@gmail.com','szakoos@gmail.com',1,'JnUwubYI7b8mm.cIkEdgUpALRSx4pqeRvqYqxjfY.WE','hcfmpp72AroTgN46C0WFCC3noY0keiiESNVhsi7r9zjuDJeXr8z5J3p363SfmMDFIhmDkV2nW3kRkICH7ccH2w==',NULL,NULL,NULL,'a:0:{}'),(105,'e1001@freemail.hu','e1001@freemail.hu','e1001@freemail.hu','e1001@freemail.hu',1,'3fEo2njG914kM1SEwLcB.nieaHt7P96Syx2nkQ6uD.U','ROsbKTffIC/fehPZ+yMfJmImgB9eDbgHbVaj9bf5SMRYKqDlEHnQIP4MEneFFhlucZzyQcBxeAqcjxx06KO/1A==',NULL,NULL,NULL,'a:0:{}'),(106,'barinka.bianka@jettravel.hu','barinka.bianka@jettravel.hu','barinka.bianka@jettravel.hu','barinka.bianka@jettravel.hu',1,'5Ro3VhOPW1pM8AMHwBedvps4oj9K4OGOGSD7f5ZpVK4','q1PtLRMg4R/RkV4gdaZhu3b45HzuWG6F7bBKY+t+Z+Oai4PTGxVcPa2cprjnwquzoQX7jNLQxuqPrXLPl7hH6w==',NULL,NULL,NULL,'a:0:{}'),(107,'gabor.harang@gmail.com','gabor.harang@gmail.com','gabor.harang@gmail.com','gabor.harang@gmail.com',1,'ExVwQySzAdjZ4GpLfveGXLo9cjMg/wPIGvgcWlfBNos','MjY2rV3lYouIkUUGpp8hptISQ0MymiUd0+y0k90+QPQjVt1gfgZZUa2YJZKNdFT9Qx/7a//wyKEK18Sm0CNgXg==',NULL,NULL,NULL,'a:0:{}'),(108,'lilisindler@gmail.com','lilisindler@gmail.com','lilisindler@gmail.com','lilisindler@gmail.com',1,'CS.ZZL84smigAfxMSRRrG/JQTLSKknoKKokqkhRYyoo','KXDjU7Vcjy0TAJcvO+nPp9+VrNeoQp92LcC1nW39JYNj1InHEhsamlntniVaoyKR2TDwt3S9p+Zb3/6KgFmu/w==',NULL,NULL,NULL,'a:0:{}'),(109,'tamas.egyedt@gmail.com','tamas.egyedt@gmail.com','tamas.egyedt@gmail.com','tamas.egyedt@gmail.com',1,'U7rQCGk/BbamIwIXHI7AbP4Vhkg0/eDgG7bISBuOGy0','1MvxedLRzK5zGBAyKWLkmlWkKUBkKdnTMj5oQvJF6vUBH+Lt7x2dFyQM2wXVosIsxTC7tLoiQXZnPWY679RAew==',NULL,NULL,NULL,'a:0:{}'),(110,'email@kovacsbalazs.com','email@kovacsbalazs.com','email@kovacsbalazs.com','email@kovacsbalazs.com',1,'kGRBra7pSKFj.MlmqkeAIuqIiXAbGI9mV2J4wf.Q0Os','fv2VEmldGUjPESUI21MAQRf9n7uTVEmp9gcxiaTXOVfC8ogtgnoO01yjEQLDP0r81rFmUvzGOK9ytsbKRiDyUg==',NULL,NULL,NULL,'a:0:{}'),(111,'katalin.edina.voros@aok.pte.hu','katalin.edina.voros@aok.pte.hu','katalin.edina.voros@aok.pte.hu','katalin.edina.voros@aok.pte.hu',1,'SXdQFbyjMpI43HY0IElB7padeU64isKHzVDIkKsz48s','cmcoBEz07f6vgy+wZLHcab7l54P5TX+2A55NfZdXvqAtGsQUytQXInug7jEhijHzaCokqpmcVMRy+KmrjQH+gQ==',NULL,NULL,NULL,'a:0:{}'),(112,'alexandra88.farkas@gmail.com','alexandra88.farkas@gmail.com','alexandra88.farkas@gmail.com','alexandra88.farkas@gmail.com',1,'Q.BpxyEBHD5XOr4qn3R9RMCGb8ezifRb.CKyCs4GA0c','z+kU9KpVx/BC7JHCUtv9IqhA+gk0GnemnQ/dj/FvhF4vpj3dxWVPzW0e8cdDWQpNc4PntMbpTnFlhW9N1PP3vw==',NULL,NULL,NULL,'a:0:{}'),(113,'csucskamate@gmail.com','csucskamate@gmail.com','csucskamate@gmail.com','csucskamate@gmail.com',1,'gHrOmFKkG0Jx8t1/sN4o0RLP.miiHGRwrQBT2/F1IZ8','ndFvfI66vnTkcqUeJeXx6XoJmSvVoV+lfgA61UFdA/4rKGEhduUEkYqSWXtMqyQRh2bCOT4f3p4S1WZYjo1MDw==',NULL,NULL,NULL,'a:0:{}'),(114,'plaura0507@gmail.com','plaura0507@gmail.com','plaura0507@gmail.com','plaura0507@gmail.com',1,'Qu9cukV8.lBRUUbdjlP9M55fAKNGtdWm1se4ATU0t/k','+vVsxeItCfsyMfGjexDsHUN8p4NRREBFq0yYRyIgh52ouptR6XGzpJSqKmW3CFuWXXc9vW6spBI9mcVrW4CIrg==',NULL,NULL,NULL,'a:0:{}'),(115,'haniko1990@gmail.com','haniko1990@gmail.com','haniko1990@gmail.com','haniko1990@gmail.com',1,'Kd46YYOtlD8aqZIXAgXII.wZ4wd1b8dl5uqiRW5Z86k','yplx6wPuqY1KNVbbYRVohU75mDAd/TehoLIqYhK5NMJ5FvSWfjPXsGSqKS8lXptXEDixK+r9OZrtjYRcJHhxOQ==',NULL,NULL,NULL,'a:0:{}'),(116,'rosztoczy.andras@med.u-szeged.hu','rosztoczy.andras@med.u-szeged.hu','rosztoczy.andras@med.u-szeged.hu','rosztoczy.andras@med.u-szeged.hu',1,'YuvQ7AMzhsOPKMkKc4lIFUjf1wwM4USh/Tkd/1w8/.I','YYeyZo3bXABmpIcDY4xf17ZdxZ+NiFc+LeOjxFtmIYvbEabUTAP7NEfu4QYM7Y07SodGsV5LvVahK64DPRj94w==',NULL,NULL,NULL,'a:0:{}'),(117,'ginaolle1@gmail.com','ginaolle1@gmail.com','ginaolle1@gmail.com','ginaolle1@gmail.com',1,'d7deS4ycAEWBI1Qs/.G8XvJUic97YaNkz9AlKExwaVQ','qDazYyityc9kikAkKYgt6dOtOHnztPa+kh4LuW7qJUUPOxznT9yzv6i7x1tbiX5/RMDf86Nw8Ny1uelETywuOg==',NULL,NULL,NULL,'a:0:{}'),(118,'biroagica@gmail.com','biroagica@gmail.com','biroagica@gmail.com','biroagica@gmail.com',1,'2njGc1YiA0pV8CvkozC7iiWeWNgF3GUL5mj1E/UsYWU','KItE7ZL8XsHls47Hg84f0hz9H5lS0pE9NT3eBgDB3eplV6cwyZBF7k89O/pSeNLQlHy/vgTbI21P1HzfHK1HVw==',NULL,NULL,NULL,'a:0:{}'),(119,'rebekaliebe@gmail.com','rebekaliebe@gmail.com','rebekaliebe@gmail.com','rebekaliebe@gmail.com',1,'xY6aEy.7i2r7uX7e55o5Z5rjARItw/r3Fbz/euGgngE','QN2MnMJJuKh3uD4qL0dfdI00wfc2UfWpZNEHvlrQ9Wtwo721HOt+0Rhr5NF4RAsaH1IDsU3vI0Ok8Y14zxJDgw==',NULL,NULL,NULL,'a:0:{}'),(120,'vargaistvan1950@gmail.com','vargaistvan1950@gmail.com','vargaistvan1950@gmail.com','vargaistvan1950@gmail.com',1,'E3WQs60bUeIknxgmtcGv8LOCp87p1JWG6/pVx65U574','tueq30JZeBrxMkSJ8KFI53L3ATMJ2dUionZCjv8wzvQSErpWXii8n5ew2/1aUKrgw4tBoQnK/Q4Ypx8ic65KBA==',NULL,NULL,NULL,'a:0:{}'),(121,'golovics.petra@gmail.com','golovics.petra@gmail.com','golovics.petra@gmail.com','golovics.petra@gmail.com',1,'3BwjabbkzeDKAcezoqtn0YogJegRqvR1m6uIz/rkRa0','4GuvpSCudOMQpo06BtDLIEik7b+BojY00262l9V3SoKcbDpNq530owhqO7QvlN34ljn5GoKWp9k3I8HPiijg+Q==',NULL,NULL,NULL,'a:0:{}'),(122,'fuszpet@gmail.com','fuszpet@gmail.com','fuszpet@gmail.com','fuszpet@gmail.com',1,'BkPDU0LKJPKnhXBRP2rGtWKuJW9I4CcSKuQvzSog/sc','z8SaHT//c2hAnpslqZMPydo4cCdLGKfEKUJrNRflIRdvIckuaJEUDtdrtYwT8ryQAOtZW8+y82bqeHn5Enjw3g==',NULL,NULL,NULL,'a:0:{}'),(123,'stefan_vaida@yahoo.com','stefan_vaida@yahoo.com','stefan_vaida@yahoo.com','stefan_vaida@yahoo.com',1,'GRvXPHutGo.k9A20JbSGo4toJln.g1YQFtin0k8cVXY','s/MyaWeDzR1r35P7bKJywNSoyxZ03udT7VCNqr7JoALaX4Ywejsoz8G7AEI6+qu4+XFyoqix4av8QnWIt44xPQ==',NULL,NULL,NULL,'a:0:{}'),(124,'molnardristvan@gmail.com','molnardristvan@gmail.com','molnardristvan@gmail.com','molnardristvan@gmail.com',1,'zP17ApPz2e9IcUqaIvfgS0QBGoQS6AZoVDB0TJtRM.k','Wg9ZugGML8N3U+t+ENQWaTDEDsGIBHuD7r0tXEPft8BfBKYeH+W6sQA9xOzfeaOM4Xx3LF6AZy3U+zZIfhT4xA==',NULL,NULL,NULL,'a:0:{}'),(125,'juliarozsa11@gmail.com','juliarozsa11@gmail.com','juliarozsa11@gmail.com','juliarozsa11@gmail.com',1,'679.ypMzSvtyr9IywWL6kNcC.TJg5ZSsLw9KIFlk.t0','3xvhNRL8jIUShQKN64xqwjAMZsG44yRrZ89SNkhbO9ZDUtolgKJBbTZmoHvi5pDWIG3y3cNDMyEkweQhsyblcw==',NULL,NULL,NULL,'a:0:{}'),(126,'soosildikoka@gmail.com','soosildikoka@gmail.com','soosildikoka@gmail.com','soosildikoka@gmail.com',1,'n2ziuXZcl1OH5TiVFh0P8ClQNGv4x5MDW9EaGuoAFxg','1sp2iFX9s6dmzYQE7CP2RKb7QWt5h8t5wkXXL0oKQ3K6FOZvpvVuP/xtmn+1Z5gakmkJaFwjshJUwbvO8Twd+g==',NULL,NULL,NULL,'a:0:{}'),(127,'dr.nagy.attila.seb@gmail.com','dr.nagy.attila.seb@gmail.com','dr.nagy.attila.seb@gmail.com','dr.nagy.attila.seb@gmail.com',1,'RVmz7vVgqGXe2MLVWmwrdH31Bfnz/SX2uMGNjvzeDb0','1ENHTmyds6eB1JzFMyobiURJPOl6aTOBCxKM1vAuW5H4QIk+ER1T3GIEvl/ZgG9mNPMPClMQu2zD44BSmDDrdw==',NULL,NULL,NULL,'a:0:{}'),(128,'zsoltviranyi2@gmail.com','zsoltviranyi2@gmail.com','zsoltviranyi2@gmail.com','zsoltviranyi2@gmail.com',1,'MTfmZI2BAxN8MijB8/ijTCdsp4zxXoTOdmYLLo/0shs','Vn9vHxc/2X1w4hoCljuLBmOuNeyuT4ePqzUTXqjMh7I+cTUjSAi3P2fs8fGUVbMfzRYlFs2ON6LGLCj8YwufhQ==',NULL,NULL,NULL,'a:0:{}'),(129,'dr.csorget.tibor@freemail.hu','dr.csorget.tibor@freemail.hu','dr.csorget.tibor@freemail.hu','dr.csorget.tibor@freemail.hu',1,'j5WmJDlFDf.Y7YLnVPtuxd8RTBbgVihtvm2q9Rnzdf4','tTOYKT7v1QgpJ0TJpHiLqGyRFz5JthUZjRSTw3kx218bSz9HLAPrflMJ0q1IJrr6Yv/ZTXY9JGGFUONbgv3IIg==',NULL,NULL,NULL,'a:0:{}'),(130,'scheftsik.laura@progastro.hu','scheftsik.laura@progastro.hu','scheftsik.laura@progastro.hu','scheftsik.laura@progastro.hu',1,'Vrv2ZB5pnADNBaZdhlLNHApE6VFQgbrWR8uOS3uNlRU','8A6JUu0LkyjGHRO071O5a/rBW+g6iRLaeQHQiKaFkPMvjvx+8mWyRlOH9bRUp8INvVD8BCV11MWpgN0ZxZ+eVA==',NULL,NULL,NULL,'a:0:{}'),(131,'szekely.ivan@gmail.com','szekely.ivan@gmail.com','szekely.ivan@gmail.com','szekely.ivan@gmail.com',1,'tRTP6QRpn58xVKt5bTeP4QvTvVq8T4YQv3ns4Tgyj2o','OkU3wUVCa99vG3XEoj6w+ZfaRNuXUhWrccidajSOsi+9Joctk4/vlSRnWPCho05Qri4ETK7bxq9lHI1eI31YgQ==',NULL,NULL,NULL,'a:0:{}'),(132,'ladi.ildiko66@gmail.com','ladi.ildiko66@gmail.com','ladi.ildiko66@gmail.com','ladi.ildiko66@gmail.com',1,'RoGSP6l2e99Ymx1aJWUr.HWEgPoJ1ypUFLSbCxGXsRM','08Uk0HDj65DE04mPW1/elsIuMyZkg7wd6R5cgK3rHS+hd/p7xUTA3oHyZiq2d/5LADOGkOqI3me073/9Xlp9hA==',NULL,NULL,NULL,'a:0:{}'),(133,'vasas.norbert@kardirex.hu','vasas.norbert@kardirex.hu','vasas.norbert@kardirex.hu','vasas.norbert@kardirex.hu',1,'3HjgbRr/LSpvwZTBp9HN2vH2baIcs7em6Uw8TCrU3rw','2aBxKi/y4F50d3H6rAp/1cNxKQ160UqAwIIwbNMfVVfM7xRTWJcxY3MiEPKLuqdocw3A/Ve6ztN5axnptfYIDQ==',NULL,NULL,NULL,'a:0:{}'),(134,'diana.czompa@gmail.com','diana.czompa@gmail.com','diana.czompa@gmail.com','diana.czompa@gmail.com',1,'lVprgzTJSEVvQ6xPiPOGQ0hD1ZpnQj/A5DY1nlB9Wx4','VPo2uw6phrnF8d8q0HgYptxY8n2jBCGt/bNNrV0Y5oOpVlGm0LLY/hviRTQO/4T5Qubgkuio6lAgx45eaGCl2A==',NULL,NULL,NULL,'a:0:{}'),(135,'l.csabi88@gmail.com','l.csabi88@gmail.com','l.csabi88@gmail.com','l.csabi88@gmail.com',1,'OCODktluLoHyjTjdriVUyI74UdrI/w.JLnj.CZr7iXs','NTZnbNPwAVmUCzlSjDMnX+dMhp60ah0OF8i+SU0RrYvWGVxsaqAj8GFVBkpHYAJKqEilrb3Ow76dUdZNTBxUMw==',NULL,NULL,NULL,'a:0:{}'),(136,'kovacs_agota@yahoo.com','kovacs_agota@yahoo.com','kovacs_agota@yahoo.com','kovacs_agota@yahoo.com',1,'ZejWdGZRe2SYIijreI.O9JmgyCuZxcQkS7nZcILTTog','0YwDzP8vjrvssUofGccZkJtXkTErxf+sWXoHxWKEMhmdep/krULxuMQHchoR8JUc7NH+CeWEEFmBslvpTgpoXw==',NULL,NULL,NULL,'a:0:{}'),(137,'hamvasjoe@gmail.com','hamvasjoe@gmail.com','hamvasjoe@gmail.com','hamvasjoe@gmail.com',1,'jQ4C3AGce9Zd8pGQLYlhyZiLXmaNUscLShOVand2xfo','xH9Ousm3jRLmvd+gVe9+kjjwRRbkn7xTerLo1v+o/OcjjrVb6jBx9CT/f+beOQxJqB9IMVlyamNX4nPbeOlj7Q==',NULL,NULL,NULL,'a:0:{}'),(138,'katamalyi@gmail.com','katamalyi@gmail.com','katamalyi@gmail.com','katamalyi@gmail.com',1,'awRLiGaX3t5A9EzcP2gog38if1T0yYOj3ViBgaB8hSM','rJEp8wSqLs97yvChEnfDjtjfBYdu2jXD32xzbIthXXBzQgCFcJQrHi1w5beqqUiDhbp9TGNvEnPMTtK1fPpcQg==',NULL,NULL,NULL,'a:0:{}'),(139,'viktoria.seres@alvogen.com','viktoria.seres@alvogen.com','viktoria.seres@alvogen.com','viktoria.seres@alvogen.com',1,'BHSuwhjRCy9Bj0BSlTeT0J7iq4r0PHawiq0EnrE7tOo','tqaymcC339jWcYb8gt8A3zUim88kVnQiBrGPleRubyIMmFoJGesp+BGm1KHz9p14l7vIvDCbyo/A10wWPBiR+Q==',NULL,NULL,NULL,'a:0:{}'),(140,'gabriella.pelsoczi@fresenius-kabi.com','gabriella.pelsoczi@fresenius-kabi.com','gabriella.pelsoczi@fresenius-kabi.com','gabriella.pelsoczi@fresenius-kabi.com',1,'2SmpOwSX1Q82dUuNIFpCCEVWkFVWIrLdR9LntxfbLxE','bQyh7MXaT3WSTDsXwiA74iCStnRlP5JPOs/3Q3sXl9vOLCGkhHwJ7y8GLJTF7DuLBBMq28JC93fLEVmW1QfmtA==',NULL,NULL,NULL,'a:0:{}'),(141,'miko.szandi@gmail.com','miko.szandi@gmail.com','miko.szandi@gmail.com','miko.szandi@gmail.com',1,'AOrFAVuFB/yZLV0tFRrIq6m.1kZXDnpuRBsOzrJOJeE','LXCM5Fr4ckcFfG934j7PGbe8lhTVPXXMQc/iHuNlLDbdcqcr5tN4+n8rWT0SrYLPvGU/SsjlKsvwoiC26x2HZw==',NULL,NULL,NULL,'a:0:{}'),(142,'sandorzoltan9c@gmail.com','sandorzoltan9c@gmail.com','sandorzoltan9c@gmail.com','sandorzoltan9c@gmail.com',1,'IVYf38AWOCYqwT6Jn5atK4dZTTbk4lt6upBylytmbcI','ED7VJk1kz3R0Xa974OyaAyFtOR1C1LaXc0xltjquKbAlCVMbYN6+M+jC6Dw7MYcyL+W6UQiX2Ivbbr+LpNRsQQ==',NULL,NULL,NULL,'a:0:{}'),(143,'valko.bernadett@gmail.com','valko.bernadett@gmail.com','valko.bernadett@gmail.com','valko.bernadett@gmail.com',1,'NmR4U7eno7EjC/Oey4OOxxQg7DYGer6ECqnM1FQwKyw','+QO+n5eKd5d8p78cgoA+CgKbiVOWtuZ+ujDMoR0Cz3wkxdfJ66UWm8Z/F4VgkUOL90VPbKB2RxU8rDX+zMBCSA==',NULL,NULL,NULL,'a:0:{}'),(144,'figura.balint@gmail.com','figura.balint@gmail.com','figura.balint@gmail.com','figura.balint@gmail.com',1,'95n.xfUSQ.2L1MRng3Er14SwGZRus.BCeLzWq9CeDVo','ZCLMsfHl8B1/Rj8t7NWTcuj22qyMkt0BBea/W+a+fVpTgmG/Yy52/bZH90MRW6BkXD6QJCYBlskXw6LbypfXPQ==',NULL,NULL,NULL,'a:0:{}'),(145,'marosbubuka@gmail.com','marosbubuka@gmail.com','marosbubuka@gmail.com','marosbubuka@gmail.com',1,'N7xviEoYf6DfFq0pcKnAyuVQnl1YEq3/yK6zfZnXHdc','yHG2y76e9l7SbATD+14vV2OFUyxtMPGR0IMa3Cq7g5KMg++VcioydGQUF+l1A4Hy2BRchd5SSe2apyWHeO+TLQ==',NULL,NULL,NULL,'a:0:{}'),(146,'dr.d.palinkas@gmail.com','dr.d.palinkas@gmail.com','dr.d.palinkas@gmail.com','dr.d.palinkas@gmail.com',1,'Jbv3EjnTrgLLwL05hKAL.qV9Izob1vSPisOb90E2NBs','gLFT9BqDPu2pHdasYHNS/Ue6B+heRHoO2jUETJKNJ8f1t8lnnU2b7TCtnk0ARbyRjrrK9r3f3e9x8L3oSMhWtA==',NULL,NULL,NULL,'a:0:{}'),(147,'stephanb@freemail.hu','stephanb@freemail.hu','stephanb@freemail.hu','stephanb@freemail.hu',1,'/gHY7XwB/POi.pW.F2K/c5DY0ChPFkQvnQ5ft3Fx7k4','dUMdNmilfyG7JuRnl+QXlZBujWmMFOC6RRsCao2K//zaQwkdSHr/hzYfkT4pahT7Xb8Xfv0EUNnMerE9oeYe1Q==',NULL,NULL,NULL,'a:0:{}'),(148,'gabor.bognar.dr@gmail.com','gabor.bognar.dr@gmail.com','gabor.bognar.dr@gmail.com','gabor.bognar.dr@gmail.com',1,'7qKzQYbl9GWtRsmh0kxwGSwCD8HGyymtlZZyso1AtCw','l4lCkE22NmO2anRcVThJAfBX1ADyEfc9rPrjjb0B8Rp6wuvCO9DJFEieWo1e+ISkjXLBOcPEAIDUpAvlsC+Ukw==',NULL,NULL,NULL,'a:0:{}'),(149,'biro.zsanett.katalin@gmail.com','biro.zsanett.katalin@gmail.com','biro.zsanett.katalin@gmail.com','biro.zsanett.katalin@gmail.com',1,'HCNqGYAC3I/1iQcZXVkUYOysgmzb.7O8AsjY6QhjCKQ','WRac1MEzBa/ZHWxAMXmukW4wZyWzMTbadmJx4PjCYdH4NTf9+ZmP0CIClq5eZEtyZnU3mmAXCXTBQfirBp65bA==',NULL,NULL,NULL,'a:0:{}'),(150,'pcsabi@yahoo.com','pcsabi@yahoo.com','pcsabi@yahoo.com','pcsabi@yahoo.com',1,'S30Ac.NSR3y9D9YFvK5upYm3Z0dG4XvXVHahF18tW2s','pgOqwalveZDdUjFE7RMV8kJ/2yKWf0bYNEp+oSSXecYY7ANuSj7vn6le/htLRp5vDGN0McMvtlErKW6xWUN7Mg==',NULL,NULL,NULL,'a:0:{}'),(151,'afekete@its.jnj.com','afekete@its.jnj.com','afekete@its.jnj.com','afekete@its.jnj.com',1,'/5GZ1ENTNQCSS7bGrg7rkfiTuOS0LYWUBbzqPeLE6j0','FvxC//v8tv7ZZKuRiFuxtXLRt04cSB2CATbjv47VelRwH7zK1SsB0b8Kn14ow4okeJ8n86xFeWFsx77RVk5rPQ==',NULL,NULL,NULL,'a:0:{}'),(152,'szilviakecskes7@gmail.com','szilviakecskes7@gmail.com','szilviakecskes7@gmail.com','szilviakecskes7@gmail.com',1,'aSrAR7eUy6uSyqd6WaytGtVi9dKvge9FtO28fo9fgbQ','nEoSfn1fRgA+93OMYgjpNXxZnYVPvaWSASoSxvREFaBBIo6V+RL2M1oDZCx375BPlEsz9m9cS1UALv3E1qqKig==',NULL,NULL,NULL,'a:0:{}'),(153,'fabiananna9@gmail.com','fabiananna9@gmail.com','fabiananna9@gmail.com','fabiananna9@gmail.com',1,'q8p5PUnrb9SEnaOynoZTYxHMfHHikoE8D6KIXWpBFwQ','7KNYO1VfAGRgH2ywZRsUrAxj5nTCArf1I9S9jwjmckd/AKc/dYGyCi7VX203YJshpfaQgy1eQ63rmZw4D+2i4A==',NULL,NULL,NULL,'a:0:{}'),(154,'sofi.sipos@gmail.com','sofi.sipos@gmail.com','sofi.sipos@gmail.com','sofi.sipos@gmail.com',1,'Spvfe/yJE5bLczOcCEXJL608UbRcYQ9LsABjJ4qFD88','hdjPRQQ22pR1l+MdQ0lUYf2IF8k5Ni6wUSxCKXzdMIvYGHnC6pijt7LT2JRTocG0FGY7nU5QpvihfidNihB8lA==',NULL,NULL,NULL,'a:0:{}'),(155,'drkolozsipeter@gmail.com','drkolozsipeter@gmail.com','drkolozsipeter@gmail.com','drkolozsipeter@gmail.com',1,'tDKqSoXOiYWq0trVpWbx7LFZjkXcn7hAfEWS4TlYNE8','HZBm5kIEXUQWhKQf/z187PNcCSVPds6VAdpRA6sogTMVOitxRaKqZnIocZD/UbdwbFnEWMvtWyImBYlWF5Vq1A==',NULL,NULL,NULL,'a:0:{}'),(156,'ktib1991@gmail.com','ktib1991@gmail.com','ktib1991@gmail.com','ktib1991@gmail.com',1,'waPv62J9/iIh/1noJQupRl7/RYMg.ehq9C36iIYucBk','+Ms/0xEopmPyBE9Gtv8AJ1mxEQGOKWXwEV04wALE2JZgFbUBhLvKD1ECeaQr2NIOM/AsCR9pMReix1p/VgahZw==',NULL,NULL,NULL,'a:0:{}'),(157,'kovacsgyorgy.dr@gmail.com','kovacsgyorgy.dr@gmail.com','kovacsgyorgy.dr@gmail.com','kovacsgyorgy.dr@gmail.com',1,'MJPbRvyn/2Hx/F9UXw1VitVGDGxB5icmgMVx6p.yMps','PbWGgFNWf319d42bKsJWLRrH66N40Q9e+26EzQtLyYGm4ZKcOucKIAzsUYeXyN9ImtnV7gzA7UxUJ3ziA4DZgA==',NULL,NULL,NULL,'a:0:{}'),(158,'ho.dora91@gmail.com','ho.dora91@gmail.com','ho.dora91@gmail.com','ho.dora91@gmail.com',1,'D3lzx/zZRMZW429rzccwuo0euxMWvZPdObNP94YtTzA','j0oUW+s1ohGPWu76OJbvafgivWLYfbmdsXGtsmrcr0EiKf4hidiFWabxiZLzQuh65cCHV9XGog365QtwQpoM+w==',NULL,NULL,NULL,'a:0:{}'),(159,'tolgyestamas5@gmail.com','tolgyestamas5@gmail.com','tolgyestamas5@gmail.com','tolgyestamas5@gmail.com',1,'/qKfGyzigsO0/nP0bwqrwfqm4AP.LN2Q/.ulAWmNYMY','sAPFK8MJsDt0mhCjXwuJ7x2Z+E4gmHfbIS6WtXz7TNL+D+DB1JfybZ4+3AzBbpBL778Yzkv6l+AufCFYnjjlWg==',NULL,NULL,NULL,'a:0:{}'),(160,'farkaskati11@gmail.com','farkaskati11@gmail.com','farkaskati11@gmail.com','farkaskati11@gmail.com',1,'QREMeDgQKc5vtFSGXVDBm/ipctz9lPCkxsGBkmA6.zU','8pRLUDHqWXEqBz2nrHMrRjBeSuQMPRqgMHb+gyCKgVtwVXdOhNr/5vD6yL3Jf+xkKaIDWfQ3zwxJgvnD8yt7jw==',NULL,NULL,NULL,'a:0:{}'),(161,'kovacs.zoltan@kmmk.hu','kovacs.zoltan@kmmk.hu','kovacs.zoltan@kmmk.hu','kovacs.zoltan@kmmk.hu',1,'rDbd9OhY3cNR65mEYPQgOdMBnBo9q/ND9/tQVxGms74','Qz39vHSp8qfOM+QT968WdPnXmZ9qoMVAPMld4JHSBpKCIEIkZa7m21eTmQtWzgOnypWFuO7kHOCxvvMpUkCICQ==',NULL,NULL,NULL,'a:0:{}'),(162,'petkes.gergely@freemail.hu','petkes.gergely@freemail.hu','petkes.gergely@freemail.hu','petkes.gergely@freemail.hu',1,'4ajDVN3wKPkGiCOmIKqZr/pXQ0bXPde2MjYictb/vt8','zIplimNs33bRez3hipaUYkp35BY4KAGDU7YlLuhWDP8MRx1M0v0BzoIoBjEVOYJM/ZwnsFceb0yKON5hWRNMng==',NULL,NULL,NULL,'a:0:{}'),(163,'hucssi@coloplast.com','hucssi@coloplast.com','hucssi@coloplast.com','hucssi@coloplast.com',1,'/rphWscOcXVn0Rjqzq4h0XF8atVsvqoKhLqnQMhIaCM','kuWOKilk9dnKnjqsu1ku2/jfP/gGqiAQxV4pgs9113MJ0dw9+avcgOaAqauC4Fc/aFxwLGGhcfRv6ywMILOnbg==',NULL,NULL,NULL,'a:0:{}'),(164,'hucsar@coloplast.com','hucsar@coloplast.com','hucsar@coloplast.com','hucsar@coloplast.com',1,'WRxmnotkUJkkZgsA9Nj/3rlSuwwfSqsggjGo.FsSLHE','FBULsSFoxB1ZUUozwSmgzZz+hA5Cyx+IPOhLQl6yc3fHZmZEEsIBIRHo5m6rb0ezBnYaS6rzkZ58LjQ/aiJh2Q==',NULL,NULL,NULL,'a:0:{}'),(165,'hunag@coloplast.com','hunag@coloplast.com','hunag@coloplast.com','hunag@coloplast.com',1,'WRwRrcxDOovHcKLtr7JT4eqZlGLf94AIPMEwI/mjl7Q','XAzSyzyx4HJ3sW9Oj0i3HDm/GYVHVUx3unGjsc/eFqIflrcWgDZTIVXh88V7k70VCQ33foEc206HpWIKfFYljA==',NULL,NULL,NULL,'a:0:{}'),(166,'huei@coloplast.com','huei@coloplast.com','huei@coloplast.com','huei@coloplast.com',1,'VgCS6wtQMH0X/x60EmkxAnun88Zuubo7NeKfMZH9dko','kISFIPmbYLgaczCrlPDWG5duduBiyO399SHsZ6pWfReAq4TeF6vBmnRM6WvGiJxqDA+Kx5V+q/pxgD+rmgQX5Q==',NULL,NULL,NULL,'a:0:{}'),(167,'mtajti86@gmail.com','mtajti86@gmail.com','mtajti86@gmail.com','mtajti86@gmail.com',1,'hxtTvZ9.08dFf9egptIY0Q1y5AZlbFLF00ATRafZEvg','IPSXvnab2vuYdFUD5kdnesp130OH6DI1LuNqraOiZiOH8Y7yiWOEw6j0N1t+Add8qnpWOdKdJ3m1I0aB0DdmGw==',NULL,NULL,NULL,'a:0:{}'),(168,'krisztina.bene@gmail.com','krisztina.bene@gmail.com','krisztina.bene@gmail.com','krisztina.bene@gmail.com',1,'SR1OgOspnzdw8IlZAduhYCVlk.lC6YT7OBKwjO.jNA8','i2H97PP9b3HWc2ni3s7QEAOJrHBG/EEmD1kcbLWs+ScfDg1GKmcS0v/yT5Of7BeqT7mkM30Wn5Vn+LAEQOlVjQ==',NULL,NULL,NULL,'a:0:{}'),(169,'halaszr89@gmail.com','halaszr89@gmail.com','halaszr89@gmail.com','halaszr89@gmail.com',1,'eQq09i46TuyRnLECk7ji21d8eU1RYRORRGWYnyaC7Vk','ZxqQ0o0QurgK4RvyyMwo9GtckQElJGBMOg5rmEfdq1K0CdJiDas/YkdwGzUCqKSUoTBYfB6LBdPGOG4F15fK0Q==',NULL,NULL,NULL,'a:0:{}'),(170,'ivanyemese@gmail.com','ivanyemese@gmail.com','ivanyemese@gmail.com','ivanyemese@gmail.com',1,'zzc01pu4f2T6wQ16.3uOWeh42HfulQuKfWeNEeJ7lKg','UJeTLkm2F5VA+JA/lxZNTli/hPgkJfVYp50kiGf9HW1FWg45pivRPMC2KtKvEEN6P8YBRo+K97B5dDqW+tRYVQ==',NULL,NULL,NULL,'a:0:{}'),(171,'dr.mender@freemail.hu','dr.mender@freemail.hu','dr.mender@freemail.hu','dr.mender@freemail.hu',1,'mtyC.622PF4WwgIDL2btbRwGgvFb/h2RLSIYp9zA5C4','E4b2dAfPTwFAbcguNY4kPUcGMWYkpm0qj7IkV+cqG9CymNilogA5+6yFb8rqOlOS4bYuIss4ixempHOqLSY3LQ==',NULL,NULL,NULL,'a:0:{}'),(172,'koticsaba@gmail.com','koticsaba@gmail.com','koticsaba@gmail.com','koticsaba@gmail.com',1,'gPnwEEs/smtnPj8JASSN88lPCIWx2O9Im8j9J1Aj/SY','Vbhdb9fPoH1Gbz9jdXIxhzSWHEOCc6oDN2vLqro4lG5sVyPKpk5DJDQXLAHcmBZP4VOJe2/afKrUyduvPepMUw==',NULL,NULL,NULL,'a:0:{}'),(173,'boglarka.haraszti@gmail.com','boglarka.haraszti@gmail.com','boglarka.haraszti@gmail.com','boglarka.haraszti@gmail.com',1,'8CRW2ETqnhN1fNLjk9oGUKyhs8FvfkLvnLGKYGPQmHg','SGJ3NjM8meqy14vEyJmSwoh679ycTyQVbOctfNHn9dWl6TF4qHTcYzTVURzSY6KoBqiWnfPB26WQXQWTWz2zQA==',NULL,NULL,NULL,'a:0:{}'),(174,'kadarditti@gmail.com','kadarditti@gmail.com','kadarditti@gmail.com','kadarditti@gmail.com',1,'z7Jv608SBvvhLNDVLKAYRSvjKyGN3pjJVrTnmLNmwow','L7VqNpox0eQ8nQxspZCXliH1Jw+xiA0hVqmvKyOPw4eGYlxkqIMpc1j3r8WN4VdX6IaQp7ZiFXV5sNmzttwEeg==',NULL,NULL,NULL,'a:0:{}'),(175,'orsolyaradak1992@gmail.com','orsolyaradak1992@gmail.com','orsolyaradak1992@gmail.com','orsolyaradak1992@gmail.com',1,'H2GFcNy0xaIk0DKv8FuUJ2ZmtA/e2SNygBMLymeTh/E','E8sNCb0wCMfk2r5rWoyNJZMYu3feD13jgzj/Ze5pV198GehLh/IqM9eIrq2oR+A51YV6wKP/LZhbm5mUYaIXAw==',NULL,NULL,NULL,'a:0:{}'),(176,'komoszeptember@gmail.com','komoszeptember@gmail.com','komoszeptember@gmail.com','komoszeptember@gmail.com',1,'Ah7K5wGyS4MVfxvaj6oQAewfKHG8ugAlAl.qbt2iK74','xo5kWhf0hsfjfL4JrSwTQBJFPA40XtdFch5lwo5CQRXPC/5AYp0IhpQr7YhPfP6aoDJqEeNGh0TIAwp3gSGbjQ==',NULL,NULL,NULL,'a:0:{}'),(177,'ktomy81@yahoo.com','ktomy81@yahoo.com','ktomy81@yahoo.com','ktomy81@yahoo.com',1,'zncHcqTgfT7X3ieIvbc2tK3sMOO1u2QbMW95sTzCtS0','DmVBZtTBmcc/VXeWhRQX0F0zd/8wD7oCp2jJ842zsD/ffYK/u9yf18jCAxs/geeznX499vApi0uVuIxFJKn11A==',NULL,NULL,NULL,'a:0:{}'),(178,'m.gergoe@gmail.com','m.gergoe@gmail.com','m.gergoe@gmail.com','m.gergoe@gmail.com',1,'sF2yfOao4sZppZ1wOWr3y432bRbkIdmCWTmVLw6cOsA','usF6uxPFbnZiCn2MTpkEmcDeFdCLKs2bOhA7WLM4hT+qhnEX9XDQgi8+2eLE2Rll773tPwzWHcCO7rtbUjbWuQ==',NULL,NULL,NULL,'a:0:{}'),(179,'drfjano@gmail.com','drfjano@gmail.com','drfjano@gmail.com','drfjano@gmail.com',1,'EiHCtNi7HT.w3hNYKPhCoG/yt/xib91Wsi4jIi6F7Mc','DkT7UPcZfSqt4tU++OX0sGyBJC5ksDsTKkhy3hfGmgqezOTTHvyjkXY8dgdo21GEjaXMoE5SR4xj8qGLKhf48Q==',NULL,NULL,NULL,'a:0:{}'),(180,'csibabori@gmail.com','csibabori@gmail.com','csibabori@gmail.com','csibabori@gmail.com',1,'VBHzf0LTXBATtyZ4S9IBrgtpXnNZK42vDbOchigLoBs','cu6L7DSZuOYZXu2zfLqrIWCeTfJabaBSm08FUrslMBulaH3L5u6vmi7l0gQsEk05m/5gTGFDDoRqZB6BbGDSBg==',NULL,NULL,NULL,'a:0:{}'),(181,'gyorialex@indamail.hu','gyorialex@indamail.hu','gyorialex@indamail.hu','gyorialex@indamail.hu',1,'1YY/4Ravt9wkDiPtjxLU9USyV9pyRBnzGS5JF/S4zow','N8+JNvHGM4CLbdqN+yaCTM3IrYoQOegRzzM/BgjmChOmdsG5gYXCAa/8TX+7GQhrEvKciZfnex3RQKMJ+89ayA==',NULL,NULL,NULL,'a:0:{}'),(182,'szombati.julianna@szszbmk.hu','szombati.julianna@szszbmk.hu','szombati.julianna@szszbmk.hu','szombati.julianna@szszbmk.hu',1,'VdNfnZWzYS1iiacePqeN2BaCAmrn/EbhXa4Yt5jiYz8','DmNo8ukniJOvxHw5yJpWglwN22qyhQomDEx6s7wcBKeyDXc5y1SCxmo5UcauEQS92KOMnVyZBczvB7oke5Izvw==',NULL,NULL,NULL,'a:0:{}'),(183,'tamas.d.pinter@medtronic.com','tamas.d.pinter@medtronic.com','tamas.d.pinter@medtronic.com','tamas.d.pinter@medtronic.com',1,'AAAh8s6TvwxLE17r.wiMUsVk1sXplihvusyijdUXqbM','HxSfffMXOpnjHzHsriU9OC4paVKfWoV9skhamFFRKQFWT3D72wBwTgva4RNtX3zGq6pmNjsADYKdtAmc6tqbMw==',NULL,NULL,NULL,'a:0:{}'),(184,'monika.bakai@medtronic.com','monika.bakai@medtronic.com','monika.bakai@medtronic.com','monika.bakai@medtronic.com',1,'WUWOHd/jtaa1wa7xVKtpfODHkv0qBbrNRV5C5F/MODM','reeqISWWNQev4Uox0cmzXk1T6T1AJz5nki8oCF1RHiW0l5f6nBy7fTLIjIlOLOepnVne4fbvfNEyKH1fhyzxoA==',NULL,NULL,NULL,'a:0:{}'),(185,'zsuzsanna.szenthe@medtronic.com','zsuzsanna.szenthe@medtronic.com','zsuzsanna.szenthe@medtronic.com','zsuzsanna.szenthe@medtronic.com',1,'yfDp5O4jILu7K31QK6WpQfrgo6XlkvIl5/Romczv6kw','mVhD7jU9Rh20CSOiABsAi55vGLo18UGUeB0ETt4ofV6GpMvFFs+v/avv0d9dmd5GADYoAL2fYTAL8Zh7eHqzMQ==',NULL,NULL,NULL,'a:0:{}'),(186,'tibor.s.gaebele@medtronic.com','tibor.s.gaebele@medtronic.com','tibor.s.gaebele@medtronic.com','tibor.s.gaebele@medtronic.com',1,'0S3NRXdLClIBBpQlg5w5vVxJO6Xl1TPht7ipaCPZlD8','J/HA39ShoMUZJ71npU0EnVEtm/zVsos0h6mc3ZlX4/MycGWf4wP9emDfuprs87jKLdgqQvalEimkIZ0mlifTdA==',NULL,NULL,NULL,'a:0:{}'),(187,'csaba.kajtar@medtronic.com','csaba.kajtar@medtronic.com','csaba.kajtar@medtronic.com','csaba.kajtar@medtronic.com',1,'lhxGqF/r9S.AA2HNoxfJEkpilT0uJmhxhkL0sicyv2M','OvzfoJBkjG3RVClMbypoHwc2HQuQz/6sEJTGS6YvyAXCRFSV05t2+DqbNJTPQXbBzO/cvCvL70L6FM+K9+ROiA==',NULL,NULL,NULL,'a:0:{}'),(188,'gabor.suveges@medtronic.com','gabor.suveges@medtronic.com','gabor.suveges@medtronic.com','gabor.suveges@medtronic.com',1,'w/buO9xTaOZSAI5Q5QliYxUGbsukX73zUajwM1N7kT8','/7HxDYqgu4ipnXXZuR9gPdfuV16m/thO8ZA3fFltS7zdM0ffAwdBj/0QNWS1VbGxug1KEB88fhyaQf3hEGcYQA==',NULL,NULL,NULL,'a:0:{}'),(189,'istvan.baksi@medtronic.com','istvan.baksi@medtronic.com','istvan.baksi@medtronic.com','istvan.baksi@medtronic.com',1,'exdf79Q4uRYbgeZZ9Lw3hkHsGcieiDq5/pnc9ZYGRAw','esj0FPpK92kR1eTXNDZQra84KJfdGWtCoiOZnby15YgOjdZpwYGZ0S979UhX4ZD0Q0mAX0BR7ytgoQP4GzVZCg==',NULL,NULL,NULL,'a:0:{}'),(190,'gspiller@gmx.at','gspiller@gmx.at','gspiller@gmx.at','gspiller@gmx.at',1,'AawH9.y.h4gqBXCAKmTwfW20XJnv/.b6BTNHtCxVYGc','u6HABgxOmX7oHfD3Eql1VxEj8heO/aSHeGaECb4FKXo0nksz2OBaDwDEK6ofndAkmEwwR4aP/X3cQGFhUCd4cw==',NULL,NULL,NULL,'a:0:{}'),(191,'jencsiknezsuzsa@freemail.hu','jencsiknezsuzsa@freemail.hu','jencsiknezsuzsa@freemail.hu','jencsiknezsuzsa@freemail.hu',1,'pLhJDSi8Ncj3zL0pNaJewV4BjhtE5JeV9UW/mh6dX/Q','/HW1ZnI/NO8Kg+p4ANuTEvZlYPRnv8A0EcQ4SA1OkVDJ4fP7+tqRfREpc79V3k6jKd+JbRClzx8w+V6Fteuz2Q==',NULL,NULL,NULL,'a:0:{}'),(192,'dr.daniel.adam@gmail.com','dr.daniel.adam@gmail.com','dr.daniel.adam@gmail.com','dr.daniel.adam@gmail.com',1,'Wp/jVZezPJUz0fXoU.FaUuaa1vCSUDhwS3o3fSu6SOo','xH5D/rQMZib9KL/yJSNqS1+SWsRA2s1ncQlwXK09TPd4U7ckN8u0DlXoZGPL+UETz/HW0/pCYFAVmY1NhDdjJg==',NULL,NULL,NULL,'a:0:{}'),(193,'timihever@gmail.com','timihever@gmail.com','timihever@gmail.com','timihever@gmail.com',1,'SovV8mZQnfOrQ4F6XwP7WVwRyAhYTT90sZOAlJZfWz4','3ci5CGNsLu/7driP13fH4M7XbdL/xtKSW6aJXI9BHKybq7efppk/ee93rhNpLXY7L36lYWslPxyp/ii0IW8Vzg==',NULL,NULL,NULL,'a:0:{}'),(194,'csikany.nora@hotmail.com','csikany.nora@hotmail.com','csikany.nora@hotmail.com','csikany.nora@hotmail.com',1,'q2r/atPjFX5bQ5Ivrh2oyld6Wi2Il6s4jHPhQONydA4','eDCRxIm5zzBvUYwAc5/QuzJVKfXjfYj48uGlnGLm9PqqJVSXjpN3Grtvy8t5p70/+QpNmqIfI43IwFuH7bMGEQ==',NULL,NULL,NULL,'a:0:{}'),(195,'vagtibi@gmail.com','vagtibi@gmail.com','vagtibi@gmail.com','vagtibi@gmail.com',1,'HiTt6O3q9EOF9YVnhoheJh3sBz.kmgwLPHD6ue1dad8','UrHHdtaVggc/Z41JvaneU7ZdiQFSn1AMRjUtFj6uAfe4er7QXCU8j/OVJt/Ukr7sXcLwMG0F8KmUszZbWaUJUQ==',NULL,NULL,NULL,'a:0:{}'),(196,'gorbaynr@gmail.com','gorbaynr@gmail.com','gorbaynr@gmail.com','gorbaynr@gmail.com',1,'YZpGEsvH5eIJhCH6goUw6nBbDHGQXrL0eltCha8CMIg','Z/LXYd0GuPe5CVBzL2QZROWfjyf61q74uyBZHGh3TZ17TKnD6wcW5s4bXf+u8XvicYlefbTf6ThMS7I7KyyOhQ==',NULL,NULL,NULL,'a:0:{}'),(197,'n.jenci@gmail.com','n.jenci@gmail.com','n.jenci@gmail.com','n.jenci@gmail.com',1,'L.Di3VaiFETMRfnaFMQ6QCUOPu6Ha55sHTBkyhfXrkI','I6ilhmWdk93aEBR7pgsGu6AGZLDldhecKSZb7e1jmcYeFpSe33Kmt1c9yzuOz0jR5mjZz4peaSwAOgJju2+bBA==',NULL,NULL,NULL,'a:0:{}'),(198,'buranylehel@gmail.com','buranylehel@gmail.com','buranylehel@gmail.com','buranylehel@gmail.com',1,'fGTbDlTe3gybOdBxgpT7leB2jHHnalp1IRw.D.3yC90','ibh4IPwV1VPUsc26roh60k4yh6MzQoBpay9oG/Qe73j+AVj7iaraxIzydTr2Ps9ZYbJ87WHG23J2QUJg30GzXw==',NULL,NULL,NULL,'a:0:{}'),(199,'vamuabo@gmail.com','vamuabo@gmail.com','vamuabo@gmail.com','vamuabo@gmail.com',1,'JQuZl0QxQSHM2yZFXintdsWgJDDh9EN2onDTfDipJps','rvfmhT3Z/NQPAYIy07L8eYgQlROmgrzTlQfNU2XMkxjqPsBPkmAe4k78U37FbUCMrPdH6uaEcN1O+8bTbQdz1g==',NULL,NULL,NULL,'a:0:{}'),(200,'mohosbalazs90@gmail.com','mohosbalazs90@gmail.com','mohosbalazs90@gmail.com','mohosbalazs90@gmail.com',1,'Fqk/0P7AWVB7vS9nktlhzwN3xXfIv0WU5zVKJ8Uyjdw','wb4C9H6fI/3Yt0Ux0BX4fYK4N/+AZ0O95TxfEEeAge6F2dIwKbj7zgXpVcEt3mQ+iNZlFp+UK3yGOypOghMNng==',NULL,NULL,NULL,'a:0:{}'),(201,'baloandras1@gmail.com','baloandras1@gmail.com','baloandras1@gmail.com','baloandras1@gmail.com',1,'8RL9d5Khm6kWBBGIfdEGP0DjidlAjAzIbvngKUN2HfI','vxCEjpAiKt/SKPs5T7fLuutaZAjoY7cLVl2rHBqGODSTQBskpFW70oR4/DUdhfWkSh/kPRuYc3V6z6QnV2LzCg==',NULL,NULL,NULL,'a:0:{}'),(202,'dr.tupicza.mihaly@gmail.com','dr.tupicza.mihaly@gmail.com','dr.tupicza.mihaly@gmail.com','dr.tupicza.mihaly@gmail.com',1,'nyBQizuQP/QEXfPFPkhp2XfAbNhdKXBepykbEjkvxfA','6jS9X3k4NR1kR5i/tjFGqHBQossqw2ReJ9PMrWHp+HWVDWLHRJmoFweAbg0DnXRzIcj4FQS6YwGuD0dWMR3yxw==',NULL,NULL,NULL,'a:0:{}'),(203,'atibrd@gmail.com','atibrd@gmail.com','atibrd@gmail.com','atibrd@gmail.com',1,'IPLFJj.ZtX5x3a62l7BRWHZFTn3aU1liUXmHxBNvfJw','JagpN6CU3R1HwaDSUN0agbc5cYJ1FMRFz7oMj8fPxekbtXpLkEN3w1ko22gZr/Ex9WmZWjNVlH+IQqiBr+1k6A==',NULL,NULL,NULL,'a:0:{}'),(204,'balint.dracz@gmail.com','balint.dracz@gmail.com','balint.dracz@gmail.com','balint.dracz@gmail.com',1,'KTJFs6MEw.9qJMoOBR6FM2Joli0mlq5UDDCvkGeJICY','tT9XyUoznv9p0Fdke1W2NJw/B0DkO+bRIMpfM+LalhHhXF03fCYSWe3WjZT525r5klOmPf5oOeC4EQPK2sdEZQ==',NULL,NULL,NULL,'a:0:{}'),(205,'szabolcs.palinkas@molnlycke.com','szabolcs.palinkas@molnlycke.com','szabolcs.palinkas@molnlycke.com','szabolcs.palinkas@molnlycke.com',1,'7jV6OANswmBqSNynhLfdclD8uJbRsIvUWcN713NYdB4','PuG3JH2jMrkR5FBwim90d/C6MR8Mo8AA6sXCByuBaUgtMUdmyT01Q9Zvj2rIuIK6R8skHWVlebPq4Grlk7mZPw==',NULL,NULL,NULL,'a:0:{}'),(206,'lujza.szitas@molnlycke.com','lujza.szitas@molnlycke.com','lujza.szitas@molnlycke.com','lujza.szitas@molnlycke.com',1,'wAKMbwbF0BBRIIaUIkJoZ5AFPvHgAyac1gayNqRUWUU','XnHxD+RNbFyGJYhUIEsvkmXXNyVww74QzxprMWbo9dQTpkEFJ095/6kKBYyrqq9Q1JBHYM/GkcasgzsNB2KyYQ==',NULL,NULL,NULL,'a:0:{}'),(207,'krisztian.major@molnlycke.com','krisztian.major@molnlycke.com','krisztian.major@molnlycke.com','krisztian.major@molnlycke.com',1,'fS2/qz3DPVAQDDs/4FNQBvu3d3r/sw.i7rKR7bToGZY','mmKnx0tGZvPIVDPXgRd7iofN93z+Ge7Nbx9GPagPN8z5OIb69eYMj3Efd/NajYoTM2fl6UgqMJE8AVN3FnQb+g==',NULL,NULL,NULL,'a:0:{}'),(208,'petrillapetra@gmail.com','petrillapetra@gmail.com','petrillapetra@gmail.com','petrillapetra@gmail.com',1,'MmTtiV.JcA7uBoJajixsKjM6dRgqPqMcYLp.EssVv68','phInDhQXMRAkVUqCT3XBcfFzicMbIYuJOJQTwv8ybTfMhSbXGSAzYA6+dguw8eTu9Iq86K6dt/aA88HYyfUt3w==',NULL,NULL,NULL,'a:0:{}'),(209,'szabolcs.sveda@gmail.com','szabolcs.sveda@gmail.com','szabolcs.sveda@gmail.com','szabolcs.sveda@gmail.com',1,'aQaIb5GrVeqFV4INGGWljKVmwP/Jpb2NSN/0e9zkSdA','LEcIFoVWLmO5VgEcleBkBDpKBmzAsqJIrp+iMqlfBQtBUh0GO4Veoy+EbFuZQ2Roi1JsafsbE8mQfbn+Jm4vuw==',NULL,NULL,NULL,'a:0:{}'),(210,'dede.kristof@gmail.com','dede.kristof@gmail.com','dede.kristof@gmail.com','dede.kristof@gmail.com',1,'KgfGgUm8lo6IYE4DXvAEv6bYwM.2iQhvz3BSuxJsKEA','CnDzzIh6vyXADtBYFgWy9lJEM8e1ntPvpbTpACVp05K1ZHXtzyP8EL8XrAm2EbGlVI0kFHr6TFOGWXHut8j9XQ==',NULL,NULL,NULL,'a:0:{}'),(211,'csox87@gmail.com','csox87@gmail.com','csox87@gmail.com','csox87@gmail.com',1,'ZTwl/hS2Hds5FZBuuoobywpPN3FdZy8IXHVjD3i7yE0','SMlvd7FkaxU6sL2k+Vm6App1d9y/PNk2D/DyDsvtMaEyc97n75a1y/JF33K+dxxZ7gX5vMlFAzAvjvOV+2Ycmw==',NULL,NULL,NULL,'a:0:{}'),(212,'kavasisarolta@yahoo.com','kavasisarolta@yahoo.com','kavasisarolta@yahoo.com','kavasisarolta@yahoo.com',1,'6o5FhlARY7Cti.e.x8mp0Yb7tAqbQx6QC745HsuVK0s','vmxHKiMSsEhPgF3qLOMldWl+JPN5BDuhKx3s7P6xruuxT6uCnwZzEWqWc5nphjeYmpZ3RPK+1Rq0VUDv7VSdpw==',NULL,NULL,NULL,'a:0:{}'),(213,'pingorsi@yahoo.com','pingorsi@yahoo.com','pingorsi@yahoo.com','pingorsi@yahoo.com',1,'5vNQwgtYNIVlDOFtArFBG7NNkjPCS7yt75qiiTaAxjI','hyRAyidaJQ7AkcLkKR3KC9qa80rY5kwzQ31QyPfKFx9JhYdjYLy2/GIFp9bo3Y2HIrBdODH3geyOlmCk4uoL8w==',NULL,NULL,NULL,'a:0:{}'),(214,'orbanandi72@gmail.com','orbanandi72@gmail.com','orbanandi72@gmail.com','orbanandi72@gmail.com',1,'pR3CGJeDYxQh3loRDrH.EMkOtVxtMtrZMejAzqXKNoA','BTDtTeE+OSQLMtt9tKu28+rSRc+PS9dg4j1y6mOoaPEss7xTfrg64eg3Bi6hH5ZGrYSiavwgj1Y2vsZR1JfcOQ==',NULL,NULL,NULL,'a:0:{}'),(215,'szoll.barbara@gmail.com','szoll.barbara@gmail.com','szoll.barbara@gmail.com','szoll.barbara@gmail.com',1,'lY9n/sd1Kgc5rK4h5Uu3aafKhGTGy4VByRuoh.gF6VU','pz3cUqh+xQ1PHnxjsLVGbI90DLiup63gxLFGvxWQPA7ayKhKM3eSiCB7yD9nTuuZdVMOVWww6Di7l+csPY5F2A==',NULL,NULL,NULL,'a:0:{}'),(216,'dr.richard.kozma@gmail.com','dr.richard.kozma@gmail.com','dr.richard.kozma@gmail.com','dr.richard.kozma@gmail.com',1,'kZIPEBdeEQqWjRqyS1daAf/wL0VUXNpUedCpwPT/rDQ','+BXcmxQCY6Uwjn0Fcx2Yqnptfk/AhPTtmF9/bkv2CuoLr+DNlLDMZN2aA5dp1ebaa9q2YyEHAQgXiJ8aJYzvEw==',NULL,NULL,NULL,'a:0:{}'),(217,'csilla.szerencses@gmail.com','csilla.szerencses@gmail.com','csilla.szerencses@gmail.com','csilla.szerencses@gmail.com',1,'ZRS30EJ5ibWx.d1XbF2nAdg4DCoD8fe2nyYafttfJxg','YHoenB5qvDTHbD7qbOpk0e9uUQXwJYecM9Atg63TRPnjTVHx5SlGKU/C50l434it+Sedyw2y6GUfTxi3Re9Wnw==',NULL,NULL,NULL,'a:0:{}'),(218,'dr.vasst@gmail.com','dr.vasst@gmail.com','dr.vasst@gmail.com','dr.vasst@gmail.com',1,'MqRW6ODuuGVw.a.ru71t3FkQyjCpIHgzZGDRW8pCANs','HbiuqsW11DqctiqFmplN6basCZ6O6+c93l46v7Zchr1IT3eAg1q7p9X6xUA7OYd06fCPW7cC0LiSXIGF6HT9fQ==',NULL,NULL,NULL,'a:0:{}'),(219,'janogandalf@hotmail.com','janogandalf@hotmail.com','janogandalf@hotmail.com','janogandalf@hotmail.com',1,'L6S4a8EtsdhoZTz2/kNxmwJo4SUxT0dcbljwn.53ojA','HeKYxq/SQIhTWOWccU9nNVpWhs1CptAUVD5QVBsZI01h/WmBqw+DCQp1eYkGMCsJJThT5c+4fzAOjUZNW62kFw==',NULL,NULL,NULL,'a:0:{}'),(220,'andras.buzas.md@gmail.com','andras.buzas.md@gmail.com','andras.buzas.md@gmail.com','andras.buzas.md@gmail.com',1,'K9TND9f3HJ.H0xjRFd2UnsM5Kngc895ljlQu6orkMJs','9gE4PuDYomQZRPqPxiJ4FKM9RJt3yDntFhs5G78MZ1X0lUbxh6CTSiAh7juFe8XYPn7ryVb4r+20FfA02/bWjA==',NULL,NULL,NULL,'a:0:{}'),(221,'dr.mathe.ervin@gmail.com','dr.mathe.ervin@gmail.com','dr.mathe.ervin@gmail.com','dr.mathe.ervin@gmail.com',1,'UGScD2a74k7KESNxKTXNoXwbwSs7.xDIVcZm5gCno.4','PgK4UQ1d1dignT2CYtK6kIqnBTCm+JM4OLdGRsM2ZEdvhLVj57Ch/37XdnM68e5trGWlGRdBDPOsc+anYLYevg==',NULL,NULL,NULL,'a:0:{}'),(222,'durczi.mihaly@gmail.com','durczi.mihaly@gmail.com','durczi.mihaly@gmail.com','durczi.mihaly@gmail.com',1,'XQlI40/W6p3M7W.NfstjZE2BUc7V.TnokD1U/6anl1s','kL3Oyh6Lho7K5/F/LfNWm1xT++nfBcvf7wMEkQm/+IUDSwNJikFA+GhXK04rDMQ/RsoLLd0WkjvfLt6fDr2SvQ==',NULL,NULL,NULL,'a:0:{}'),(223,'lakatoslorandl@gmail.com','lakatoslorandl@gmail.com','lakatoslorandl@gmail.com','lakatoslorandl@gmail.com',1,'eHaynp0MFPOjorphj..WSwwm0hTEWSFaq0Mgn6N7tCE','5no0HxQcC51Nc2t7EOADkFcU/sc5FtSe0xwGhhKBrWLl9wnxjPCRV4rfqlyxwb4hAvWExtwUxGGN7wY0Vjfi6g==',NULL,NULL,NULL,'a:0:{}'),(224,'schnabeltomi@gmail.com','schnabeltomi@gmail.com','schnabeltomi@gmail.com','schnabeltomi@gmail.com',1,'rjgZ.i21slzac5RZtVTE4ecoNvEISyv.ik4MlWq66SQ','sKsnjp7n8jljcBun8UvOUMNMjd0j2L6A3sO6IOcGETgwxTlKbMeTxPa+Jsp2T4mn69EFtZgJ/4uqt43TnwH8Vw==',NULL,NULL,NULL,'a:0:{}'),(225,'csillakispal@yahoo.com','csillakispal@yahoo.com','csillakispal@yahoo.com','csillakispal@yahoo.com',1,'5NbqBmk2YiI/7uFkpG8bsjESl8ak57I8ulQYWIxTbSA','C5+bkc9e64xY2H+pqDJV1fWvtH0Al0mY3gbtkrzz3dvnRtD7smtaxxSo/DoUP9b7sRIGesLwYthXpOxceYv2mQ==',NULL,NULL,NULL,'a:0:{}'),(226,'drtotha79@gmail.com','drtotha79@gmail.com','drtotha79@gmail.com','drtotha79@gmail.com',1,'ckoskDYC08wfG6Ap3AYGosj8DmYSJnf.W6FG0aYCqrs','E2rkQXwejPmyWOICmh2Yl4Y4l2/+JloFgkYyJun9K0igqfsLNSQBRFVF/VosK/b5K6xTLPqcJ5NuPYhZ0yueGA==',NULL,NULL,NULL,'a:0:{}'),(227,'sallai.daniel@yahoo.com','sallai.daniel@yahoo.com','sallai.daniel@yahoo.com','sallai.daniel@yahoo.com',1,'4pjqJNhvVBC30VKIgMJttBn8IimQFdXft4NWDFysMYI','0cD9njutL42Wo1/6d84n3J9Z1yYPlWTImhobuxntNElySWOBTGoaC1XSjwi2zgNdAcSwesvBB9HSp4OtzLn6Aw==',NULL,NULL,NULL,'a:0:{}'),(228,'tacitus00@hotmail.com','tacitus00@hotmail.com','tacitus00@hotmail.com','tacitus00@hotmail.com',1,'DYleJBYGQCEEpL4FxwtgSqZaMQ/FjS7VL/NcWzBVQgQ','Km+tb7z/+XcyJnm+4fM66SU9yAuIbQu2ooY/ZvCH/bobjo+xnVimemCz7JSIIhP9SX3sg6wzDbecrDFsKwNwYQ==',NULL,NULL,NULL,'a:0:{}'),(229,'dancedanh@yahoo.com','dancedanh@yahoo.com','dancedanh@yahoo.com','dancedanh@yahoo.com',1,'ghwigc5ocyzPJGD74YsV3gtjV9wKw5Cb5dwsHMKIfa8','I+jWDI1QRkOtHBm6kuXwqOLSNa7kjneTffwVf9DPZE0EjtF9WKbgrGHC3b7A96giLq6o8YA7yt3SpsQfZJ3ICg==',NULL,NULL,NULL,'a:0:{}'),(230,'lorinczykata1@gmail.com','lorinczykata1@gmail.com','lorinczykata1@gmail.com','lorinczykata1@gmail.com',1,'q1Ht8UUGYac2EOct3XuPs3oBmWvG6LMUPHsE8XDmn/U','CB8xUYgbdGhnLW0x/NEQUse0TFLQUkG1zkTGNeLw+0KOV5MEbB22q9pje5uTqcyODZMO6seClEhKsUPyrANe0A==',NULL,NULL,NULL,'a:0:{}'),(231,'k.kubali@gmail.com','k.kubali@gmail.com','k.kubali@gmail.com','k.kubali@gmail.com',1,'/DaWe7j1OW2285Fo0ttLJCNaFguczL1Hlc1xhZlXBn0','hScVRNk3lXrxNx2m9pLWA0lKKBKTBVGR9VWkTs6jPWxqMtxRU8GBMGGHHPhwJMMofUmCpg2xTV9SBuiFCLhmtg==',NULL,NULL,NULL,'a:0:{}'),(232,'gyula.penzes83@gmail.com','gyula.penzes83@gmail.com','gyula.penzes83@gmail.com','gyula.penzes83@gmail.com',1,'LNCh0ySByAG5rrDaMqfH3nk8RDMT/Tm/08DFZAlrEg0','lEKdJG+ro2rg+HWDX4aFWMRBVXOSTQ5iTI3j4Wven501aLNzAW5cpyR5RCzMEShLD5jBqu4f4Qu0w1uccVShew==',NULL,NULL,NULL,'a:0:{}'),(233,'gellert.balint89@gmail.com','gellert.balint89@gmail.com','gellert.balint89@gmail.com','gellert.balint89@gmail.com',1,'pElvGSha/Bt3XZCvmMLSsRmYIv7MGXsCDjtc7vTO3V0','XdRHiHQbzwmXA5gFyzYEQ4sZYsgeZEgM46rEIxUgu8SZppUjlWrOeeTzsmdsqZzhUD9Uh6h1d+KfBzX7BZ1aaQ==',NULL,NULL,NULL,'a:0:{}'),(234,'czoby@hotmail.com','czoby@hotmail.com','czoby@hotmail.com','czoby@hotmail.com',1,'jCpPGqp7V4wKnYGlQWSjiQNOu6oRW8FGl.RW3zADSa4','4p5BTURBDlCYz8lLuE9JZvbcTYxp0BsBWBsVlS1DmDQqU44OErQ+4lGfeQCTLgyh8CXIUX1b1OL3XZ5P1qRlig==',NULL,NULL,NULL,'a:0:{}'),(235,'pomizsistvan@gmail.com','pomizsistvan@gmail.com','pomizsistvan@gmail.com','pomizsistvan@gmail.com',1,'daAedXDlYRFjyipd2KSm4EIf9UuT5TJs4W6PpbboAQ4','0/B0pysCxzW94g7QPMY510Rlvxn87k5vrAitKepwrSJzpOFy0UhtaGSVn0GkmE5HWLlolN0ubZGFat47DISS2A==',NULL,NULL,NULL,'a:0:{}'),(236,'akasha1666@yahoo.com','akasha1666@yahoo.com','akasha1666@yahoo.com','akasha1666@yahoo.com',1,'iyP2lcZYnM75.CP4wg6B4KrJnxwnrm.bZFO2EdjLds8','uBXlWdvJate++vvfgu6iNXZI476QFKl590USlG0j3D5MrLxECaZaILkBwFHndKkYMXJK9ChvanUWgckFSmOu8Q==',NULL,NULL,NULL,'a:0:{}'),(237,'veltinagy@gmail.com','veltinagy@gmail.com','veltinagy@gmail.com','veltinagy@gmail.com',1,'vdCxUAS6aArmK5p2hGIUH4mKS.zsxrN4pjlPcna/Bgg','uqN5YzuWc6qGAkQJtRgBFA9uMZ8utqvYQU2BhzwcUT7MSOZH4hL6DSC7kT/lGqffdGLw9I2TyFMjPjAvQYKqWg==',NULL,NULL,NULL,'a:0:{}'),(238,'dr.joojudit@gerontomed.hu','dr.joojudit@gerontomed.hu','dr.joojudit@gerontomed.hu','dr.joojudit@gerontomed.hu',1,'hRmm6awuPiEd8yQX0V.Tgk5zoZlTtjl.e8.sV3y5pjQ','+2aqzL7CtpK9hWTcuWEJ9qWxHcGPN/x6afj+JxoIjW+vHeZ9ENs2irx1Y06xVgoe50HSdco8qo4FvjRTRvu0hg==',NULL,NULL,NULL,'a:0:{}'),(239,'matae.varga@gmail.com','matae.varga@gmail.com','matae.varga@gmail.com','matae.varga@gmail.com',1,'CFJeqLJnx2JLRX1Purheb1eS6SAAJBpIRe6EMFNWQrU','4zl7kXcM2EDBAXawYIcTZgLRFom/xzLPLT4H3RhQolyBzUtoAOSqGZm5FhCki4U/L0gXQee8ffIMrkBXfRVItA==',NULL,NULL,NULL,'a:0:{}'),(240,'dr.schmidte@gmail.com','dr.schmidte@gmail.com','dr.schmidte@gmail.com','dr.schmidte@gmail.com',1,'k2NxghVQjgp2q67./pr82o1dLwMfT8lGmZ.Q4KdUG4c','W4DwqFX8VtKXFsLh60DOb4+j1DkjUy4hmq1vov+DxUs51M5Gw3cVFYl/5Llkeo0E84NA2REGeeDrr411YUzccw==',NULL,NULL,NULL,'a:0:{}'),(241,'lombz@freemail.hu','lombz@freemail.hu','lombz@freemail.hu','lombz@freemail.hu',1,'e1Ort4o2Fma5WDVVaaag3yrPepe2s0F38/5PafrBuZk','COsrzmg/IaWOVCYkxrQ4KIuTEJVHHk580d1Hc6UK06Us58TyxyPkw1xSusmVe9+ll1Y7KVFQn3ccFlvgwyBaNQ==',NULL,NULL,NULL,'a:0:{}'),(242,'seresjozsef@gmail.com','seresjozsef@gmail.com','seresjozsef@gmail.com','seresjozsef@gmail.com',1,'3Oyyn2Rwlcd7kM9LoeStDnNwCRhenHb6hHwOJQ59VkI','8Ru37hABxRsMX9+BdXPQViHhyXNNjFFR4wvwpfb1sZaT6eRr8yQ/i7zQDnkDD2IxQGFjgrrBWIvA3IeBifFnxQ==',NULL,NULL,NULL,'a:0:{}'),(243,'domotor.andras@yahoo.com','domotor.andras@yahoo.com','domotor.andras@yahoo.com','domotor.andras@yahoo.com',1,'zDFmtSjDQDjs47vAc4f8U6E5Wiz9QYplOrh./bNF0Dk','bbIgsl/+Ie3Uq0IEr3eFYMouHfoFhSzbbGJG3xq3njiSz6DACrc/7xHwFGImi0JI+Hy0P9DZPsW0WAK8VsLX9Q==',NULL,NULL,NULL,'a:0:{}'),(244,'kovalcsik.zsolt@gmail.com','kovalcsik.zsolt@gmail.com','kovalcsik.zsolt@gmail.com','kovalcsik.zsolt@gmail.com',1,'W3xRSZ3AvUqK1PGIVrK8e4gp1kwSvDFM6Liwmmv1TOA','FppH2XEl1nkcb2yIV9WaAxIiYcZ1Ho8llCETkRZLXYiExFjdR67RM73QbUbC+7IAaHublgVhDbfjHDmY8S7deA==',NULL,NULL,NULL,'a:0:{}'),(245,'czellerdaniel@gmail.com','czellerdaniel@gmail.com','czellerdaniel@gmail.com','czellerdaniel@gmail.com',1,'5w4SwSXUX2KAY87NwzknInIcnYyxnpbIYbfZ4lkhbro','owpC1UiK9rL3UnuWJfXXO9T9VqlEZrL5hYQk2GrZRKml6yaK8eW3ms1HinXPfWTR4Ldw0ZAzFk4LFPzClBJK6Q==',NULL,NULL,NULL,'a:0:{}'),(246,'ibolyooo4@gmail.com','ibolyooo4@gmail.com','ibolyooo4@gmail.com','ibolyooo4@gmail.com',1,'cC1N36c8KI22FhLRd9T1VciMB3maiixBAWCyHJ7InEo','szh4oPqosx2eOxh1QyT4XbBLcqsnKYJQH5+X2jhCM7hp4ASRPaPnGWWI3kuzyuBJXcndsG3p9KH8laqLg2YlBg==',NULL,NULL,NULL,'a:0:{}'),(247,'sashalmiedit3@gmail.com','sashalmiedit3@gmail.com','sashalmiedit3@gmail.com','sashalmiedit3@gmail.com',1,'KF17HDzFlb6O1i1NFnLmj.aHDf/gh5uKXros7QuGp8s','0PV+jiqK1MatnB4iobhYt35lNmWplEEL085JpfhaGcNfd2YMzRJ90CVu5xT7mwXdubL3Aj/5mhy+R9FEync+vg==',NULL,NULL,NULL,'a:0:{}'),(248,'hegedusmelinda@hotmail.com','hegedusmelinda@hotmail.com','hegedusmelinda@hotmail.com','hegedusmelinda@hotmail.com',1,'yTVBpLOhk1L7nYZXmVaq4Y9NgqnmGTqWNAHpH1A.pTY','Vaxvxt7asq8/Ui/Kmul/XVxGYOAZwmL6wOkBLbbYFDJ6Yg0X/STGkV/VUwPywKy8jmmuznxJQ7Z/zo/OPNZGuw==',NULL,NULL,NULL,'a:0:{}'),(249,'hucshar@coloplast.com','hucshar@coloplast.com','hucshar@coloplast.com','hucshar@coloplast.com',1,'Aupb9oEA3/sJeNkyS9CtyzPNRb7QsPJlxgui8pd4KUo','Xb63A4HyvEjZTds54hql9UJ8HMHxVverp+S7uS5ng2CgX3AxEMbHBLivCiBgzMR4LGgiUkB+kTNUcymrogRVrA==',NULL,NULL,NULL,'a:0:{}'),(250,'ngosedge@freemail.hu','ngosedge@freemail.hu','ngosedge@freemail.hu','ngosedge@freemail.hu',1,'ThuOzK2o1GXGALjP6TFQJhLL4jWKc8MYCT0knojaYGc','8AR5qEp+b945bYqcrRH4MqEkYlntzqaNeab3rJS3Ri4OzquYHn4ELasBg36Vwm4w6CLeqzyhZb8Wtr69xGF2IQ==',NULL,NULL,NULL,'a:0:{}'),(251,'drmakrai@gmail.com','drmakrai@gmail.com','drmakrai@gmail.com','drmakrai@gmail.com',1,'CaDKpivKW8rNnF.Ay8ulNi9aEnRrSIW21hYTcl1E2SE','LPtcWSBRE8urkyBxdvun1IggWCzJRAxGco+ypC43Rcg9mpW3mIOPDd4h1em3KzaipQdT1/3SGCqXcIxU4loogw==',NULL,NULL,NULL,'a:0:{}'),(252,'drcsklara@gmail.com','drcsklara@gmail.com','drcsklara@gmail.com','drcsklara@gmail.com',1,'ecBgKQwJzVxGKjzWvuspeRBHi0xGti.Qv.iWjK7bNiI','ejhkQqCT/fkz/vNgyzA4uzfe9tQNk9yrLp/pyj+lSZ3tC8T/8gbDs3lPlvH3IDqPsymbTr+oGZwVk1KWbuG/DQ==',NULL,NULL,NULL,'a:0:{}'),(253,'inczefi@gmail.com','inczefi@gmail.com','inczefi@gmail.com','inczefi@gmail.com',1,'KNUlrZQ1Vm4j42WTlripcCIXHI/HPd7/y/H84fL8hXM','igFvd9aVPEgXoii8UPofQA/sl102dVoSSDZyGf8s68ljv8gGQDtZ4TNklMkRmM5BQ96UUcv/5B6qy090HrmX3Q==',NULL,NULL,NULL,'a:0:{}'),(254,'claudia.bogdany@gmail.com','claudia.bogdany@gmail.com','claudia.bogdany@gmail.com','claudia.bogdany@gmail.com',1,'LmQwJVeomTk9i/z8b93AJAWPW1/P8PYT3j7DENOzGzw','V1PspVfjhEORpHvU6FJX5bArsYHKjUUnTlrVrWZ8wc/ufLoOnlvpLEMzX1NS32/xZU/L4CW+DbNln+TOsCuFXw==',NULL,NULL,NULL,'a:0:{}'),(255,'marika.czegledine@gmail.com','marika.czegledine@gmail.com','marika.czegledine@gmail.com','marika.czegledine@gmail.com',1,'yirNLu.F3/k14OBK/lD8U07S1w3v.NlE0wazyCo7CHg','uP5mtb3jxWl5LBG2rFi105Sl9KwsVB+jMZf2l6bWgKZzr3A841sw+dHPbWJv04tkg1O2GS+5rCwdJS+2DG21qA==',NULL,NULL,NULL,'a:0:{}'),(256,'eszter.szabo89@gmail.com','eszter.szabo89@gmail.com','eszter.szabo89@gmail.com','eszter.szabo89@gmail.com',1,'sL1eY9QQRKG5p/T85QJc7tXuDDsAKM2rkrVtfaMkGno','0A8ojrSJDd8m20ABiL2u2L+4WxXORCsfzpz8xHpRbQpDs5jwxAoZ7l9DXrA5/YWEMoN4o/2EBkCuk9/AI+5NHg==',NULL,NULL,NULL,'a:0:{}'),(257,'viktoria.kaso@medtronic.com','viktoria.kaso@medtronic.com','viktoria.kaso@medtronic.com','viktoria.kaso@medtronic.com',1,'HqrBn3WXqUTpqfzl96m2icA8OVRY4G7.JUikowrRbAs','WQcqCjAU8ahBwtzgMKqU+Y2049qXVahg5cIwo1B2Xc8r5TbEbG00L/eiY7GeI4nfh8WvOG8jxdeCCEIG+3zY8A==',NULL,NULL,NULL,'a:0:{}'),(258,'balazs.lazar87@freemail.hu','balazs.lazar87@freemail.hu','balazs.lazar87@freemail.hu','balazs.lazar87@freemail.hu',1,'CpRtmWryjTKHk9jJJlNP0GBUYUTLE7PtkBy3nQ9C2V8','usyysDERsgd5kfVqQXYqgjuep3CQ8wLsIf7y9Y9VW38m8u5ySRka3jq6gEEWtP0JjdG9Xki10hKCTjn6rlRKQA==',NULL,NULL,NULL,'a:0:{}'),(259,'dabi.agnes@freemail.hu','dabi.agnes@freemail.hu','dabi.agnes@freemail.hu','dabi.agnes@freemail.hu',1,'bKk7n47V2gI4rSTEAxRskgzZrK8A6KFi5U85YY4gEN8','xIlFKT8CiVUmvmP1FSmlygqeWIAIcwzjVG8rBUO966m7BseGSGPzsE8DbJStUz8Ctfv/tjHwt4I3bwL+Z5AmOQ==',NULL,NULL,NULL,'a:0:{}'),(260,'teodora.fuleki@abbvie.com','teodora.fuleki@abbvie.com','teodora.fuleki@abbvie.com','teodora.fuleki@abbvie.com',1,'x2fTV5RJ7I5zQJCY2EqsBitk6zeqL7/89Hwpsd8hD2k','X1JHHMr5AMDyw7Ha/VYRxwkAFJnEwp/p6jJv1Gt1CuQhL7MdoI3HKCYm1Qe8r2z5gK6mK63WgO+2CNsODx8omg==',NULL,NULL,NULL,'a:0:{}'),(261,'lgizike@yahoo.ca','lgizike@yahoo.ca','lgizike@yahoo.ca','lgizike@yahoo.ca',1,'o/8oJAJkdHosPOfUaB2.UGBnA7Pa/qCub/YRKnHHxzc','So5JIutdssfYsm7ImgPMPTlB2zrm+MY/lLmk0WZpWQ8/ESUEcUsGHxDi0ZiX+34rXMkyidzb/uMkG4F5edvKog==',NULL,NULL,NULL,'a:0:{}'),(262,'kulcsickagutjudit@gmail.com','kulcsickagutjudit@gmail.com','kulcsickagutjudit@gmail.com','kulcsickagutjudit@gmail.com',1,'kUgM1uMupKF8WX.VEI6ATk2LOkUjQubiryYPKgVEwkY','dmXM9jWlzTpWQoZY0JBh64IIa2aZdCivP4BN495RJsCcYDMVjsirZ+wtuoEPtz44kZrOMeMVYhW5HaBxgSiHGg==',NULL,NULL,NULL,'a:0:{}'),(263,'kofnaaosze@gmail.com','kofnaaosze@gmail.com','kofnaaosze@gmail.com','kofnaaosze@gmail.com',1,'ltQ89/idvBBeI5gbScuR4qydkLoV/KP4trxmVRU.U78','zIgo5SDofwH0qI+SjCpokv7Ow50xeEmumgb/2qcTCv12aY1JR2zJ7JvTIVLzb0/qmhUe6oMwiD0SjxO4z0++SA==',NULL,NULL,NULL,'a:0:{}'),(264,'mercedes.ivanfi@gmail.com','mercedes.ivanfi@gmail.com','mercedes.ivanfi@gmail.com','mercedes.ivanfi@gmail.com',1,'PQfc4B3BI09NX33yFhaKkUHbw4vYoe7pqy07x1pKmiI','cNVt+ntDV+Z+qoQNv8fnIt5V1y+oZXAmw9TNolmD25H6Ev7uJo/i1UE1Fhzn3IfpWBIkgCd1uqlL9sa8FFXjww==',NULL,NULL,NULL,'a:0:{}'),(265,'teldavi1989@gmail.com','teldavi1989@gmail.com','teldavi1989@gmail.com','teldavi1989@gmail.com',1,'Ee55q7ZNce3Tpk6JChWCqrOw3oy.ZsIDvKL9KL4DpWY','XYvdmkWFXCBH+OUTkWV5IWVUHfC/IZFaZn/XDArPRKdDRDxvj/bnW8XKFSe2kNxnZEjMa4GvBv+YBzPAEcICVw==',NULL,NULL,NULL,'a:0:{}'),(266,'safwan@freemail.hu','safwan@freemail.hu','safwan@freemail.hu','safwan@freemail.hu',1,'mpaBHKc2JZBKfMsr0aYbG9v0/qPkpuLPCDJh2J5bjSg','hN2807bCIicTJOjcnFUvOFFjfNGmby2bpT10gTWbIO++wNJtvT6VeNO3VoHNDMYgfbHMfN+gqujkHtIHwBgPnw==',NULL,NULL,NULL,'a:0:{}'),(267,'detterlevele@gmail.com','detterlevele@gmail.com','detterlevele@gmail.com','detterlevele@gmail.com',1,'NING65F2Eyfo05x0.utTUmyVism5ao8t/7cOVCxuuuU','L39T1v//XBA3gNMlclx2o9PY/COHRVoMKm5LdSNNgNv4KNGQcHwh8G6jwmBD6WG7o3ZCv+J0KVQiP+eWeBoFKQ==',NULL,NULL,NULL,'a:0:{}'),(268,'solymosmonika75@gmail.com','solymosmonika75@gmail.com','solymosmonika75@gmail.com','solymosmonika75@gmail.com',1,'uQdfotMbGplW.w3Z/1kik5F0ArfVKbJWLpPlOPKyfeE','/SC8knNK6t4Xhbz49cGx944mIpRgbAYHHyr/8QlNx/UYCO572pCgQ5hk9gJbTH57QgnENR7CNdTIV3qkuANtqQ==',NULL,NULL,NULL,'a:0:{}'),(269,'vantonia22@gmail.com','vantonia22@gmail.com','vantonia22@gmail.com','vantonia22@gmail.com',1,'S6ABJMo695KaKrvwJjEh/ewVNfiewBrhHOlaWAJDB.c','8wWucLKmpoc7NeOD/fktVw3WCcSEHnGmWBLs/WCg+/rLRsnSLL+Polj0OV4xuiDVrOOpBY2eYKcCqsviiRYUUA==',NULL,NULL,NULL,'a:0:{}'),(270,'gyula.david@gmail.com','gyula.david@gmail.com','gyula.david@gmail.com','gyula.david@gmail.com',1,'0Gbz4e.ZNCYPePWUCQ5nlMfO5iFdX.fnlgjwtbwLaqU','VBTBwt9gVvZwocQgpruxHZHNukP5RagPoDom1OWaWCGrZpq0MIa6XiKHMSfvpFD4LRDthZngfgqGI26MeTvliQ==',NULL,NULL,NULL,'a:0:{}'),(271,'bajor.judit8@gmail.com','bajor.judit8@gmail.com','bajor.judit8@gmail.com','bajor.judit8@gmail.com',1,'lIB2ZcP0JzeyNPrK5qsFu3AK6lMsHLGhohWAlficnO8','Ay3s8FLgF4lYgvFTd4p+t7+cNxofGzMz6nD5ootdA7HiNkpm4qaonD4dld7p+fOiVmA4J+Zr7FbolRzazpixJw==',NULL,NULL,NULL,'a:0:{}'),(272,'franciskanmth@gmail.com','franciskanmth@gmail.com','franciskanmth@gmail.com','franciskanmth@gmail.com',1,'zJAIoGjUpuLvxvD5sP.ryWi0/9QZcbmf8AuLR/k3zDU','ud1jpixOXUa+TS28Cp4N2vYdJAjhxNs0z2b04yBQZ3Us7r1jsVQ944sRhIF5n0c4PF/8AnBIRmSC7KYQdplRgg==',NULL,NULL,NULL,'a:0:{}'),(273,'mhajdu@its.jnj.com','mhajdu@its.jnj.com','mhajdu@its.jnj.com','mhajdu@its.jnj.com',1,'Mst7LvoIM8uVkJ00CsIYmV4x.XqB0C795i1lnPkbFjI','bEXUdKIC3HBgs7NvP2Ebjun/FTv2Ch5FRRzd3FYWKg5umOpzqi+fDrs+hsrNNGDcCW7gx9X4ktOvl8M1bxB4Ew==',NULL,NULL,NULL,'a:0:{}'),(274,'toth.eniko@hotmail.com','toth.eniko@hotmail.com','toth.eniko@hotmail.com','toth.eniko@hotmail.com',1,'S6p8Dz47XZnj6Q4AmrL5.OpBRTF.Gk4jiD7B/.pQmEQ','KsW1acOgsoUwJ7E8mXE40yDQXGKjoeaz4I6en6KfEt6OcRbQjurBrUkohrweFnS0Nrv+3he/EzfZLd+SbfHjxw==',NULL,NULL,NULL,'a:0:{}'),(275,'elukacs@its.jnj.com','elukacs@its.jnj.com','elukacs@its.jnj.com','elukacs@its.jnj.com',1,'mTL3dypUmuv1mAn1lCZjpKkGmHC.PIuzX5qCBye/zAc','d81HizlGTRGpGXH10Oh4xuGR/M5cRc47m6q3YHXNUlBDiWJhx/7HXI/iuX6nZ2GM6Rl/tS3QifusoNqjyuISLQ==',NULL,NULL,NULL,'a:0:{}'),(276,'szabo.doro11ya@gmail.com','szabo.doro11ya@gmail.com','szabo.doro11ya@gmail.com','szabo.doro11ya@gmail.com',1,'BwLdwJdWxtxSDcPNa4lTw0kHw8wlNESQ1WWeI5bBxFw','t8oAKjluio0WQW5skvUc38VHD9ccaJv5cf+g9JWUznkVqQXb70DGlw79pIcj2cUbhvf6qYGuTLi5zUjwbJ5M1A==',NULL,NULL,NULL,'a:0:{}'),(277,'hunmed@hunmed.hu','hunmed@hunmed.hu','hunmed@hunmed.hu','hunmed@hunmed.hu',1,'YiwdgYaXHOMfbDp1OvkZCfLYrkXxVyyP2E0fwQMX5YY','Jv0JhOgrCGrezcV7D3WU9uGepZJkxCmkKPFQAJz4P9cDEXGBPdFxq12Q49muunwIy533BrF5Eur+Nu8Zpioqqg==',NULL,NULL,NULL,'a:0:{}'),(278,'ahmedab9000@yahoo.com','ahmedab9000@yahoo.com','ahmedab9000@yahoo.com','ahmedab9000@yahoo.com',1,'/TiAzpoYfawtTj0nYAq8kuYY4EWAWpJVFN0nfJ773ko','lc0T2fGyMJ+GuwqU70gphHDPjLdTWycgXP0mwLk/ZgqfH+NNmG0A/MNYbiKGkMBSvZhMP8OVsz/YCQCk4kY23A==',NULL,NULL,NULL,'a:0:{}'),(279,'andras.kulja@gmail.com','andras.kulja@gmail.com','andras.kulja@gmail.com','andras.kulja@gmail.com',1,'0tI1ipsr31k6hk4.WsNb6rE71WuV27U2sFTl60anuyg','A+IpCPRVBP/l4VqmQ1Jo7Y77oRgMqaHz2JfkbMeMHMoyjjLrgNgTRGxEVt/NFb0gsA/bGnfxa21PgJq5d7sOXw==',NULL,NULL,NULL,'a:0:{}'),(280,'bataktim@gmail.com','bataktim@gmail.com','bataktim@gmail.com','bataktim@gmail.com',1,'0hwj0Q3hfRfO6GfnDILsgEJH5njkjI69ceAJ7newj0o','7/5qhkq5Dp0GW7XG4ZX+xOJZ769FrRmJlXVakAnULMHel1mXi5i2J8r9h9cTt4fwtvsXKJHcIO/BHXJ17Z7U6Q==',NULL,NULL,NULL,'a:0:{}'),(281,'bartfaynoemi@gmail.com','bartfaynoemi@gmail.com','bartfaynoemi@gmail.com','bartfaynoemi@gmail.com',1,'IEN.kK9tTU92Jw.uCsuEbPTLTbK1IvfSFcDL9b5.cgo','HxKiyPsx8Bt0EHMzZ/O0xeZREbNH5As/TO9MA12B3OupiI75siawmeHXNqwkF/3wjzGY+AphZ+FV+QU+dFJNaQ==',NULL,NULL,NULL,'a:0:{}'),(282,'karoly.novak@takeda.com','karoly.novak@takeda.com','karoly.novak@takeda.com','karoly.novak@takeda.com',1,'5bUHExQYPW7aNsPHyb4I.BIWIEkvNIY4wNcAOemmmZA','GcngoOw7PceQPjfnFN0d3Y3DQqGd9okft7Rf5FKROVmYRRED3DjU+Hxrjt9W9KVa/dEV8GJtD8fEatXrePzenw==',NULL,NULL,NULL,'a:0:{}'),(283,'robert.kiss@takeda.com','robert.kiss@takeda.com','robert.kiss@takeda.com','robert.kiss@takeda.com',1,'qej6tjC0aQzqhI2/cES0l8hQAjanAitBq70Vrk0zUfA','yvFvk5nZKfeueZ3MZYEEJKF8YayCWASSN+Q+je0JDaiTeDekH6jiwkNR8kSL1NT7fF703/DSwfP0NEOfaP+wCg==',NULL,NULL,NULL,'a:0:{}'),(284,'nora.kurucz@takeda.com','nora.kurucz@takeda.com','nora.kurucz@takeda.com','nora.kurucz@takeda.com',1,'6qskx66Q024L4745FDbfgsOAedXPsBxS81zRlxK69lM','B7m7HhxorrMKJpWww0HFTO/dwR2Y8rB9msC/a5xVTGXHGwsKypkN7yJqojt9fMLutiPipiPMVwauobDqyUnfDw==',NULL,NULL,NULL,'a:0:{}'),(285,'lszabo@its.jnj.com','lszabo@its.jnj.com','lszabo@its.jnj.com','lszabo@its.jnj.com',1,'KBh2vJyW7grEegJgpi7jQCH3pdpAqf/1yo60KOOBzBg','aT+d2UlMaw85yASox5twXZONO9ojAErc/z8NzjcvrWapLEjaqdjNxE5CUuYfumSg+VEMzkn3zak1e6xr5E5Low==',NULL,NULL,NULL,'a:0:{}'),(286,'laklaci@yahoo.com','laklaci@yahoo.com','laklaci@yahoo.com','laklaci@yahoo.com',1,'EQI.K1Kh1AdeU5ykCevmKk1.mj8auHQxihrWArjdZiM','UBIiSCKjv5oF0LnSHYT89edZSIpoigYs5RQlaSkCDlewN/WVQYpWp3BEID4hNTF0m8ANrnM63MOihPlj0xluqw==',NULL,NULL,NULL,'a:0:{}'),(287,'szajkikarolydr@t-online.hu','szajkikarolydr@t-online.hu','szajkikarolydr@t-online.hu','szajkikarolydr@t-online.hu',1,'H72mMEw2IFhYp.LzhfHw915fqEckAwQJZJtJ930PvCs','qUOat6q8/Qkhh1cwitW87KPy5pRDEmifJaZSXjnkU32uPtOpn+jRN5b+25BA/W1KfPCEM+VsvyTacptBbdS10A==',NULL,NULL,NULL,'a:0:{}'),(288,'dentz@its.jnj.com','dentz@its.jnj.com','dentz@its.jnj.com','dentz@its.jnj.com',1,'K9PAYww0OiD.H8YiQgMvaKABAD5U6JboMZTp7Cxk3wg','q2axozjhWtWVUlujzM/Npc2J9vPzz00kcv3qCjhqNjcWT49/Y4CIBoMOOzi/mtOU7asqEMBYhEdYxNPP4af15A==',NULL,NULL,NULL,'a:0:{}'),(289,'szelle@hotmail.com','szelle@hotmail.com','szelle@hotmail.com','szelle@hotmail.com',1,'Dyuk/ARDZBIJb.yrQP8bKExPp86YVkEM2Pugz6jjDx8','trjKWK3xyEICz5p4jnM27CdOP0ef/ogt3mHr5v7Wqk/D4p0nCKo6iSJtOTC/XCE2H3eKg2dDd/IA4dl/sEZexQ==',NULL,NULL,NULL,'a:0:{}'),(290,'hauliklaszlo@freemail.hu','hauliklaszlo@freemail.hu','hauliklaszlo@freemail.hu','hauliklaszlo@freemail.hu',1,'b/OSYVLsiL29hA/9JNHZcu/c4iAqDFA6bCV8lvY78iA','0g8lPpq1G+F6MHRCCgXmOo8rmo6VQcwZnsbyMCgglnQ/MJ8t4eD7KjyfiDwED0rRrQsvt85f73lpnNmR6+DA3A==',NULL,NULL,NULL,'a:0:{}'),(291,'b.norbert0912@gmail.com','b.norbert0912@gmail.com','b.norbert0912@gmail.com','b.norbert0912@gmail.com',1,'iUV4Y68yC/NGUDsN.FqaAYQ38D1kbmm5GcTXE7iac0A','B+71PujECvIE2emOQ7+sKNL4FEVvQq2sG4bUXGY4MwGnJ5MpqrMVtPxkl5V3Nl9m/btrUBUagiop3Xr5GrteXg==',NULL,NULL,NULL,'a:0:{}'),(292,'dr.galljanos@gmail.com','dr.galljanos@gmail.com','dr.galljanos@gmail.com','dr.galljanos@gmail.com',1,'z9eyMJmTDSZ.QuGaENTvq/gNxEjFj7VKCy3D935DDcs','yz8CCVQpbWHarK/OOXMbzr1R1qVxzFoB2eDTTlQZ3i9Ehe6H48p4ennRtYSzwZmRu3f3un812Wy4EZE6Zzgzag==',NULL,NULL,NULL,'a:0:{}'),(293,'peter.dobai@takeda.com','peter.dobai@takeda.com','peter.dobai@takeda.com','peter.dobai@takeda.com',1,'1c5cjoKZ5s.FKeFXnLD9zs21f.E7qCkaCudpVU4n5mk','axOoFLzLoUGg0+KQY5DoJw+A6VFPZ1cZmigbtlPovASOwZeihPkSE63kNx46Eqilu6y/sj7QsKEXQpD9fo4FTQ==',NULL,NULL,NULL,'a:0:{}'),(294,'veronika.kasza@takeda.hu','veronika.kasza@takeda.hu','veronika.kasza@takeda.hu','veronika.kasza@takeda.hu',1,'zgayp/qq9Bgi7cvZbCyv1.pF/1uq2HFyZ9uixZzBKrM','vbI68b1Ui3dkMzw1aHQkpthkHfXk5+GEv0BTveSUkJN5zsFodTiWKTSviPAgSNrptlYgJLMYcyMs67MFULSQKQ==',NULL,NULL,NULL,'a:0:{}'),(295,'szhajni75@yahoo.com','szhajni75@yahoo.com','szhajni75@yahoo.com','szhajni75@yahoo.com',1,'OfT8y27f9c5zV/1.TM5GulrUNqKwea/PhktcO1TMdYI','uFpD3uXdf4bySTOnV6k3/zqfpJKbXE3K6MsTH3VJ94h/DuZB3/j8/a1G3o7GXDWOB+tRD1jKqZrrX+ej1sQLxQ==',NULL,NULL,NULL,'a:0:{}'),(296,'kovacsvali8@gmail.com','kovacsvali8@gmail.com','kovacsvali8@gmail.com','kovacsvali8@gmail.com',1,'9auA8dRCpC5H/jya0IZ7MPG4oNe9jvrJ8KpKNwtyUMU','cOp3FgXExdfJai1PCEXkLKkvLekh1cDKnrSV4PjyDs7dvJZBv25xJWrkxj4cieSuyeVBLIemdF+lMqAmTaTqGQ==',NULL,NULL,NULL,'a:0:{}'),(297,'lorantgonczi@gmail.com','lorantgonczi@gmail.com','lorantgonczi@gmail.com','lorantgonczi@gmail.com',1,'NIU72NI71uq3ISfLMNC./lkHRUlbNjCcTwBNs/FE8x0','nlzWLCpLx2rYM1tDBKBB7QYR2A4g33qo5CFQaSPSHz86W2iS5VHGfE1jFyZWIdBddGR17HATlxurrnG6BpoyIg==',NULL,NULL,NULL,'a:0:{}'),(298,'szabolcs.abraham@gmail.com','szabolcs.abraham@gmail.com','szabolcs.abraham@gmail.com','szabolcs.abraham@gmail.com',1,'GiQADJopLROTzJvWSoZ2S2OY/SISSaX8NQ2NNBGATy8','OhP/rHllMaRc66DMlEyfld2Cum5EtRNOV2Ys5yZl/Jktwj7s73ueVR9ytbw6TtJrfAk1iC/R8eKF/yPeHxxj/w==',NULL,NULL,NULL,'a:0:{}'),(299,'zsilak-urban.mihaly@med.u-szeged.hu','zsilak-urban.mihaly@med.u-szeged.hu','zsilak-urban.mihaly@med.u-szeged.hu','zsilak-urban.mihaly@med.u-szeged.hu',1,'lqPkjNpb/fcQg2o3LT3sB/3LVBS0LwW0Qh.j5HDL1Ag','MJGMvzo4NQSkeALqP4ulD8rxZZU3HwX/cxvwU1kE71kxpilHBk/mUCXlRmdxrWCCcnE2uQ5364CBAIclf7gCig==',NULL,NULL,NULL,'a:0:{}'),(300,'robert.sike.dr@gmail.com','robert.sike.dr@gmail.com','robert.sike.dr@gmail.com','robert.sike.dr@gmail.com',1,'eKbXr4ZCupGv4jCUFlAtrQzOpKOW/iGmjOqPQ3zjtLg','Ay6O3rht77W6uNqJ5L9206Bp/xnhNfSwGpxnyoU+QzINznerI8Skl+f9gSO6QNTo36wczZ2PE/kYk0IZvLQGOQ==',NULL,NULL,NULL,'a:0:{}'),(301,'gab.heg@freemail.hu','gab.heg@freemail.hu','gab.heg@freemail.hu','gab.heg@freemail.hu',1,'FVD7AMT4RH2/wuGR8t7/0DMota94qTFXHxRv7HHFgls','5dy1bzGXwGiD0qtoHWEXQSctVM3VBqciE9vFE3xUS+N7Crvb3Sk6fMHdfocZEzYUU1cuFHULub28FuiqLg+oKg==',NULL,NULL,NULL,'a:0:{}'),(302,'ferenczsigmond@gmail.com','ferenczsigmond@gmail.com','ferenczsigmond@gmail.com','ferenczsigmond@gmail.com',1,'Jtu0PdOD.5jA8yOO.KmTlTw8W8eDvatHbKi41ZGpOwg','7nb+JvC56VzIuwgQI4Iu3qr2OpSOyfqWI6ojMEV/0rtyYbFTMlsqa+W1EVTopkL1lw98euE6IlNF4/Q5X8oXzA==',NULL,NULL,NULL,'a:0:{}'),(303,'hodosymoni@gmail.com','hodosymoni@gmail.com','hodosymoni@gmail.com','hodosymoni@gmail.com',1,'K2ysPiCP85YOH.PT.Ut5rsfsiw9XZ46xlAUpDPTRtTk','bamMIBljRKWkeBF6zucnegZ/mnb4lGoiYzVXP2a0OHXsxhxOKbw1T7i622MejzrpIb+FMvAcoc6OJq15OXDU/g==',NULL,NULL,NULL,'a:0:{}'),(304,'rutkamariann@gmail.com','rutkamariann@gmail.com','rutkamariann@gmail.com','rutkamariann@gmail.com',1,'r2zFa3d6qwXHn7aIGIu8MotByWQK4pdbDCHrR2Ui4fk','3pLMxzjLndBo0KKlIE6no+f9aEv5OTZ1SwqcEfNuMYAYGpA313tzg/gk3915CoNnWxUWaTaHYXdfFwBCy0tayQ==',NULL,NULL,NULL,'a:0:{}'),(305,'drharmos@gmail.com','drharmos@gmail.com','drharmos@gmail.com','drharmos@gmail.com',1,'IOmfjl9Hm1gRaCxT5teiuSfoPYfruGrCaBDnScgrA/0','m/7Ny9zDxC9qmUVFEGnTq2QY1bFAPkpZzSvhYYntdIfrwCPRL0wDsvwQa+e8e+5lAid8SfcAjojA+7a05c0Bhg==',NULL,NULL,NULL,'a:0:{}'),(306,'endre_csiki@yahoo.com','endre_csiki@yahoo.com','endre_csiki@yahoo.com','endre_csiki@yahoo.com',1,'jUyecGvCYkSQ/8mujVlyZVcChCloXTIBkLXvFfLud7g','7vrUH49HqTFbuOUeDF7fuuw00kkg9K5ZcjmxTo5WeugD9jI/aAkBbpkPt89Pr32QwNb8VgxpKJeT9YnuNeknbw==',NULL,NULL,NULL,'a:0:{}'),(307,'koromt@szeged.vasuteu.hu','koromt@szeged.vasuteu.hu','koromt@szeged.vasuteu.hu','koromt@szeged.vasuteu.hu',1,'ukDx9QcrQ9ByNL6cbHjXmfCASERZRy9.wDhrtUwS0Wk','fku69dWvLlYfOTo1eUUQNxqGPjrN/yrJeK3EvwKpoNcpTQ55UGVBfL8yDyYCf4P7YuvxBPdFeT/H5WEyXJ3HhA==',NULL,NULL,NULL,'a:0:{}'),(308,'eventshu@amexgbt.com','eventshu@amexgbt.com','eventshu@amexgbt.com','eventshu@amexgbt.com',1,'Mzk6t4.bsYyHJADqypI537BzdQGjikVQ4N/dzkblOjc','T8RjbVYPB08zdbOfmU9i1+IXtqUILv2fZR6I0sqLwCZh+D9kOw8rC/dA3HA+26Th/Tra0tZ6kXZLn3igv9Wseg==',NULL,NULL,NULL,'a:0:{}'),(309,'baranyaineva@kmk.hu','baranyaineva@kmk.hu','baranyaineva@kmk.hu','baranyaineva@kmk.hu',1,'jT/DfSvbS5kot6gRpcgNmuQGlR.mxF/8DIT7R54AE.o','1J5cvKcC3/QlqwbMfuoq+QnFlfOqXBkSGsP3qeDXSeI12GUNB2WHeRxk5MJQNNFlNM0C8AGxLCOCM6VvMS1BIA==',NULL,NULL,NULL,'a:0:{}'),(310,'papron@gmail.com','papron@gmail.com','papron@gmail.com','papron@gmail.com',1,'2Pgk7R.jqifGKiZEW4uZZnNQCjBuWRMpeIpeYWhym/A','DDviri+hwvcalGqMHginF5CUS/7QnpFdMptCQyd5t0m8NiGkYky7xF01hyyxQh/a8BhOzUdTQxms1/XU1w40sQ==',NULL,NULL,NULL,'a:0:{}'),(311,'veronika0324@gmail.com','veronika0324@gmail.com','veronika0324@gmail.com','veronika0324@gmail.com',1,'qpqeVJEMkyB436tlxbUz.BPusWvgJIw36LKes0ywAuQ','P1wDawgNaOFhZ1idy1kX5wPuTYQIbI2cgHF9IYumqVOHVbDMlxd4Ip1/2/dehSXBnhC5JHtHitP3Btw+hw1zxQ==',NULL,NULL,NULL,'a:0:{}'),(312,'minden7n@gmail.com','minden7n@gmail.com','minden7n@gmail.com','minden7n@gmail.com',1,'f0i047vXIpkVT6KjCZ/UZMboMLH7xxJZ5NEWPKfWGvo','o3XNERHJ8/ivFY2oWW3Q4sYy38w7zvbBEanXL19xtAzJeKYaKOgqhLGO6LCbUuNyLnkgTMRLu1Si288Ku1QBbg==',NULL,NULL,NULL,'a:0:{}'),(313,'clave.taurus@gmail.com','clave.taurus@gmail.com','clave.taurus@gmail.com','clave.taurus@gmail.com',1,'nBjWU//paj4hQnIh3REmjhO7jOLoF2s4T/WDkVL8nFY','6XOEk+2EQkXQl8MreybxysZJkpNfs4/jvmxlaKy+EhpLelHUuhBvdDzp5tsORwgje7tpX2dBNrzok6sOjU7kPw==',NULL,NULL,NULL,'a:0:{}'),(314,'gabor423@gmail.com','gabor423@gmail.com','gabor423@gmail.com','gabor423@gmail.com',1,'xjQLp2sCXWEngvUYInXtuqLipCQkpWqlWeURs8ZNt3M','erT0XpFOsj2DWsbkEaQzSe49KAGwbFALyQ/mcJ/nb/Wz2Vdp4Kiq1xuPG7jd1GnfGzcEpRbhNoV6K+lRLLS4YA==',NULL,NULL,NULL,'a:0:{}'),(315,'bgabor1990@gmail.com','bgabor1990@gmail.com','bgabor1990@gmail.com','bgabor1990@gmail.com',1,'g64mh.8Par2xiBDQvfD/NcCM6Yk18VsBEjtQ5G/cX9k','jbqvrGGAkFLcUXPHfngxCxkZsScuCE66Lk/czBRsLtk400UFuZaYqJcPEMZzHPcAo4lay4aZR7lItF5ulGc6tA==',NULL,NULL,NULL,'a:0:{}'),(316,'arpad.patai@gmail.com','arpad.patai@gmail.com','arpad.patai@gmail.com','arpad.patai@gmail.com',1,'re3DCnaOnYOjJ.idFMrZOQMGdjSWDQc5JjBdbKj.GYY','cUbAcxghFXy7VDCPKfs/7mC7ncZIVg9GzZj9O2Yd84iST1gXn1tO/iw48FTvs1EHtT/WeqK8eWRd//+leRk+Gg==',NULL,NULL,NULL,'a:0:{}'),(317,'bosze.zsofia@gmail.com','bosze.zsofia@gmail.com','bosze.zsofia@gmail.com','bosze.zsofia@gmail.com',1,'fqbFdt5HCQOGepHJBOcEG7roy5mHp2/JcGJTOCKkLB4','tlIjca1IuhGrZIQcfYWZsn+E04cHTNshJWIPJydHaaY946kCw7rlGtbVG+E8YdvPr+/U5yi5gx1YJt78d9KRQw==',NULL,NULL,NULL,'a:0:{}'),(318,'garami.timea@gmail.com','garami.timea@gmail.com','garami.timea@gmail.com','garami.timea@gmail.com',1,'lzunGmnj9RdykDe42TR4UjO3jidbVsO3D/DVclBjPbY','QeaAxDRjnCvscfrEF85IOFdFLhu8wEo2qhuPwx4dUUoCxmjfbSvg+7NjEErk5Y3zRQKEZ9d18J8t/zyV0+RUtQ==',NULL,NULL,NULL,'a:0:{}'),(319,'korom.nikoletta@gmail.com','korom.nikoletta@gmail.com','korom.nikoletta@gmail.com','korom.nikoletta@gmail.com',1,'GP4RO3EKlm3r5fVxBv0ivfqXNZtenZnWm013ppvIhus','ggLBpb0DsRywbjPOSz1M2bRZG3CBFIm/HRGEpVcKjAQsal5uK1JZt/h5STVl/92AxPiAE4CH/09+xbbxyw3czw==',NULL,NULL,NULL,'a:0:{}'),(320,'bagdyvirag@gmail.com','bagdyvirag@gmail.com','bagdyvirag@gmail.com','bagdyvirag@gmail.com',1,'1VbmLuAG.c5nvkTX5p77ZU5ZcQ.64BGxBoIMzRaPjT8','eHzcqqS9ehCLTVm9ph6Qh3ApOCD4O+eRdL47bCGlQCV0tErJ1sxyaYI/9KL6WynZAgzWc6D5p5khy39Y5R32cA==',NULL,NULL,NULL,'a:0:{}'),(321,'pandur.tunde.dr@gmail.com','pandur.tunde.dr@gmail.com','pandur.tunde.dr@gmail.com','pandur.tunde.dr@gmail.com',1,'qUXaaPhjDLKe96nY2S0AeUxi8MyMlPWnYeE9URX3cio','MlncAc5S0vF13c/ATDOKRfZkJUyxgxvCPONLMlEn29K4pA8AiuN5JJndrHVeN2zA2CBGyC9GR9HyCE7xQfr4UQ==',NULL,NULL,NULL,'a:0:{}'),(322,'keczer45@gmail.com','keczer45@gmail.com','keczer45@gmail.com','keczer45@gmail.com',1,'6XKXb13MOwFVRhdGEWSd5XcNcKYEJlAkbZ.f5LtQ728','mghh21tCHtYHZR6nJwzTjVDMlGWYkJ97RXjBpZBuixzWp4CY15iF7VJUcoaNznIonlo4WMStnSanjh7GQdVbyQ==',NULL,NULL,NULL,'a:0:{}'),(323,'ildi.ipm@freemail.hu','ildi.ipm@freemail.hu','ildi.ipm@freemail.hu','ildi.ipm@freemail.hu',1,'0LiOwHx9I0GBM1bsob.Tg2/Fzk.7bYFfXIpULI/8p5k','cPN1AL5E/yX/o3fRr2gU2+I5wvX3LmEeCSVA9b7kTvlGKbRHYfZ/rJFbnXJUkYiV0a5KP5CuNQu1InPC7F0c0A==',NULL,NULL,NULL,'a:0:{}'),(324,'bagyal.mate@micromedical.hu','bagyal.mate@micromedical.hu','bagyal.mate@micromedical.hu','bagyal.mate@micromedical.hu',1,'ehY0EARJTUVxZIJiM/Fft4OUVj6obwajpVps0Ld2DRs','EG4ySD1P93Vl7U0DYEsr0mR6HvdO0SyxPScxGS86lN39WW9K7GYToWj06Efp+dk4JEnYt380YVjL80Hweubcyw==',NULL,NULL,NULL,'a:0:{}'),(325,'egressy.maria@micromedical.hu','egressy.maria@micromedical.hu','egressy.maria@micromedical.hu','egressy.maria@micromedical.hu',1,'VEF0JKr1NlJE.ruGx2A3KWximrwKhssfah129MUhFfA','uwjjHypv1AswdPTvgg4Iv/5qcmXBijxxRwdMv7dfCzvz8t7EO7+aT/MyStnXoiEl7N5qDGYrgkqRekJaxK9LdQ==',NULL,NULL,NULL,'a:0:{}'),(326,'tornyifanni@gmail.com','tornyifanni@gmail.com','tornyifanni@gmail.com','tornyifanni@gmail.com',1,'dLmddlXMxBszcT0dYwc0MmRahy9/X2zH6rM2VS86lxo','5KnwS4mASRbwCRINehBA9LRL+w/TE+kI+eABIykeCK26Cg90R/BJyBQDaaZ8r4lvlY9+gMGmratNy6oaeo8Y3g==',NULL,NULL,NULL,'a:0:{}'),(327,'reka.nemedi1@gmai.com','reka.nemedi1@gmai.com','reka.nemedi1@gmai.com','reka.nemedi1@gmai.com',1,'2o0g4SmM7aYYkF2ag1lCr9NgNEODBQQspmqdlT9cdbI','JgvHP63Iy/OG11OlixZWZvLK0pL2Mct9FTxeiP+BpdY0R6VCZlMF8BnE3Gib9RXMbISdct6Wh9qsQvjpqD6hJw==',NULL,NULL,NULL,'a:0:{}'),(328,'korhazbel@freemail.hu','korhazbel@freemail.hu','korhazbel@freemail.hu','korhazbel@freemail.hu',1,'Ymd.Gbo4lQAIUSYuG0my3.Y0CZiwGZpXiKAlTFwvDiA','IN5nvDrELBojTI9f3BIDGwAovXyPwzTKAJJSVcSgxwQN6874APUZnrcd6qcXfWBS/46weT4ra19+FVVJT5uIkw==',NULL,NULL,NULL,'a:0:{}'),(329,'frohlich62@gmail.com','frohlich62@gmail.com','frohlich62@gmail.com','frohlich62@gmail.com',1,'2emPVCBYQ.AgKHnMvEluFWSvNyZwxaxhedwQVJ5ILP8','unk7+VVPdZHjnz4of3eK6YZbR6so35D7ZGDW3qqLmQAUTCeo2TBdZtJKS2uQfYnUHNK8Gpjz5yHr4qeMZjMp1Q==',NULL,NULL,NULL,'a:0:{}'),(330,'henczj@gmail.com','henczj@gmail.com','henczj@gmail.com','henczj@gmail.com',1,'qKcCctf.llv2E3XQdujnuNhrNL8zGBXMshRJLURpw1k','aRxPTLU1WqhGBtb8Vn6FrVqjXG4EHlstYt4dPS46kf3xMOk32oUuPJhFtA1I4A7ZFjAYeTQZIDw/iMBtM/j1fA==',NULL,NULL,NULL,'a:0:{}'),(331,'katalinbalasi@gmail.com','katalinbalasi@gmail.com','katalinbalasi@gmail.com','katalinbalasi@gmail.com',1,'7Z84khB2S6St.6ND.m9tmO09MqjnGxUJSDSDw5O2lVw','yHD/pcDtkYrSNI6lxO+pqVqtMvKibRUVS+mJhmYQfHUo5q23Rpb0z/BO8zJqwxVDsfR/xnrhu98ZuBnvHAecJA==',NULL,NULL,NULL,'a:0:{}'),(332,'laszloszabados71@gmail.com','laszloszabados71@gmail.com','laszloszabados71@gmail.com','laszloszabados71@gmail.com',1,'PKEOJBrdZvfiht94ji/4r16t1zLAI7iG3f12UWh8KIs','BJUFnLtbIbrO7UEetaOw9Xs8SAM/kB/kPJaqOMwdL5pD0cxeURKJp0fJVv87+WiSYui5sQ1hFeBomZsBXh63SA==',NULL,NULL,NULL,'a:0:{}'),(333,'barokbi@gmail.com','barokbi@gmail.com','barokbi@gmail.com','barokbi@gmail.com',1,'hCOqfj/pt9GFhkUyUbs1bi2SFc7dPGx7WlVbma.AV2A','KePP/zn7NldOqkBh+C3atPbbC/OgVHR0GuZPtME0hifTDSkzgb6rJEV5ozbDXJB3Dtre/5Y65EcEou5myPM2ww==',NULL,NULL,NULL,'a:0:{}'),(334,'szilviasigerne@gmail.com','szilviasigerne@gmail.com','szilviasigerne@gmail.com','szilviasigerne@gmail.com',1,'GzPkID2nsQAjR.eZZTcMyWd8OJBFp.MELQY3ZTrLWEk','mBw+uzWbzohpy+S/nsdhTIzPB+28tatTk0qAFzTDUtgifrCdFuElJmLV6xppDUYxhPWpb8Q2PgKJe/jAPw5w2Q==',NULL,NULL,NULL,'a:0:{}'),(335,'mutosasszisztens@gmail.com','mutosasszisztens@gmail.com','mutosasszisztens@gmail.com','mutosasszisztens@gmail.com',1,'ldfJy4u5vfoHX2ffbXAjqD9J/dwza3bAJDdHf7OLlqY','f4EHzUkgjEf1RANRbMtTvpmcgn2oOlEbXRRLmUccuczWrxRrBgMcqDF+pW+4teXUCgxnLMkQd/BMjJgzd9ZgSg==',NULL,NULL,NULL,'a:0:{}'),(336,'hszabolcs@ymail.com','hszabolcs@ymail.com','hszabolcs@ymail.com','hszabolcs@ymail.com',1,'lGUeKJsHKWzBq9Gdi.992E8Cg5pkXFKoCNfb6c9izLo','ZhgAoKrX8Z413CSb35KsVcFbKFSfK0UmR/UL9vW/Il2MEsvXXw6jDD5mJP8ZGFyeh8gquu0+DK+UPnizRXmXtg==',NULL,NULL,NULL,'a:0:{}'),(337,'andrea.toth-angyal@sandoz.com','andrea.toth-angyal@sandoz.com','andrea.toth-angyal@sandoz.com','andrea.toth-angyal@sandoz.com',1,'QJ8/F.jNGkaFc0B3KMvYhR0hvZZ8w5aR2peLFUx3vpQ','uMb+0xF4gOMXn5/HqT74ej+jfyiXw9kUMihyV17bFvRTUE37WE39nuAkYUR9ySY1eReQgSj6vL01tIHjpkssig==',NULL,NULL,NULL,'a:0:{}'),(338,'drsafar@freemail.hu','drsafar@freemail.hu','drsafar@freemail.hu','drsafar@freemail.hu',1,'4GlMWZJ0/hD3WFAwyMtXfpUzkeRrY110deQLbWxUKs4','eIrgznIJq3Tng1LyIpw6PYwQLhzqOZHzO3anUWqRYd3pgS4imjIwaI/jBRGL4pqd+ay/92ZHZtzSpG5+yaYTfg==',NULL,NULL,NULL,'a:0:{}'),(339,'kozpmuto@mail.fmkorhaz.hu','kozpmuto@mail.fmkorhaz.hu','kozpmuto@mail.fmkorhaz.hu','kozpmuto@mail.fmkorhaz.hu',1,'T6rxw95WYo6I/lZVanMTSnCcCezjzUOH0/hNJtAvOTE','a70xe3efEV/z2/RUz4aI9nE2QjJNKMDUzg/GnDC5U4ipxQZlcMGWQ/GhSYLqXvyO6xhz0CtmyBdzchdESweihQ==',NULL,NULL,NULL,'a:0:{}'),(340,'krolopp.anna@gmail.com','krolopp.anna@gmail.com','krolopp.anna@gmail.com','krolopp.anna@gmail.com',1,'AMPPbxH7yZoBV8PgvI9GgDy9NJ5wu9jXQhV/JUEj7G4','JYQebtE/3vNfs8mhKYqLlt02jaw9dvW6c0R74cRmM6jtscZd5GnTrwGvpKO4OwyvahPYuGTkaB2rjQuQTClsIA==',NULL,NULL,NULL,'a:0:{}'),(341,'ttrsin94@gmail.com','ttrsin94@gmail.com','ttrsin94@gmail.com','ttrsin94@gmail.com',1,'FyzBF7qv58ERDHsM.Fl2m6ufXxWdudw/qCrDeeylv08','CTIr5fkc8jzjsQIXIiCHNdboSooeunszW+XHroMuLltP8+apjSaOa1sU7JCt6MlGrisN0Ia8RgAaUwX3klQO2w==',NULL,NULL,NULL,'a:0:{}'),(342,'katalin.barath@replant4care.hu','katalin.barath@replant4care.hu','katalin.barath@replant4care.hu','katalin.barath@replant4care.hu',1,'Yl82ShUFZ5fLEUiyrG3.bXbqztF7TCHbYJzgp9SP.aM','FtEqMiAKRIWSWf+ZZhkLjkA5+a54vO9o95MxusCYySQ3cbwWgRitsO/tgunbDvcfPKQM39ysRuMx6NmhgmHe4w==',NULL,NULL,NULL,'a:0:{}'),(343,'agnes.jeszenszky@replant4care.hu','agnes.jeszenszky@replant4care.hu','agnes.jeszenszky@replant4care.hu','agnes.jeszenszky@replant4care.hu',1,'CPcBhrRflc2v6..LiLzbMfWqBDFB8gjHRwxqXj.IlLg','vgh/f2hXtm8GkmyXAzbwhOTpJ6urNpqSWMnRLUYj8wwBpkx+HdJStiztPcmZmzQZtYCvLtFf9QA0/yUlIhNMIw==',NULL,NULL,NULL,'a:0:{}'),(344,'madariadrian@gmail.com','madariadrian@gmail.com','madariadrian@gmail.com','madariadrian@gmail.com',1,'Gt.BhQdSDpXPWVqqFDNyWgP/jSC8Te0m4kNOjYBjlsQ','XkJ4dpULFG0J/HelDj7c1tewH0RXbZfGI2Yf/lNXESt1BMSxglcq40AW8P41aemMu3jO9/A53CbaS8t/+tR/Lg==',NULL,NULL,NULL,'a:0:{}'),(345,'sziraki.klara@gmai.com','sziraki.klara@gmai.com','sziraki.klara@gmai.com','sziraki.klara@gmai.com',1,'BxRPIm0A2bQEjiTV185lea3scF2RyPk1WUMxYKkjccA','WBFL6rjZxziXJyUHhNRoPmK6lmhTkjf9wm1DJQHqdl4YWFmB3Jc+jcqi00xEWOy5W5qQNxapagKvN1ooPu8i7g==',NULL,NULL,NULL,'a:0:{}'),(346,'magyar.eniko@gwp.hu','magyar.eniko@gwp.hu','magyar.eniko@gwp.hu','magyar.eniko@gwp.hu',1,'Y9q0SFo9jhxyXTbIgeVWkILZANyViawCqCTfpRwtC2g','r6ziNaXQzryR2RKlimxuw8AmC0Ld5ovtCCYT6CinlZJeXrO3ZPnV9kGFju3MR8j/FITulDHgOEf0Fd56wpUEeA==',NULL,NULL,NULL,'a:0:{}'),(347,'varga-kosa.krisztina@gwp.hu','varga-kosa.krisztina@gwp.hu','varga-kosa.krisztina@gwp.hu','varga-kosa.krisztina@gwp.hu',1,'dZT1Gpx.TinvPjI1RpykD1NortihiDxVI2687DzrTFg','70bqrQc46Z3I+abnZoGq+6phBeFhI+f9dua8zbRZsOts7ekKrgd3JgzvvA5tepKFvvJVzigd/Vcnf4eWsf9gTw==',NULL,NULL,NULL,'a:0:{}'),(348,'janoska.zsolt@goodwillpharma.com','janoska.zsolt@goodwillpharma.com','janoska.zsolt@goodwillpharma.com','janoska.zsolt@goodwillpharma.com',1,'hwZQ9i2m9PWkRxVLVC8RG2RjMJjFkP2Ji.ZVFgGuYS8','OIW7oVjOy8RRv/f/WhPESgdUJKIpSaU+G1NdcISawUWW2o/pIefTOKF9ofssja4j9xlJO6rAuUYvZN0hNTfS3A==',NULL,NULL,NULL,'a:0:{}'),(349,'urbandaniel03@gmail.com','urbandaniel03@gmail.com','urbandaniel03@gmail.com','urbandaniel03@gmail.com',1,'Q8jgBAb095mF.hYvDpSO3IFroVpd/DCD2CNsK3K1RZg','1BeMltR3/sVMsxnqO4NxYJ1lurK6wpL2tPGRxv4lAug6kXRD8dDA//fQJhzr3TDV2YO/fZ9MPa9tAbib2i8cZQ==',NULL,NULL,NULL,'a:0:{}'),(350,'gezamark@gmail.com','gezamark@gmail.com','gezamark@gmail.com','gezamark@gmail.com',1,'6Pj/lVo.yUWHcuPFLq2cVCJ8jbCmTT6J7nug5T5RlQo','dcIlPMMoD/cGzAlWbo4TJr3HQydA68Hlf4GDKWgWyMzuM1r1MfPxmvGlfqbYBS08YrDQruaJXvBUSEo4Ur57/Q==',NULL,NULL,NULL,'a:0:{}'),(351,'trammer.r08@gmail.com','trammer.r08@gmail.com','trammer.r08@gmail.com','trammer.r08@gmail.com',1,'es690m5CmrS7WskTAaYiDN4zKZLdgemLJv9DsOHEtQA','UytbTIHoiCcak3R5GTgNcl+UljGRadgXxbjAg9V/eL6GMXEGq/Xn+n788GhRaNBs7vara6ZhOmH62bRlz/AWhQ==',NULL,NULL,NULL,'a:0:{}'),(352,'kollermilles@gmail.com','kollermilles@gmail.com','kollermilles@gmail.com','kollermilles@gmail.com',1,'Hc0Q3SnaxwBk4.tJojmJ78tb6DH8.DtkBDsWTA/8Iy0','mBXDtFB/SjuD8oaRrAdmucGbn0/20HsxUuNROku7sBE81xuJorUnL9Bt01uiF8cDIolIgncMfgcsOy9qiqGbPA==',NULL,NULL,NULL,'a:0:{}'),(353,'hardy.vajk@gmail.com','hardy.vajk@gmail.com','hardy.vajk@gmail.com','hardy.vajk@gmail.com',1,'9OuGwSo6ZvdL0BXloYI0.Zo7aG59225JYK0kduGZASo','QYd7F2SrLeFzOcuyp88c3YeLFFLW6Mq8Wy+wza0oh/Wu1OZE2RCkjlpLgalAPMMfAsFmKHdUjUBp/s3N7+MyLg==',NULL,NULL,NULL,'a:0:{}'),(354,'posfai.gabor@bajcsy.hu','posfai.gabor@bajcsy.hu','posfai.gabor@bajcsy.hu','posfai.gabor@bajcsy.hu',1,'7kblJLMf.fYysvSORpcjBcfzC.spK1H0wbzLpL5Rf.g','wXIePjiCd3zINmNLYGDu3Hf6FjLPelXR4wCBx1uNUsN+5Af+w/7JDTg9Ant4ulIBANl+1ScCpPh2j8dfZRr1DA==',NULL,NULL,NULL,'a:0:{}'),(355,'puccanixi@gmail.com','puccanixi@gmail.com','puccanixi@gmail.com','puccanixi@gmail.com',1,'n5lYTOYVlWBXRj1eJ.ZjRTE9YAU2/nImhLUYswxfX7c','XgcYwnp5Jnm1HpSySC2j3MV78vPUY5Ddg32WOE3CGbzKXj3IPRnb0SKGH7xIw6ggKi7g0fpEWWYfAS/gNZLKhw==',NULL,NULL,NULL,'a:0:{}'),(356,'ffenyes@its.jnj.com','ffenyes@its.jnj.com','ffenyes@its.jnj.com','ffenyes@its.jnj.com',1,'sSaU9V9j9s4YZ.BKxoMPbnrE8oIY.pK7QKp2DaKoOBg','zAZn25zslU73l/eNo+EfZS9kRBS4iu0qfO5SHyadsCCgkVelH/nsUwQAnacZjtmwCjIOtoPq+iuh6oP87aKFSQ==',NULL,NULL,NULL,'a:0:{}'),(357,'drsesztakg@gmail.com','drsesztakg@gmail.com','drsesztakg@gmail.com','drsesztakg@gmail.com',1,'XVScVWVDyqeUPWjBPBKaeySdh0OlJPA9dSU3EEwxKIU','zX3emBxD3bcxcplf27sxEL/WmONQAFS/QHSoE6lLlUPwzyMtJLE0r2r/n2JiicUrDPKYsNp7ZpXdXAQXZr+v4A==',NULL,NULL,NULL,'a:0:{}'),(358,'hajnalka.olah.92@gmail.com','hajnalka.olah.92@gmail.com','hajnalka.olah.92@gmail.com','hajnalka.olah.92@gmail.com',1,'XH4yL3j7SqpECIzKicERr.uaot34vuLYLobSGdKx0NA','hxsP6XOAT7PHxTqP5clP7aAhqq99m48B6t3o5EVSHonxkH5vfyVX4qb8GUq5IKtruDAtTHpaCIlniBPPXb/IhQ==',NULL,NULL,NULL,'a:0:{}'),(359,'eszter.scheili@gmail.com','eszter.scheili@gmail.com','eszter.scheili@gmail.com','eszter.scheili@gmail.com',1,'iWR/zxOG2wigqEYf73k1YwsjGDH33l/O2TzC8uTOGgw','GxUsTp1TxvVZzSgZmhzrQL7wZpAGnMDZtRz1UyGLvhxfF3Kq+1YojYFGrQnJ2XcnE/LYePPU7EUQMZWtF4ifFg==',NULL,NULL,NULL,'a:0:{}'),(360,'csiszitimi@gmail.com','csiszitimi@gmail.com','csiszitimi@gmail.com','csiszitimi@gmail.com',1,'m7yLfb6uR8hq1B7Wi8a1tIOvLur/3LCwSiM88m4zEQI','NAHkO3/lmVnke+PiMJyj8ThirkcE3JyqUPrUalnXtZuht25Bpg/OXDz4wqskFIS0GyhN3b2cmdWgTZkZtoyDBQ==',NULL,NULL,NULL,'a:0:{}'),(361,'erika.balogh@anamed.hu','erika.balogh@anamed.hu','erika.balogh@anamed.hu','erika.balogh@anamed.hu',1,'VYVP4dgkD4kArOrgepvgMrcEJRGYqHIwZAufmcNUB0Y','0eG3Tc+DhIe/DslmAy7cIYYEd25aQx8gfuhzcZoLkyOlwrEopZe9xOobzmBwE01R+1HsyViYV8ZifDB7BGyqvg==',NULL,NULL,NULL,'a:0:{}'),(362,'huszannamaria@gmail.com','huszannamaria@gmail.com','huszannamaria@gmail.com','huszannamaria@gmail.com',1,'wEwvzsEQiNxcaAI.bwxdcsO4sF4sbmwzjgO5as9n4bA','uceB/268yuKzKn4xwS4DyHSC90YWg5Ucr8z5mPkh68NhfEtiDwGmtSfG7/h8m4H7ykcFBb8vG15K5N7kj7sENg==',NULL,NULL,NULL,'a:0:{}'),(363,'ktundedr@gmail.com','ktundedr@gmail.com','ktundedr@gmail.com','ktundedr@gmail.com',1,'ZkajwA6lIYaRG8eCxZFoDk5ComZ3MD2Kx8THptFNYTg','U0cAQVearQ7s15pDJy8Rmdewtl5OjvlfyEsCawavcJoYLzNYQ50iCFUbqesH4tjuqR/ZowyK51iS8h60FnixLg==',NULL,NULL,NULL,'a:0:{}'),(364,'szilvia.sos@krka.biz','szilvia.sos@krka.biz','szilvia.sos@krka.biz','szilvia.sos@krka.biz',1,'vmNMWroRYZJYDU/03eiOa2YVcfyMs8sD8g38//C8IkI','0BxhfjQlJsJvq8yuyK6/9/p0V6TKo1DM2WMZ6Dsz3zlB2Fp2HaxCcZNIP+9TFcZhFW+GFZ+IJDNZceLGY7ThMw==',NULL,NULL,NULL,'a:0:{}'),(365,'livia.piszker@krka.biz','livia.piszker@krka.biz','livia.piszker@krka.biz','livia.piszker@krka.biz',1,'MEYWRSz5im/J69E7tJDH0Vpdax/OqvEVJc2qm11Bm04','j6JiOg4/nyIIAJgSZhDv0Tx/EoKVcOc8BTy5dId8iXBqO3g+aVCq1WGO72Jt6E637nok4p91k702TGP3gK3waQ==',NULL,NULL,NULL,'a:0:{}'),(366,'gergely.kiss@krka.biz','gergely.kiss@krka.biz','gergely.kiss@krka.biz','gergely.kiss@krka.biz',1,'iUFFxicWwqAXEeT1hmQISA1keI6syuHtRKHNE0AljT4','fgpbx6HflEsMSGU+fbdJncFEwhVOAQ+aRC++yITyqSOXPwGo8hxxWAQqvFQnugyeaKTR5UMYqjxiueRTwbrz2w==',NULL,NULL,NULL,'a:0:{}'),(367,'katalin.vadon@krka.biz','katalin.vadon@krka.biz','katalin.vadon@krka.biz','katalin.vadon@krka.biz',1,'HA9ud/tCTCj6f1wDW0N1TleWxGH9WrwRCgs0wLEDqqk','uhFLgk6WODxfXfabtD2WtLqETMvcAiLj6y0k/iVkhr1KvsMpTNL8A7OF/qBnva1wdffHtl7xuu99u86LQEwzvg==',NULL,NULL,NULL,'a:0:{}'),(368,'szilvia.demeter@krka.biz','szilvia.demeter@krka.biz','szilvia.demeter@krka.biz','szilvia.demeter@krka.biz',1,'ifc3k6yOqwjuRRK3BOO.x6IVOzIsAcsGoWhIMrdLFn0','wae8Jq5tZFUfzwey2Flfp3johj7TmDU1p6P7uL9mPXcsNZjVytXONPe2+fF6OT2CLOOTgF3EX1oH0N8smYeRhA==',NULL,NULL,NULL,'a:0:{}'),(369,'hamza_kinga@yahoo.com','hamza_kinga@yahoo.com','hamza_kinga@yahoo.com','hamza_kinga@yahoo.com',1,'qOcA1o272ZdqO0MwnHglo7/f8.lziBjiVlkHlh7UKaE','dgXRJJ9DRsUJYOEfXAYLFWwpYfSDU/1/IZnUWTqnWM+GvR6gvYesJNAvCEQYqKM1Ucp4AzL+hDTjuAAoO5j4ww==',NULL,NULL,NULL,'a:0:{}'),(370,'mahfoz2010@gmail.com','mahfoz2010@gmail.com','mahfoz2010@gmail.com','mahfoz2010@gmail.com',1,'2cGwTR7WTOsk1hYCSMI4SOy754ipf2hRtQhQShgTRrQ','FJl7cE8YbQrfyT+QzTR4EeLjmlXaZgEzfKUTRiWXOG9hNantKdZM4zvBfaXdKMOjddIeOKiRwf/nalKj8bVaxA==',NULL,NULL,NULL,'a:0:{}'),(371,'o.elkhalid@gmail.com','o.elkhalid@gmail.com','o.elkhalid@gmail.com','o.elkhalid@gmail.com',1,'4cPl29BbfPIPHcNjvsTFY7KENIAHGiCizonMN4JwEiU','/k2fu34YsJ63L6RqwD3YOOz0+VntU5bxgA5UoZbxUh3uKvybVhfJmbGsyDmmofSt5EWFfQ21dx5eQl9JhLYyaA==',NULL,NULL,NULL,'a:0:{}'),(372,'oroszpeterdr@gmail.com','oroszpeterdr@gmail.com','oroszpeterdr@gmail.com','oroszpeterdr@gmail.com',1,'y5CaBNlXkw04QENLutp2Ss1Clk8OmlY0uRJeM/zhPv8','0D07n3DP/V5p03c19CPVe2tkMehE0gwPFEnxzRIGgAjrtfSmun8wJ+6LTjHsHCyPJJoFJzd3r0ItXj283xQZ0Q==',NULL,NULL,NULL,'a:0:{}'),(373,'dr.martonoseva@gmail.com','dr.martonoseva@gmail.com','dr.martonoseva@gmail.com','dr.martonoseva@gmail.com',1,'8CYq0qCo/mO94ZlUrgdoKLb/8VljDA4X9Lsp.6AA2dI','ovjcGgI90oiI6ZeazX86otgGHHUuivX63/LKOGgl7l4yLcu0osmnVyi0eRDTWm4vES2MXntvc2ENgsI8OLtz0g==',NULL,NULL,NULL,'a:0:{}'),(374,'venlaci@yahoo.de','venlaci@yahoo.de','venlaci@yahoo.de','venlaci@yahoo.de',1,'fQhVprW9FTTQJ6Pw7tGHnkclpqQ8qwbZ8U7k.p9donY','oKWui0yKo7VAJTuzSDIufmYiyGwGJV4F52DjJwpJMyww3VzyWg201zhkwYia9LXKPWVUubDu1xetYiEIW2XRyw==',NULL,NULL,NULL,'a:0:{}'),(375,'karolyi.nagy@upcmail.hu','karolyi.nagy@upcmail.hu','karolyi.nagy@upcmail.hu','karolyi.nagy@upcmail.hu',1,'TiHLeSh4jIrKvLFYGeg.g.qgc5z1WwcS4/rzJs9CjXo','Afjm9qO1inc/RUFmO2TRc9KG7YE3PvQ8c0YTRE6ZboG1jJCiTd3hlc8AHUD3n5vM4/LSzxCaUG1XvWL/K2RfEw==',NULL,NULL,NULL,'a:0:{}'),(376,'erika.biro@anamed.hu','erika.biro@anamed.hu','erika.biro@anamed.hu','erika.biro@anamed.hu',1,'yLNjB5BDMRDLUsvaWchGwWBAWHd.af4Beyy9TY9og1g','kM9fvzphMkM25X3BpW7gwZCzkayd/Sgre2cig54sBXIXUmR9/K0qdRfj7g+tuxoz9zTQVlStDXQBEgVGO4982A==',NULL,NULL,NULL,'a:0:{}'),(377,'brigitta.szucs@hartmann.info','brigitta.szucs@hartmann.info','brigitta.szucs@hartmann.info','brigitta.szucs@hartmann.info',1,'o/pGDsoLGNwqz8zR3af9lHCcDzRElBa9C2vfK7Y7TOQ','gejzdvRdjcOudMKMB1b1jQABjii5P5QDxQwhqnjUMagiy7Z1TYgKJB6c/kYrO6JnVrbuGs5UHUXPBYqOpIphEg==',NULL,NULL,NULL,'a:0:{}'),(378,'kornel.kristofori@hartmann.info','kornel.kristofori@hartmann.info','kornel.kristofori@hartmann.info','kornel.kristofori@hartmann.info',1,'W37zZS4cQ9UONgvN3jxNGlDZkiIhujKzSRJTfmsSgDM','4ZOBAn02flxi/Zq9djmGrY4NOrmPwZLTEd7P23klmI61fSN5Pza/Jmgj7bxEV3jVGsCRn9DDOkm+38Wpd4IqIQ==',NULL,NULL,NULL,'a:0:{}'),(379,'dako.sarolta@gmail.com','dako.sarolta@gmail.com','dako.sarolta@gmail.com','dako.sarolta@gmail.com',1,'xVpPLA5sWTTIPOnspPUPf./4mxmqdddMfmI241Cqsss','pNpdaODtG+vOTUPKsGKHaIGTsu5+N3EAWhueReZpoUXynIpxjvLHmXXnvCnU28TWyx4QpqAyrORpBXP77NzVgw==',NULL,NULL,NULL,'a:0:{}'),(380,'molnaradi189@gmail.com','molnaradi189@gmail.com','molnaradi189@gmail.com','molnaradi189@gmail.com',1,'6zc05beRZcpkuwKkaKPFbQ6n2S89o80VYAxf1yYj2Sg','rosVWpaNdzPK600O4YrzTRRwOOVO2Qc4/iHjsiezEA2C6YxC6sxoxUOIdFIJlrxEj5wHOZ/4LrlGvFAhFkmjXA==',NULL,NULL,NULL,'a:0:{}'),(381,'darvasemi@gmail.com','darvasemi@gmail.com','darvasemi@gmail.com','darvasemi@gmail.com',1,'oCrbk0lGgar58zwVkK/jJWqQp/ONBXBJH5KYTEK67TA','hPD1ShWGBrT+Aeiv2Q0wqXwKef9EhK0bf6Gt7WqR8l3Nek5nEjGimwHQgX3LYpIZIy00z+2qWMAHoQm1YjH7MQ==',NULL,NULL,NULL,'a:0:{}'),(382,'jozsapl@gmail.com','jozsapl@gmail.com','jozsapl@gmail.com','jozsapl@gmail.com',1,'VJnYagbp04JskxDM6sZ2Dl3/wTkY8kJfhBmgtJ/n7Q0','OUyrYSg8uTVDCK0XQPzehgVfUw9rtKR9Cp6Sl5NdGDm7WcM4hcwGIqmKNcvV2BZmwDNz2DRGh/7P2SxgtCfP9Q==',NULL,NULL,NULL,'a:0:{}'),(383,'molnar.eszter16@gmail.com','molnar.eszter16@gmail.com','molnar.eszter16@gmail.com','molnar.eszter16@gmail.com',1,'ZNdJAikcyikdOZWgAfyzXGWb70W1JyTQ2T7xmWospls','0iI3ccws4W/fyXApHMyQuI5NBcmPDzubOdx80Z3wgZhX9ISh+Vrhxg1zemq4kf8nICOVYSYHDDVW6wpHhB1AhA==',NULL,NULL,NULL,'a:0:{}'),(384,'alhufashi@hotmail.com','alhufashi@hotmail.com','alhufashi@hotmail.com','alhufashi@hotmail.com',1,'sbtv/SLFVUQqc8oLuLC.iiWFStRFf0NYLicedik8w38','Yysl2VDBGshd6luZ1dGQ3V9zeVUYWCZDnLiG9hJjb2evYK2Jath3/1zxEPDaR8mYhVtHUKoiMSpsDj13eUMOvg==',NULL,NULL,NULL,'a:0:{}'),(385,'nagy.nanita@gmail.com','nagy.nanita@gmail.com','nagy.nanita@gmail.com','nagy.nanita@gmail.com',1,'XRfLzBIv/gOFn4bNSF29HVCePAU6A15q9MdxjW1XliA','DsThwbGOPjc7F+IWzIdvQJ60IdbogBMfdHffCV2zMqdDKxX/6fCQsj9Q2WTmzAWk5qDmD+YL46pBPDfEg3SjvQ==',NULL,NULL,NULL,'a:0:{}'),(386,'vitalyossandor91@gmail.com','vitalyossandor91@gmail.com','vitalyossandor91@gmail.com','vitalyossandor91@gmail.com',1,'49Dy62aS9zvJ7ZWIVWMQNJKwIcGJcCNwrApv3HKAM4c','voh72AX5YqhTr1Jf24qT1U6dMXJFtJt9Ik8y5BAkQUqYH1/vfoqswZwBEJxznQ8A2KrYwtxIVTlpBUUY+qdQKw==',NULL,NULL,NULL,'a:0:{}'),(387,'nagy.fereenc@med.u-szeged.hu','nagy.fereenc@med.u-szeged.hu','nagy.fereenc@med.u-szeged.hu','nagy.fereenc@med.u-szeged.hu',1,'O8WHzHak/km10RMLygAoxhD2s0J9WLFQgzr58/4N038','xTW4eW5mGtMnTanwH1/+dE9Q3Mj/uJkvcOW23fY4fgwRQ527EAoPZHfx5sfQZhDOo4wNKvBHgYTQOsIJHdzenw==',NULL,NULL,NULL,'a:0:{}'),(388,'emesemihaly@hotmail.com','emesemihaly@hotmail.com','emesemihaly@hotmail.com','emesemihaly@hotmail.com',1,'M2nBPh1lbL0yfUNCF6IwWRAwdNcr34DbU3z26n8RayI','FFmnAkC0YVBFak/p6ugRVBcchjhh6dPtRXgQye/XGtYBD3EBC0kZ6XCLKfLH/aEbn/fidEc1JBWRJv7+GRQ3IQ==',NULL,NULL,NULL,'a:0:{}'),(389,'bgyongyi@zalaszam.hu','bgyongyi@zalaszam.hu','bgyongyi@zalaszam.hu','bgyongyi@zalaszam.hu',1,'jnF4IJxqpZaA2wbXIju3HBkHLmiUtq4oYq.fOOy.jek','wkRmp5MguL2+h4xnc/TPkoJl9UOuMGlihxytHbRjWs+AK4I2aSnWMZ8WxjbqRQtJqKhqenLZTgEjcYo2YBrZYQ==',NULL,NULL,NULL,'a:0:{}'),(390,'dr.rakonczai@freemail.hu','dr.rakonczai@freemail.hu','dr.rakonczai@freemail.hu','dr.rakonczai@freemail.hu',1,'UOc1lcG15ZWv1RMgEJgxEbEyrjHcug0jTLsvlVdlNJM','Bh69j6NFS1hJq9JXOqQyKKSpnpqGx8FrjdLvZHIVIwY0pxdoP4JaeQWE37z0yg9Cv1CFtH96JIq6AijcWJ52OA==',NULL,NULL,NULL,'a:0:{}'),(391,'takats.daniel@suprmex.hu','takats.daniel@suprmex.hu','takats.daniel@suprmex.hu','takats.daniel@suprmex.hu',1,'ZqiE9N/PYd10954mq6zivUldKFEFq4aanLCZd.XO7r0','rxmH3Z0FxSyqDvFDv/DoixnrXwXcaNjEkzvR+fummNYIbiylT4662JfsoIDSdt5evE0fcJhQ9gEeprsUKRQUoA==',NULL,NULL,NULL,'a:0:{}'),(392,'roger.bakekolo@gmail.com','roger.bakekolo@gmail.com','roger.bakekolo@gmail.com','roger.bakekolo@gmail.com',1,'/NwgIKqdb4apISwkZaVrz3A.wY/18MZvlou7i7p9bzQ','AdDwLYcWCVwDwdV009oyBDUMpLmeWzpkqQfhrLoI/v/HFCLhsW5y8S0dnzj+SiGxZ7jgA4ox4bWVQ1umLsroHg==',NULL,NULL,NULL,'a:0:{}'),(393,'evelin_toltosi@baxter.com','evelin_toltosi@baxter.com','evelin_toltosi@baxter.com','evelin_toltosi@baxter.com',1,'eWj/W8s517CclbEXOCY2g5xU2TXOgygODjQqJPAV/yI','9vtLCuwrxAzFolyVOCyzdjjr2pLDvwODQMZB8dQARkNmzm/AYsOhHfXkgzzG+0FHxQBoX50ZlELXqYM+p2DtLw==',NULL,NULL,NULL,'a:0:{}'),(394,'peter_garzo@baxter.com','peter_garzo@baxter.com','peter_garzo@baxter.com','peter_garzo@baxter.com',1,'8vY/7rwiD7jrlb79YrsQaBj0/vwBpOGqSl/a.xQbYpI','G2HexcrXSE60yrKD/+tbKOGEkM5/ig/mIOyf/2Z5808+O93f2F5DX/6Tz3BenjwtbJWpAZH6G6M8rZWKW8+OWw==',NULL,NULL,NULL,'a:0:{}'),(395,'zsanett_zilahy@baxter.com','zsanett_zilahy@baxter.com','zsanett_zilahy@baxter.com','zsanett_zilahy@baxter.com',1,'Ut279UOgfbY.vP7l4BgRDuyaluBU/PrtgRW7zbdvqhs','HFXyeH5zCVe0YXw0nCMrtz96HMpDYEsoC2zI/OOoT4x0Ev6O5du5OpG2u037HB0eSl7QsZqkwzaYtGpvWf6yHQ==',NULL,NULL,NULL,'a:0:{}'),(396,'kikeszter@hotmail.com','kikeszter@hotmail.com','kikeszter@hotmail.com','kikeszter@hotmail.com',1,'LGY99ELD..bgnsEEGQa5rrW1i7jg2H3SLyyjwehtTrE','rUx1xKJ7DzTASZnjjir91pRQXaAXYoWAQyJCWCuUs4FEcVUIF3kk2oO9h015l5PLkDmYzt/HV7DGnU8gyMT3rA==',NULL,NULL,NULL,'a:0:{}'),(397,'gege8832@gmail.com','gege8832@gmail.com','gege8832@gmail.com','gege8832@gmail.com',1,'G2LvXVimwFt3TRsn9zwc4TpB2WDQvm43zf3POuLGqg8','djgpapo88ZtGIHhCeGrWgb+NaHn+H0HGQDA6V6Fdw9qIg3/UXSbkKG1ElCh5Nd9WUQvNhefW2B8lwHTGcPmuWg==',NULL,NULL,NULL,'a:0:{}'),(398,'b.gyongyi0922@gmail.com','b.gyongyi0922@gmail.com','b.gyongyi0922@gmail.com','b.gyongyi0922@gmail.com',1,'YfQa1D2X3l3UBNt9hoRZRDsoeTOnRJAWnL3vtQYTDOs','NyRasU+K1eRLhTXlEjmHOw1MNhy88PHVzCEGqNld4gPg6XQnlw64TZIekc25mMfUyvOlLLGJSsmjd2Pao/tA2w==',NULL,NULL,NULL,'a:0:{}'),(399,'makrai.tibor93@gmail.com','makrai.tibor93@gmail.com','makrai.tibor93@gmail.com','makrai.tibor93@gmail.com',1,'OB90LY9vwT9tJ26/.vNDIYgU4StI.F0GNZwtWHWI0rk','A+2X+NTOXEQyX2pZtdDApr9nhhGbAjeWj6lypSRAs+4N6J0rXeauA0hQwzil3RUqyT/gWmyeiGyxtZzvTZp/4Q==','2020-03-06 16:57:02',NULL,NULL,'a:0:{}'),(400,'lelovics@yahoo.com','lelovics@yahoo.com','lelovics@yahoo.com','lelovics@yahoo.com',1,'hW.gSAI8ehzrXKN/Pm5CN.2XDx/eFfUU20JrfVzWZj8','LW/IS8YSZcLrDkp8EBTVkqXL7qgohv6WEL1waYgp6fwBHTTI1KRpKiyq3tNo6yCi19I9vBqAWAK8QNMKkW23Xw==',NULL,NULL,NULL,'a:0:{}'),(401,'n.anitaerzsebet@gmail.com','n.anitaerzsebet@gmail.com','n.anitaerzsebet@gmail.com','n.anitaerzsebet@gmail.com',1,'FzUXc91f6UplFWui/auNc3sL6EWKTwfROO4llj/cHKE','Oiq2RjuwkW2MIOIHOnoxsWpN1fyiUrS7QElSwZvzzGbYydzDOaqgz80mPL0K9zGNRIfS5XTuawVnVidY18o9Ow==',NULL,NULL,NULL,'a:0:{}'),(402,'antalffyzs@gmail.com','antalffyzs@gmail.com','antalffyzs@gmail.com','antalffyzs@gmail.com',1,'RzwYAXyvfjTTew/wCVKX3vN2QFExbGDyt0R9IoVr7YU','Ecdt+wI72/rsX/+EWXUH1vQYKGBBVHHZvVbPa+uKXO8X+DIQCRhTH9g4kBvPZz96GVrrCdVXagNNNVxFUkiyKQ==',NULL,NULL,NULL,'a:0:{}'),(403,'sandor.zs67@gmail.com','sandor.zs67@gmail.com','sandor.zs67@gmail.com','sandor.zs67@gmail.com',1,'imtIcsCw/1aGiA6lGrv7ROhKHNRH0W2alVSUk2ZJN58','IhrI1FGffKORCSZYKrJ3hdLySe3C9weSBJ2Gyz2LseXmHf1e1WKZwXWvc6watRcf6+LpNppVN3qsJTyJZZ9gQw==',NULL,NULL,NULL,'a:0:{}'),(404,'tovabbkepzes@vmkorhaz.hu','tovabbkepzes@vmkorhaz.hu','tovabbkepzes@vmkorhaz.hu','tovabbkepzes@vmkorhaz.hu',1,'WH68K.fEACMqO54J7lRmUg/b2d5bq5it09a99t8NjRA','IMRygnCw4QEx9CbkyUHgdlIkVRXH7C73ZOuRpjV7zZsopDcl7HXCcIOu2ZBabnKnV4AqVJJ43+wfibbBBq+MLA==',NULL,NULL,NULL,'a:0:{}'),(405,'annamaria.nago@roche.com','annamaria.nago@roche.com','annamaria.nago@roche.com','annamaria.nago@roche.com',1,'zRPZXvpXLKhgwROzorDXg3h0ID4KPlMd6yBFKaIIoiI','v9q597f8J6QXRJNy9whayg+qh/PwZxnfYUSYtaUzqTKNRDDZ9vV6DafA2owtQrAdRdaw/lhWWV88FxoeIvuW0A==',NULL,NULL,NULL,'a:0:{}'),(406,'nandor.csuja@gmail.com','nandor.csuja@gmail.com','nandor.csuja@gmail.com','nandor.csuja@gmail.com',1,'ZumE9siF8d1ibsPpUE2Hm7JeX7ePC1/uxC4RnFClmlI','3gQSbbYNv5SlGf6X+qGkbQGDIpKn+i7Krj1kqtf5ceyL0A5cxISl0CMmEt85cjjhtnoMrjABVccyallJRDPRIA==',NULL,NULL,NULL,'a:0:{}'),(407,'jakab.judit@gwp.u','jakab.judit@gwp.u','jakab.judit@gwp.u','jakab.judit@gwp.u',1,'byBsgRr9RsU3qyz4SJqCpqnISJh8GV5ogIW9Aq20yhU','pqnG/7ZRLFgb745jYxNC05d4nGrzbHXIIuhMW9U/MsvwG76xNt0IG//XROrCB7xefPYvRmFIUT/RBUX+y3acXQ==',NULL,NULL,NULL,'a:0:{}'),(408,'sagiviktoria@gmail.com','sagiviktoria@gmail.com','sagiviktoria@gmail.com','sagiviktoria@gmail.com',1,'dCOnx.IDlFlDQeOWW1VE4h/86FwWqHUjOKpWOSRIsNo','gShYP886ruRnJKC62P4ApfV36+OsSPhoEoiahSC6+a+bGJnXZQJJl2syoFQJVweBo8pFyz4laIl3n5CyGETydQ==',NULL,NULL,NULL,'a:0:{}'),(409,'hazmangreta@gmail.com','hazmangreta@gmail.com','hazmangreta@gmail.com','hazmangreta@gmail.com',1,'rr6mbdea8J1/2e0NYKvbu3/Jd9cUAeofti0fPy.vBdI','JZkj/q65dm+FeiZzWClnqsHZCScnvdiJ7C3Cf2yo+Y+7iIG2EHKuZKsVvGVtSaM7f/iJAudhbfN/d+X0wo4Cdg==',NULL,NULL,NULL,'a:0:{}'),(410,'nikolettharkai@gmail.com','nikolettharkai@gmail.com','nikolettharkai@gmail.com','nikolettharkai@gmail.com',1,'3kRJ2Yb0sRhP13fkI3CY3GzEq2NiiOFvEkqxuz/X3i8','EjYQAUhxQNOz0DioFIMLmKodg+dU3wecdcoLNswmYIRpHvytzXKToTLKqF3Z+UmsEcGEmJIy0uSCgasP3fhSZA==',NULL,NULL,NULL,'a:0:{}'),(411,'veronika.kasza@takeda.com','veronika.kasza@takeda.com','veronika.kasza@takeda.com','veronika.kasza@takeda.com',1,'C0YhXqcRiMRjr0aqMGZSX.z1C5uAOhKY0zCAwKbajkI','QOIF53NO2eg+gEamfGb5XwX4Yd4oaLJc2QkJWggqgn+s37yLhNS/gXdC6cxW7+7iH2c+Y7Pqso7X4qo8DOib3Q==',NULL,NULL,NULL,'a:0:{}'),(412,'noraszerencsi@gmail.com','noraszerencsi@gmail.com','noraszerencsi@gmail.com','noraszerencsi@gmail.com',1,'j1ldLekj3cI7XwN0bkqZChEPo3cxsM0H9mz32IbQeaI','EKZw085bK5ChxGbNyL/USIma8AQOHfV+sPVqKpwBOj/gnF12ZC0DVLN1ZCEDZ5HwJmRUOduWzgeCAx8xTToy8w==',NULL,NULL,NULL,'a:0:{}'),(413,'szabobalazselod@gmail.com','szabobalazselod@gmail.com','szabobalazselod@gmail.com','szabobalazselod@gmail.com',1,'m4hkHWm/.ut6dEljF4sVK2vqRXk2CO9uIxOUOEvR8VE','y+UrTZQzk7dtFi4xjpAgsPQhUlJgrTbHyEH+dgJbnkxtsb/WSk3YCi8BhBeFg0fvhaAIW8pdpKdgd6JqNB6qvQ==',NULL,NULL,NULL,'a:0:{}'),(414,'vmkukac@gmail.com','vmkukac@gmail.com','vmkukac@gmail.com','vmkukac@gmail.com',1,'01VjOUYScY8.yHVWIcs5TlTI9ImE4hxDYueGbeB1oQY','zSKynOL42xAr+nG1rqLiCgfvduAqh5xr6ozuGTMDZGzgeIEarq8a9H8uRk2lMfYZkVyzgOJzCpfyvzMkFxsbSA==',NULL,NULL,NULL,'a:0:{}'),(415,'pappneszilvi.73.52@gmail.com','pappneszilvi.73.52@gmail.com','pappneszilvi.73.52@gmail.com','pappneszilvi.73.52@gmail.com',1,'uQs/7V8h4NuTGPvNwbxGjJNC5QRwfrI0P.dqALHregQ','DYskht73Ri6S8RpuUvcJB5+vLiTg0u0iCef3bx7WfpxQQjVQ6/bLx7SNvH+mvZORZsXLLIP8kWJIkp4cSZMmjw==',NULL,NULL,NULL,'a:0:{}'),(416,'vass.timea107@gmail.com','vass.timea107@gmail.com','vass.timea107@gmail.com','vass.timea107@gmail.com',1,'2HSNye15YaX1SknFN8H79okvW2xh6DhFaEK.9RszDWQ','J+KUvUlGnov/+1EzSZNrEHPFSQQG6yBHVVpRZi/Jq3htF3oo871WsE2pebYn7R+1csulcczVL0bbSDkCOSqJdA==',NULL,NULL,NULL,'a:0:{}'),(417,'lepran.adam@gmail.com','lepran.adam@gmail.com','lepran.adam@gmail.com','lepran.adam@gmail.com',1,'HlXoVBQ7/.TSB8R84fT/SkXN7DO43igKFU.eWUARzmE','uupiUZHeTFbtfcn6aBZLRHSpI+i2QmqC6Q86DDpPDI2wLIa7Lhgkrw7k4v0YCAFzbcuseF7Qvf9RWsyyfMwHtw==',NULL,NULL,NULL,'a:0:{}'),(418,'drherczeggyorgy@gmail.com','drherczeggyorgy@gmail.com','drherczeggyorgy@gmail.com','drherczeggyorgy@gmail.com',1,'FnDTHp5GVHKLO2F5zGh570cbIFS/VEBjwpvkUqmSUNc','+NlVbHaZLvLLFrzI0w2w5KB4W5AUfj/J2QJUQiOHNSqwYCfiBLGZIuvm8nV8/7Vj59XZsrC+vTgR8IW2SGsvOQ==',NULL,NULL,NULL,'a:0:{}'),(419,'drfodoragi@gmail.com','drfodoragi@gmail.com','drfodoragi@gmail.com','drfodoragi@gmail.com',1,'Kd2d4dxLOGpv6etFzvN5OhNt915Yih4TKbfs.8oA5mA','qmbtkMWzgkn7BxsHYKhRZ8a95rJrjKsYaCH5BmQwQcNbX69xmfXyP2I+awl59z9DYEify5W4hAzETRLX/Cn0/A==',NULL,NULL,NULL,'a:0:{}'),(420,'zsbacso@otptravel.hu','zsbacso@otptravel.hu','zsbacso@otptravel.hu','zsbacso@otptravel.hu',1,'RheIqzOVWQYZR2gNNJhwEEGkhlPf.JBWfd4110/keok','Ig4NlcB8EtBRRP8ZsQ0sg/IuZtbwKLF86wpIJEZKrLLAk8ynAYftATFFAJ2Zz5SbXzUyfUiv4IH/CYfIPDmwgg==',NULL,NULL,NULL,'a:0:{}'),(421,'kriszti.helle@gmail.com','kriszti.helle@gmail.com','kriszti.helle@gmail.com','kriszti.helle@gmail.com',1,'Y4j4wgq.f1BLqH8dfXh29OFSaUJ9ADCa3QoifNY/nzU','XicAPl3t7t6jHvHOBo1Z7YUla2gGAzT3AdMJsxlzZUII5NC8Z28uuBE2MkN61zeMyTGmd+3WLcVfnEtuN7Azeg==',NULL,NULL,NULL,'a:0:{}'),(422,'drjuhasz.mark.ov@gmail.com','drjuhasz.mark.ov@gmail.com','drjuhasz.mark.ov@gmail.com','drjuhasz.mark.ov@gmail.com',1,'QtTaO642fipgj7ygrSZmgXDSyPL0Kx3CoX6q5/kCkr4','MWH3QLrdwIMlevyIeuEa0CLXkbj+mhvKIv3RxRxMeUDYe954pYOmUVJZ418CT+jAy/ZBboRHuapGPTW+bWU/zw==',NULL,NULL,NULL,'a:0:{}'),(423,'dorottya.agoston@ferring.com','dorottya.agoston@ferring.com','dorottya.agoston@ferring.com','dorottya.agoston@ferring.com',1,'VXw4CLbETrHSb0os9HlhUtw2YzaWJY84h7HhpSHaZ9c','f0ZWQk4nfFPB/+RxA3jr2sOw196LIMzowTV1/KvzyTaTiS2P1Ufh9BwLRnKVz0zcvSUsTjVkyELjkJvlVcrIzQ==',NULL,NULL,NULL,'a:0:{}'),(424,'kerekes_izabella@yahoo.com','kerekes_izabella@yahoo.com','kerekes_izabella@yahoo.com','kerekes_izabella@yahoo.com',1,'C3zMtiMAYgQJvn70RS5kmEKVQdQep255BAFbDvA9bPc','lLR/utPTStY7WtImMQpwDBvRVw8zhXmSq2vKQ8GGBm1Y6jfari30iZTt5C3gK334PzJqzZiKnnt3sNgk/JtMQQ==',NULL,NULL,NULL,'a:0:{}'),(425,'aniko.h.negrelli@medifoodinternational.com','aniko.h.negrelli@medifoodinternational.com','aniko.h.negrelli@medifoodinternational.com','aniko.h.negrelli@medifoodinternational.com',1,'SVVLbVeURlpYD446GjKyiyAyv1v7UytAxjIdEAeZ5uY','/HHq6gWAGpxlokvZX4RTCvGpYjVIuGtZ6xTISDxAIwHP0/4GWJar4Zq9LuRLsiKi61JmFyXy0vhffIbZsK45yQ==',NULL,NULL,NULL,'a:0:{}'),(426,'wettsteindaniel@gmail.com','wettsteindaniel@gmail.com','wettsteindaniel@gmail.com','wettsteindaniel@gmail.com',1,'m2ZlpoZv7i1eL11deIWHSy49CTKOQZsfdif4vGSAfIc','P9pQbJjsZeWxYgnG4h0SF9LQys2tpMcADXkSLDxMFTPTmlyjY5Dm4pAN71wBbXTP4s1jV5/MzCS0Mg2LCo3xwQ==',NULL,NULL,NULL,'a:0:{}'),(427,'tothbrigi93@gmail.com','tothbrigi93@gmail.com','tothbrigi93@gmail.com','tothbrigi93@gmail.com',1,'o9WA/4PqoNQvdjDGTea8DnSCF8JrWIW6y90JYi4TKHQ','AG2TOjCsFXtRdyYZkqhTTql7Dtv+vF+H3aZ3LhVkAeRaqlUpFyL84UEQVSrvPLAgRH4p9fH6YU9On3plHL1D3Q==',NULL,NULL,NULL,'a:0:{}'),(428,'abrigitt@gmail.com','abrigitt@gmail.com','abrigitt@gmail.com','abrigitt@gmail.com',1,'Xfm//t.lreKzyF6YBKTYZxYzX.k6MVVp.euSL4ozEMA','o08C2vY5keEMdCSAJP/Z7ie+gbLLCQtQD9ZSNA0PaJ/ZHjTlRFYldjLWMzz0t6RzupD+f0pWqkxLbJD0Hh0lxQ==',NULL,NULL,NULL,'a:0:{}'),(429,'2407szandi@gmail.com','2407szandi@gmail.com','2407szandi@gmail.com','2407szandi@gmail.com',1,'Otw/TS5.O5Bi5lyk/wTsKTbTQxy1MhhjuAPuoDczCoA','AAyMbp/uSerIkuScFlQJJwMWpFYE0hf2UZ9pyEWau4WqLU3iyt17TzLJiKasj8BrItVOYwVM9N7+KexGILDY8Q==',NULL,NULL,NULL,'a:0:{}'),(430,'attila.marton@cookmedical.com','attila.marton@cookmedical.com','attila.marton@cookmedical.com','attila.marton@cookmedical.com',1,'XOkZY/jwOUxQsqTSmGaVDmQktmThLL7h3eDOVkrSZhw','cW3GgHcQXH9ZL+HV8RBgSdwwm1zzRfR+FR8JRZIefSdktAD5rloGaOCRQZ1JY5qxmC5YH+XJuVkvw8p9Eb6lUQ==',NULL,NULL,NULL,'a:0:{}'),(431,'christofim7@gmail.com','christofim7@gmail.com','christofim7@gmail.com','christofim7@gmail.com',1,'NRTioHi.Y8cI9g7guKGZOftJcbixZmM6adLj71ALeIY','ZwCF3wKhe9KCdE7/NB+aHYvlHA59nCH+jr1hugGmNosDzXgnMZcBVBYYWjSramxtoSvpRD+kPoOmfKrpTld0EA==',NULL,NULL,NULL,'a:0:{}'),(432,'salgerg@gmail.com','salgerg@gmail.com','salgerg@gmail.com','salgerg@gmail.com',1,'sAVSP.EdCiMAYW4rA/fnE2HkRPlzYnIGaiXa2uAuJ0g','p9uGiLPYIfO6uzDx0KWaAEAkfbxilSsZN5/A5PwrgIlxghey8ZynQQTQa6wWsBh3XFg50llZdkJlYplhe7TDAA==',NULL,NULL,NULL,'a:0:{}');

--
-- Table structure for table `TeamMember`
--

CREATE TABLE `TeamMember` (
  `id` int(11) NOT NULL AUTO_INCREMENT,
  `name` varchar(255) COLLATE utf8_unicode_ci NOT NULL,
  `email` varchar(255) COLLATE utf8_unicode_ci NOT NULL,
  `phone` varchar(255) COLLATE utf8_unicode_ci NOT NULL,
  PRIMARY KEY (`id`)
) ENGINE=InnoDB AUTO_INCREMENT=6 DEFAULT CHARSET=utf8 COLLATE=utf8_unicode_ci;

--
-- Dumping data for table `TeamMember`
--

INSERT INTO `TeamMember` VALUES (1,'Veres Emese','emese.veres@ementin.hu','+36 20 419 9219'),(3,'Lupkovics Vanessa','vanessa.lupkovics@ementin.hu','+36 1 999 0784'),(4,'Tihanyi Barbara','barbara.tihanyi@timelessevent.hu','+36 20 419 8988'),(5,'Szabó Bernadett','bernadett.szabo@timelessevent.hu','+36 1 999 0781');

--
-- Table structure for table `Transfer`
--

CREATE TABLE `Transfer` (
  `id` int(11) NOT NULL AUTO_INCREMENT,
  `name` varchar(255) COLLATE utf8_unicode_ci NOT NULL,
  `departure` varchar(255) COLLATE utf8_unicode_ci NOT NULL,
  `eventRegistration_id` int(11) DEFAULT NULL,
  PRIMARY KEY (`id`),
  KEY `IDX_B942C1968C55A21` (`eventRegistration_id`),
  CONSTRAINT `FK_B942C1968C55A21` FOREIGN KEY (`eventRegistration_id`) REFERENCES `EventRegistration` (`id`)
) ENGINE=InnoDB DEFAULT CHARSET=utf8 COLLATE=utf8_unicode_ci;

--
-- Dumping data for table `Transfer`
--


--
-- Table structure for table `TransferEvent`
--

CREATE TABLE `TransferEvent` (
  `id` int(11) NOT NULL AUTO_INCREMENT,
  `event_id` int(11) DEFAULT NULL,
  `price` varchar(255) COLLATE utf8_unicode_ci NOT NULL,
  `departure` varchar(255) COLLATE utf8_unicode_ci NOT NULL,
  `date` datetime NOT NULL,
  PRIMARY KEY (`id`),
  KEY `IDX_2CC1322F71F7E88B` (`event_id`),
  CONSTRAINT `FK_2CC1322F71F7E88B` FOREIGN KEY (`event_id`) REFERENCES `Event` (`id`)
) ENGINE=InnoDB DEFAULT CHARSET=utf8 COLLATE=utf8_unicode_ci;

--
-- Dumping data for table `TransferEvent`
--


--
-- Table structure for table `TransferEventReservation`
--

CREATE TABLE `TransferEventReservation` (
  `id` int(11) NOT NULL AUTO_INCREMENT,
  `transfer_event_id` int(11) DEFAULT NULL,
  `eventRegistration_id` int(11) DEFAULT NULL,
  PRIMARY KEY (`id`),
  UNIQUE KEY `UNIQ_BC538F848C55A21` (`eventRegistration_id`),
  KEY `IDX_BC538F849046C5E1` (`transfer_event_id`),
  CONSTRAINT `FK_BC538F848C55A21` FOREIGN KEY (`eventRegistration_id`) REFERENCES `EventRegistration` (`id`),
  CONSTRAINT `FK_BC538F849046C5E1` FOREIGN KEY (`transfer_event_id`) REFERENCES `TransferEvent` (`id`)
) ENGINE=InnoDB DEFAULT CHARSET=utf8 COLLATE=utf8_unicode_ci;

--
-- Dumping data for table `TransferEventReservation`
--


--
-- Table structure for table `acl_classes`
--

CREATE TABLE `acl_classes` (
  `id` int(10) unsigned NOT NULL AUTO_INCREMENT,
  `class_type` varchar(200) COLLATE utf8_unicode_ci NOT NULL,
  PRIMARY KEY (`id`),
  UNIQUE KEY `UNIQ_69DD750638A36066` (`class_type`)
) ENGINE=InnoDB AUTO_INCREMENT=11 DEFAULT CHARSET=utf8 COLLATE=utf8_unicode_ci;

--
-- Dumping data for table `acl_classes`
--

INSERT INTO `acl_classes` VALUES (5,'Pixeloid\\AppBundle\\Entity\\Accomodation'),(2,'Pixeloid\\AppBundle\\Entity\\DiningType'),(1,'Pixeloid\\AppBundle\\Entity\\Event'),(10,'Pixeloid\\AppBundle\\Entity\\EventRegistration'),(9,'Pixeloid\\AppBundle\\Entity\\ExtraProgram'),(8,'Pixeloid\\AppBundle\\Entity\\ExtraProgramGroup'),(4,'Pixeloid\\AppBundle\\Entity\\Presentation'),(3,'Pixeloid\\AppBundle\\Entity\\PresentationSection'),(6,'Pixeloid\\AppBundle\\Entity\\RegistrantType'),(7,'Pixeloid\\AppBundle\\Entity\\TeamMember');

--
-- Table structure for table `acl_entries`
--

CREATE TABLE `acl_entries` (
  `id` int(10) unsigned NOT NULL AUTO_INCREMENT,
  `class_id` int(10) unsigned NOT NULL,
  `object_identity_id` int(10) unsigned DEFAULT NULL,
  `security_identity_id` int(10) unsigned NOT NULL,
  `field_name` varchar(50) COLLATE utf8_unicode_ci DEFAULT NULL,
  `ace_order` smallint(5) unsigned NOT NULL,
  `mask` int(11) NOT NULL,
  `granting` tinyint(1) NOT NULL,
  `granting_strategy` varchar(30) COLLATE utf8_unicode_ci NOT NULL,
  `audit_success` tinyint(1) NOT NULL,
  `audit_failure` tinyint(1) NOT NULL,
  PRIMARY KEY (`id`),
  UNIQUE KEY `UNIQ_46C8B806EA000B103D9AB4A64DEF17BCE4289BF4` (`class_id`,`object_identity_id`,`field_name`,`ace_order`),
  KEY `IDX_46C8B806EA000B103D9AB4A6DF9183C9` (`class_id`,`object_identity_id`,`security_identity_id`),
  KEY `IDX_46C8B806EA000B10` (`class_id`),
  KEY `IDX_46C8B8063D9AB4A6` (`object_identity_id`),
  KEY `IDX_46C8B806DF9183C9` (`security_identity_id`),
  CONSTRAINT `FK_46C8B8063D9AB4A6` FOREIGN KEY (`object_identity_id`) REFERENCES `acl_object_identities` (`id`) ON DELETE CASCADE ON UPDATE CASCADE,
  CONSTRAINT `FK_46C8B806DF9183C9` FOREIGN KEY (`security_identity_id`) REFERENCES `acl_security_identities` (`id`) ON DELETE CASCADE ON UPDATE CASCADE,
  CONSTRAINT `FK_46C8B806EA000B10` FOREIGN KEY (`class_id`) REFERENCES `acl_classes` (`id`) ON DELETE CASCADE ON UPDATE CASCADE
) ENGINE=InnoDB AUTO_INCREMENT=219 DEFAULT CHARSET=utf8 COLLATE=utf8_unicode_ci;

--
-- Dumping data for table `acl_entries`
--

INSERT INTO `acl_entries` VALUES (1,1,NULL,1,NULL,0,64,1,'all',0,0),(2,1,NULL,2,NULL,1,32,1,'all',0,0),(3,1,NULL,3,NULL,2,4,1,'all',0,0),(4,1,NULL,4,NULL,3,1,1,'all',0,0),(5,1,1,5,NULL,1,128,1,'all',0,0),(6,2,NULL,6,NULL,0,64,1,'all',0,0),(7,2,NULL,7,NULL,1,32,1,'all',0,0),(8,2,NULL,8,NULL,2,4,1,'all',0,0),(9,2,NULL,9,NULL,3,1,1,'all',0,0),(10,2,2,10,NULL,0,128,1,'all',0,0),(11,1,3,10,NULL,1,128,1,'all',0,0),(12,3,NULL,11,NULL,0,64,1,'all',0,0),(13,3,NULL,12,NULL,1,32,1,'all',0,0),(14,3,NULL,13,NULL,2,4,1,'all',0,0),(15,3,NULL,14,NULL,3,1,1,'all',0,0),(16,3,4,10,NULL,1,128,1,'all',0,0),(17,3,5,10,NULL,1,128,1,'all',0,0),(18,4,NULL,15,NULL,0,64,1,'all',0,0),(19,4,NULL,16,NULL,1,32,1,'all',0,0),(20,4,NULL,17,NULL,2,4,1,'all',0,0),(21,4,NULL,18,NULL,3,1,1,'all',0,0),(22,4,6,10,NULL,1,128,1,'all',0,0),(23,4,7,10,NULL,1,128,1,'all',0,0),(24,4,8,10,NULL,1,128,1,'all',0,0),(25,3,9,10,NULL,1,128,1,'all',0,0),(26,3,10,10,NULL,1,128,1,'all',0,0),(27,4,11,10,NULL,1,128,1,'all',0,0),(28,4,12,10,NULL,1,128,1,'all',0,0),(29,4,13,10,NULL,1,128,1,'all',0,0),(30,4,14,10,NULL,1,128,1,'all',0,0),(31,1,1,19,NULL,0,128,1,'all',0,0),(32,5,NULL,20,NULL,0,64,1,'all',0,0),(33,5,NULL,21,NULL,1,32,1,'all',0,0),(34,5,NULL,22,NULL,2,4,1,'all',0,0),(35,5,NULL,23,NULL,3,1,1,'all',0,0),(36,5,15,19,NULL,0,128,1,'all',0,0),(37,6,NULL,24,NULL,0,64,1,'all',0,0),(38,6,NULL,25,NULL,1,32,1,'all',0,0),(39,6,NULL,26,NULL,2,4,1,'all',0,0),(40,6,NULL,27,NULL,3,1,1,'all',0,0),(41,6,16,19,NULL,0,128,1,'all',0,0),(42,1,3,19,NULL,0,128,1,'all',0,0),(43,7,NULL,28,NULL,0,64,1,'all',0,0),(44,7,NULL,29,NULL,1,32,1,'all',0,0),(45,7,NULL,30,NULL,2,4,1,'all',0,0),(46,7,NULL,31,NULL,3,1,1,'all',0,0),(47,7,17,19,NULL,0,128,1,'all',0,0),(48,7,18,19,NULL,0,128,1,'all',0,0),(49,1,19,19,NULL,0,128,1,'all',0,0),(50,6,20,19,NULL,0,128,1,'all',0,0),(51,3,4,19,NULL,0,128,1,'all',0,0),(52,3,5,19,NULL,0,128,1,'all',0,0),(53,3,9,19,NULL,0,128,1,'all',0,0),(54,3,10,19,NULL,0,128,1,'all',0,0),(55,3,21,19,NULL,0,128,1,'all',0,0),(56,3,22,19,NULL,0,128,1,'all',0,0),(57,3,23,19,NULL,0,128,1,'all',0,0),(58,3,24,19,NULL,0,128,1,'all',0,0),(59,3,25,19,NULL,0,128,1,'all',0,0),(60,3,26,19,NULL,0,128,1,'all',0,0),(61,3,27,19,NULL,0,128,1,'all',0,0),(62,3,28,19,NULL,0,128,1,'all',0,0),(63,3,29,19,NULL,0,128,1,'all',0,0),(64,3,30,19,NULL,0,128,1,'all',0,0),(65,3,31,19,NULL,0,128,1,'all',0,0),(66,3,32,19,NULL,0,128,1,'all',0,0),(67,3,33,19,NULL,0,128,1,'all',0,0),(68,3,34,19,NULL,0,128,1,'all',0,0),(69,3,35,19,NULL,0,128,1,'all',0,0),(70,4,6,19,NULL,0,128,1,'all',0,0),(71,4,7,19,NULL,0,128,1,'all',0,0),(72,4,8,19,NULL,0,128,1,'all',0,0),(73,4,11,19,NULL,0,128,1,'all',0,0),(74,4,12,19,NULL,0,128,1,'all',0,0),(75,4,13,19,NULL,0,128,1,'all',0,0),(76,4,14,19,NULL,0,128,1,'all',0,0),(77,4,36,19,NULL,0,128,1,'all',0,0),(78,4,37,19,NULL,0,128,1,'all',0,0),(79,4,38,19,NULL,0,128,1,'all',0,0),(80,4,39,19,NULL,0,128,1,'all',0,0),(81,4,40,19,NULL,0,128,1,'all',0,0),(82,4,41,19,NULL,0,128,1,'all',0,0),(83,4,42,19,NULL,0,128,1,'all',0,0),(84,4,43,19,NULL,0,128,1,'all',0,0),(85,4,44,19,NULL,0,128,1,'all',0,0),(86,4,45,19,NULL,0,128,1,'all',0,0),(87,4,46,19,NULL,0,128,1,'all',0,0),(88,4,47,19,NULL,0,128,1,'all',0,0),(89,4,48,19,NULL,0,128,1,'all',0,0),(90,4,49,19,NULL,0,128,1,'all',0,0),(91,4,50,19,NULL,0,128,1,'all',0,0),(92,4,51,19,NULL,0,128,1,'all',0,0),(93,4,52,19,NULL,0,128,1,'all',0,0),(94,4,53,19,NULL,0,128,1,'all',0,0),(95,4,54,19,NULL,0,128,1,'all',0,0),(96,3,55,19,NULL,0,128,1,'all',0,0),(97,3,56,19,NULL,0,128,1,'all',0,0),(98,3,57,19,NULL,0,128,1,'all',0,0),(99,3,58,19,NULL,0,128,1,'all',0,0),(100,1,59,19,NULL,0,128,1,'all',0,0),(101,1,60,19,NULL,0,128,1,'all',0,0),(102,8,NULL,32,NULL,0,64,1,'all',0,0),(103,8,NULL,33,NULL,1,32,1,'all',0,0),(104,8,NULL,34,NULL,2,4,1,'all',0,0),(105,8,NULL,35,NULL,3,1,1,'all',0,0),(106,8,61,19,NULL,0,128,1,'all',0,0),(107,9,NULL,36,NULL,0,64,1,'all',0,0),(108,9,NULL,37,NULL,1,32,1,'all',0,0),(109,9,NULL,38,NULL,2,4,1,'all',0,0),(110,9,NULL,39,NULL,3,1,1,'all',0,0),(111,9,62,19,NULL,0,128,1,'all',0,0),(112,8,63,19,NULL,0,128,1,'all',0,0),(113,9,64,19,NULL,0,128,1,'all',0,0),(114,9,65,19,NULL,0,128,1,'all',0,0),(115,9,66,19,NULL,0,128,1,'all',0,0),(116,3,67,19,NULL,0,128,1,'all',0,0),(117,3,68,19,NULL,0,128,1,'all',0,0),(118,3,69,19,NULL,0,128,1,'all',0,0),(119,3,70,19,NULL,0,128,1,'all',0,0),(120,3,71,19,NULL,0,128,1,'all',0,0),(121,3,72,19,NULL,0,128,1,'all',0,0),(122,3,73,19,NULL,0,128,1,'all',0,0),(123,3,74,19,NULL,0,128,1,'all',0,0),(124,3,75,19,NULL,0,128,1,'all',0,0),(125,3,76,19,NULL,0,128,1,'all',0,0),(126,4,77,19,NULL,0,128,1,'all',0,0),(127,4,78,19,NULL,0,128,1,'all',0,0),(128,4,79,19,NULL,0,128,1,'all',0,0),(129,4,80,19,NULL,0,128,1,'all',0,0),(130,4,81,19,NULL,0,128,1,'all',0,0),(131,4,82,19,NULL,0,128,1,'all',0,0),(132,4,83,19,NULL,0,128,1,'all',0,0),(133,4,84,19,NULL,0,128,1,'all',0,0),(134,4,85,19,NULL,0,128,1,'all',0,0),(135,4,86,19,NULL,0,128,1,'all',0,0),(136,4,87,19,NULL,0,128,1,'all',0,0),(137,4,88,19,NULL,0,128,1,'all',0,0),(138,4,89,19,NULL,0,128,1,'all',0,0),(139,4,90,19,NULL,0,128,1,'all',0,0),(140,4,91,19,NULL,0,128,1,'all',0,0),(141,4,92,19,NULL,0,128,1,'all',0,0),(142,3,93,19,NULL,0,128,1,'all',0,0),(143,3,94,19,NULL,0,128,1,'all',0,0),(144,3,95,19,NULL,0,128,1,'all',0,0),(145,3,96,19,NULL,0,128,1,'all',0,0),(146,3,97,19,NULL,0,128,1,'all',0,0),(147,3,98,19,NULL,0,128,1,'all',0,0),(148,3,99,19,NULL,0,128,1,'all',0,0),(149,3,100,19,NULL,0,128,1,'all',0,0),(150,3,101,19,NULL,0,128,1,'all',0,0),(151,3,102,19,NULL,0,128,1,'all',0,0),(152,3,103,19,NULL,0,128,1,'all',0,0),(153,10,NULL,40,NULL,0,64,1,'all',0,0),(154,10,NULL,41,NULL,1,32,1,'all',0,0),(155,10,NULL,42,NULL,2,4,1,'all',0,0),(156,10,NULL,43,NULL,3,1,1,'all',0,0),(157,10,104,19,NULL,0,128,1,'all',0,0),(158,10,105,19,NULL,0,128,1,'all',0,0),(159,4,106,19,NULL,0,128,1,'all',0,0),(160,4,107,19,NULL,0,128,1,'all',0,0),(161,4,108,19,NULL,0,128,1,'all',0,0),(162,4,109,19,NULL,0,128,1,'all',0,0),(163,4,110,19,NULL,0,128,1,'all',0,0),(164,4,111,19,NULL,0,128,1,'all',0,0),(165,4,112,19,NULL,0,128,1,'all',0,0),(166,4,113,19,NULL,0,128,1,'all',0,0),(167,3,114,19,NULL,0,128,1,'all',0,0),(168,4,115,19,NULL,0,128,1,'all',0,0),(169,4,116,19,NULL,0,128,1,'all',0,0),(170,10,117,19,NULL,0,128,1,'all',0,0),(171,10,118,19,NULL,0,128,1,'all',0,0),(172,10,119,19,NULL,0,128,1,'all',0,0),(173,10,120,19,NULL,0,128,1,'all',0,0),(174,10,121,19,NULL,0,128,1,'all',0,0),(175,10,122,19,NULL,0,128,1,'all',0,0),(176,10,123,19,NULL,0,128,1,'all',0,0),(177,10,124,19,NULL,0,128,1,'all',0,0),(178,10,125,19,NULL,0,128,1,'all',0,0),(179,10,126,19,NULL,0,128,1,'all',0,0),(180,10,127,19,NULL,0,128,1,'all',0,0),(181,10,128,19,NULL,0,128,1,'all',0,0),(182,10,129,19,NULL,0,128,1,'all',0,0),(183,10,130,19,NULL,0,128,1,'all',0,0),(184,10,131,19,NULL,0,128,1,'all',0,0),(185,10,132,19,NULL,0,128,1,'all',0,0),(186,10,133,19,NULL,0,128,1,'all',0,0),(187,10,134,19,NULL,0,128,1,'all',0,0),(188,10,135,44,NULL,0,128,1,'all',0,0),(189,10,136,44,NULL,0,128,1,'all',0,0),(190,10,137,44,NULL,0,128,1,'all',0,0),(191,10,138,44,NULL,0,128,1,'all',0,0),(192,10,139,19,NULL,0,128,1,'all',0,0),(193,10,140,44,NULL,0,128,1,'all',0,0),(194,10,141,44,NULL,0,128,1,'all',0,0),(195,10,142,44,NULL,0,128,1,'all',0,0),(196,10,143,44,NULL,0,128,1,'all',0,0),(197,10,144,19,NULL,0,128,1,'all',0,0),(198,10,145,19,NULL,0,128,1,'all',0,0),(199,10,146,19,NULL,0,128,1,'all',0,0),(200,10,147,19,NULL,0,128,1,'all',0,0),(201,10,148,44,NULL,0,128,1,'all',0,0),(202,10,149,44,NULL,0,128,1,'all',0,0),(203,10,150,19,NULL,0,128,1,'all',0,0),(204,10,151,19,NULL,0,128,1,'all',0,0),(205,10,152,44,NULL,0,128,1,'all',0,0),(206,10,153,44,NULL,0,128,1,'all',0,0),(207,10,154,44,NULL,0,128,1,'all',0,0),(208,10,155,19,NULL,0,128,1,'all',0,0),(209,10,156,44,NULL,0,128,1,'all',0,0),(210,10,157,44,NULL,0,128,1,'all',0,0),(211,10,158,19,NULL,0,128,1,'all',0,0),(212,10,159,19,NULL,0,128,1,'all',0,0),(213,10,160,19,NULL,0,128,1,'all',0,0),(214,4,161,44,NULL,0,128,1,'all',0,0),(215,9,162,19,NULL,0,128,1,'all',0,0),(216,3,163,19,NULL,0,128,1,'all',0,0),(217,10,164,19,NULL,0,128,1,'all',0,0),(218,1,165,19,NULL,0,128,1,'all',0,0);

--
-- Table structure for table `acl_object_identities`
--

CREATE TABLE `acl_object_identities` (
  `id` int(10) unsigned NOT NULL AUTO_INCREMENT,
  `parent_object_identity_id` int(10) unsigned DEFAULT NULL,
  `class_id` int(10) unsigned NOT NULL,
  `object_identifier` varchar(100) COLLATE utf8_unicode_ci NOT NULL,
  `entries_inheriting` tinyint(1) NOT NULL,
  PRIMARY KEY (`id`),
  UNIQUE KEY `UNIQ_9407E5494B12AD6EA000B10` (`object_identifier`,`class_id`),
  KEY `IDX_9407E54977FA751A` (`parent_object_identity_id`),
  CONSTRAINT `FK_9407E54977FA751A` FOREIGN KEY (`parent_object_identity_id`) REFERENCES `acl_object_identities` (`id`)
) ENGINE=InnoDB AUTO_INCREMENT=166 DEFAULT CHARSET=utf8 COLLATE=utf8_unicode_ci;

--
-- Dumping data for table `acl_object_identities`
--

INSERT INTO `acl_object_identities` VALUES (1,NULL,1,'1',1),(2,NULL,2,'23',1),(3,NULL,1,'2',1),(4,NULL,3,'1',1),(5,NULL,3,'2',1),(6,NULL,4,'1',1),(7,NULL,4,'2',1),(8,NULL,4,'3',1),(9,NULL,3,'3',1),(10,NULL,3,'4',1),(11,NULL,4,'4',1),(12,NULL,4,'5',1),(13,NULL,4,'6',1),(14,NULL,4,'7',1),(15,NULL,5,'92',1),(16,NULL,6,'96',1),(17,NULL,7,'4',1),(18,NULL,7,'5',1),(19,NULL,1,'3',1),(20,NULL,6,'97',1),(21,NULL,3,'5',1),(22,NULL,3,'6',1),(23,NULL,3,'7',1),(24,NULL,3,'8',1),(25,NULL,3,'9',1),(26,NULL,3,'10',1),(27,NULL,3,'11',1),(28,NULL,3,'12',1),(29,NULL,3,'13',1),(30,NULL,3,'14',1),(31,NULL,3,'15',1),(32,NULL,3,'16',1),(33,NULL,3,'17',1),(34,NULL,3,'18',1),(35,NULL,3,'19',1),(36,NULL,4,'8',1),(37,NULL,4,'9',1),(38,NULL,4,'10',1),(39,NULL,4,'11',1),(40,NULL,4,'12',1),(41,NULL,4,'13',1),(42,NULL,4,'14',1),(43,NULL,4,'15',1),(44,NULL,4,'16',1),(45,NULL,4,'17',1),(46,NULL,4,'18',1),(47,NULL,4,'19',1),(48,NULL,4,'20',1),(49,NULL,4,'21',1),(50,NULL,4,'22',1),(51,NULL,4,'23',1),(52,NULL,4,'24',1),(53,NULL,4,'25',1),(54,NULL,4,'26',1),(55,NULL,3,'20',1),(56,NULL,3,'21',1),(57,NULL,3,'22',1),(58,NULL,3,'23',1),(59,NULL,1,'4',1),(60,NULL,1,'5',1),(61,NULL,8,'1',1),(62,NULL,9,'1',1),(63,NULL,8,'2',1),(64,NULL,9,'2',1),(65,NULL,9,'3',1),(66,NULL,9,'4',1),(67,NULL,3,'24',1),(68,NULL,3,'25',1),(69,NULL,3,'26',1),(70,NULL,3,'27',1),(71,NULL,3,'28',1),(72,NULL,3,'29',1),(73,NULL,3,'30',1),(74,NULL,3,'31',1),(75,NULL,3,'32',1),(76,NULL,3,'33',1),(77,NULL,4,'182',1),(78,NULL,4,'183',1),(79,NULL,4,'184',1),(80,NULL,4,'185',1),(81,NULL,4,'186',1),(82,NULL,4,'187',1),(83,NULL,4,'188',1),(84,NULL,4,'189',1),(85,NULL,4,'190',1),(86,NULL,4,'191',1),(87,NULL,4,'192',1),(88,NULL,4,'193',1),(89,NULL,4,'194',1),(90,NULL,4,'195',1),(91,NULL,4,'196',1),(92,NULL,4,'197',1),(93,NULL,3,'34',1),(94,NULL,3,'35',1),(95,NULL,3,'36',1),(96,NULL,3,'37',1),(97,NULL,3,'38',1),(98,NULL,3,'39',1),(99,NULL,3,'40',1),(100,NULL,3,'41',1),(101,NULL,3,'42',1),(102,NULL,3,'43',1),(103,NULL,3,'44',1),(104,NULL,10,'483',1),(105,NULL,10,'485',1),(106,NULL,4,'392',1),(107,NULL,4,'393',1),(108,NULL,4,'394',1),(109,NULL,4,'395',1),(110,NULL,4,'397',1),(111,NULL,4,'398',1),(112,NULL,4,'399',1),(113,NULL,4,'400',1),(114,NULL,3,'45',1),(115,NULL,4,'401',1),(116,NULL,4,'402',1),(117,NULL,10,'560',1),(118,NULL,10,'562',1),(119,NULL,10,'563',1),(120,NULL,10,'564',1),(121,NULL,10,'565',1),(122,NULL,10,'567',1),(123,NULL,10,'568',1),(124,NULL,10,'569',1),(125,NULL,10,'570',1),(126,NULL,10,'571',1),(127,NULL,10,'572',1),(128,NULL,10,'583',1),(129,NULL,10,'584',1),(130,NULL,10,'585',1),(131,NULL,10,'586',1),(132,NULL,10,'587',1),(133,NULL,10,'588',1),(134,NULL,10,'595',1),(135,NULL,10,'599',1),(136,NULL,10,'600',1),(137,NULL,10,'601',1),(138,NULL,10,'602',1),(139,NULL,10,'603',1),(140,NULL,10,'604',1),(141,NULL,10,'605',1),(142,NULL,10,'606',1),(143,NULL,10,'607',1),(144,NULL,10,'608',1),(145,NULL,10,'609',1),(146,NULL,10,'610',1),(147,NULL,10,'611',1),(148,NULL,10,'612',1),(149,NULL,10,'613',1),(150,NULL,10,'614',1),(151,NULL,10,'615',1),(152,NULL,10,'616',1),(153,NULL,10,'617',1),(154,NULL,10,'618',1),(155,NULL,10,'624',1),(156,NULL,10,'625',1),(157,NULL,10,'627',1),(158,NULL,10,'643',1),(159,NULL,10,'644',1),(160,NULL,10,'649',1),(161,NULL,4,'466',1),(162,NULL,9,'5',1),(163,NULL,3,'46',1),(164,NULL,10,'681',1),(165,NULL,1,'6',1);

--
-- Table structure for table `acl_object_identity_ancestors`
--

CREATE TABLE `acl_object_identity_ancestors` (
  `object_identity_id` int(10) unsigned NOT NULL,
  `ancestor_id` int(10) unsigned NOT NULL,
  PRIMARY KEY (`object_identity_id`,`ancestor_id`),
  KEY `IDX_825DE2993D9AB4A6` (`object_identity_id`),
  KEY `IDX_825DE299C671CEA1` (`ancestor_id`),
  CONSTRAINT `FK_825DE2993D9AB4A6` FOREIGN KEY (`object_identity_id`) REFERENCES `acl_object_identities` (`id`) ON DELETE CASCADE ON UPDATE CASCADE,
  CONSTRAINT `FK_825DE299C671CEA1` FOREIGN KEY (`ancestor_id`) REFERENCES `acl_object_identities` (`id`) ON DELETE CASCADE ON UPDATE CASCADE
) ENGINE=InnoDB DEFAULT CHARSET=utf8 COLLATE=utf8_unicode_ci;

--
-- Dumping data for table `acl_object_identity_ancestors`
--

INSERT INTO `acl_object_identity_ancestors` VALUES (1,1),(2,2),(3,3),(4,4),(5,5),(6,6),(7,7),(8,8),(9,9),(10,10),(11,11),(12,12),(13,13),(14,14),(15,15),(16,16),(17,17),(18,18),(19,19),(20,20),(21,21),(22,22),(23,23),(24,24),(25,25),(26,26),(27,27),(28,28),(29,29),(30,30),(31,31),(32,32),(33,33),(34,34),(35,35),(36,36),(37,37),(38,38),(39,39),(40,40),(41,41),(42,42),(43,43),(44,44),(45,45),(46,46),(47,47),(48,48),(49,49),(50,50),(51,51),(52,52),(53,53),(54,54),(55,55),(56,56),(57,57),(58,58),(59,59),(60,60),(61,61),(62,62),(63,63),(64,64),(65,65),(66,66),(67,67),(68,68),(69,69),(70,70),(71,71),(72,72),(73,73),(74,74),(75,75),(76,76),(77,77),(78,78),(79,79),(80,80),(81,81),(82,82),(83,83),(84,84),(85,85),(86,86),(87,87),(88,88),(89,89),(90,90),(91,91),(92,92),(93,93),(94,94),(95,95),(96,96),(97,97),(98,98),(99,99),(100,100),(101,101),(102,102),(103,103),(104,104),(105,105),(106,106),(107,107),(108,108),(109,109),(110,110),(111,111),(112,112),(113,113),(114,114),(115,115),(116,116),(117,117),(118,118),(119,119),(120,120),(121,121),(122,122),(123,123),(124,124),(125,125),(126,126),(127,127),(128,128),(129,129),(130,130),(131,131),(132,132),(133,133),(134,134),(135,135),(136,136),(137,137),(138,138),(139,139),(140,140),(141,141),(142,142),(143,143),(144,144),(145,145),(146,146),(147,147),(148,148),(149,149),(150,150),(151,151),(152,152),(153,153),(154,154),(155,155),(156,156),(157,157),(158,158),(159,159),(160,160),(161,161),(162,162),(163,163),(164,164),(165,165);

--
-- Table structure for table `acl_security_identities`
--

CREATE TABLE `acl_security_identities` (
  `id` int(10) unsigned NOT NULL AUTO_INCREMENT,
  `identifier` varchar(200) COLLATE utf8_unicode_ci NOT NULL,
  `username` tinyint(1) NOT NULL,
  PRIMARY KEY (`id`),
  UNIQUE KEY `UNIQ_8835EE78772E836AF85E0677` (`identifier`,`username`)
) ENGINE=InnoDB AUTO_INCREMENT=45 DEFAULT CHARSET=utf8 COLLATE=utf8_unicode_ci;

--
-- Dumping data for table `acl_security_identities`
--

INSERT INTO `acl_security_identities` VALUES (44,'Pixeloid\\UserBundle\\Entity\\User-barbara.tihanyi@timelessevent.hu',1),(19,'Pixeloid\\UserBundle\\Entity\\User-bernadett.szabo@timelessevent.hu',1),(5,'Pixeloid\\UserBundle\\Entity\\User-emese',1),(10,'Pixeloid\\UserBundle\\Entity\\User-emese.veres@ementin.hu',1),(20,'ROLE_PIXELOID_APP_ADMIN_ACCOMODATION_ADMIN',0),(21,'ROLE_PIXELOID_APP_ADMIN_ACCOMODATION_EDITOR',0),(23,'ROLE_PIXELOID_APP_ADMIN_ACCOMODATION_GUEST',0),(22,'ROLE_PIXELOID_APP_ADMIN_ACCOMODATION_STAFF',0),(6,'ROLE_PIXELOID_APP_ADMIN_DINING_TYPE_ADMIN',0),(7,'ROLE_PIXELOID_APP_ADMIN_DINING_TYPE_EDITOR',0),(9,'ROLE_PIXELOID_APP_ADMIN_DINING_TYPE_GUEST',0),(8,'ROLE_PIXELOID_APP_ADMIN_DINING_TYPE_STAFF',0),(1,'ROLE_PIXELOID_APP_ADMIN_EVENT_ADMIN',0),(2,'ROLE_PIXELOID_APP_ADMIN_EVENT_EDITOR',0),(4,'ROLE_PIXELOID_APP_ADMIN_EVENT_GUEST',0),(40,'ROLE_PIXELOID_APP_ADMIN_EVENT_REGISTRATION_ADMIN',0),(41,'ROLE_PIXELOID_APP_ADMIN_EVENT_REGISTRATION_EDITOR',0),(43,'ROLE_PIXELOID_APP_ADMIN_EVENT_REGISTRATION_GUEST',0),(42,'ROLE_PIXELOID_APP_ADMIN_EVENT_REGISTRATION_STAFF',0),(3,'ROLE_PIXELOID_APP_ADMIN_EVENT_STAFF',0),(36,'ROLE_PIXELOID_APP_ADMIN_EXTRA_PROGRAM_ADMIN',0),(37,'ROLE_PIXELOID_APP_ADMIN_EXTRA_PROGRAM_EDITOR',0),(32,'ROLE_PIXELOID_APP_ADMIN_EXTRA_PROGRAM_GROUP_ADMIN',0),(33,'ROLE_PIXELOID_APP_ADMIN_EXTRA_PROGRAM_GROUP_EDITOR',0),(35,'ROLE_PIXELOID_APP_ADMIN_EXTRA_PROGRAM_GROUP_GUEST',0),(34,'ROLE_PIXELOID_APP_ADMIN_EXTRA_PROGRAM_GROUP_STAFF',0),(39,'ROLE_PIXELOID_APP_ADMIN_EXTRA_PROGRAM_GUEST',0),(38,'ROLE_PIXELOID_APP_ADMIN_EXTRA_PROGRAM_STAFF',0),(15,'ROLE_PIXELOID_APP_ADMIN_PRESENTATION_ADMIN',0),(16,'ROLE_PIXELOID_APP_ADMIN_PRESENTATION_EDITOR',0),(18,'ROLE_PIXELOID_APP_ADMIN_PRESENTATION_GUEST',0),(11,'ROLE_PIXELOID_APP_ADMIN_PRESENTATION_SECTION_ADMIN',0),(12,'ROLE_PIXELOID_APP_ADMIN_PRESENTATION_SECTION_EDITOR',0),(14,'ROLE_PIXELOID_APP_ADMIN_PRESENTATION_SECTION_GUEST',0),(13,'ROLE_PIXELOID_APP_ADMIN_PRESENTATION_SECTION_STAFF',0),(17,'ROLE_PIXELOID_APP_ADMIN_PRESENTATION_STAFF',0),(24,'ROLE_PIXELOID_APP_ADMIN_REGISTRANT_TYPE_ADMIN',0),(25,'ROLE_PIXELOID_APP_ADMIN_REGISTRANT_TYPE_EDITOR',0),(27,'ROLE_PIXELOID_APP_ADMIN_REGISTRANT_TYPE_GUEST',0),(26,'ROLE_PIXELOID_APP_ADMIN_REGISTRANT_TYPE_STAFF',0),(28,'ROLE_PIXELOID_APP_ADMIN_TEAM_MEMBER_ADMIN',0),(29,'ROLE_PIXELOID_APP_ADMIN_TEAM_MEMBER_EDITOR',0),(31,'ROLE_PIXELOID_APP_ADMIN_TEAM_MEMBER_GUEST',0),(30,'ROLE_PIXELOID_APP_ADMIN_TEAM_MEMBER_STAFF',0);

--
-- Table structure for table `calendar`
--

CREATE TABLE `calendar` (
  `id` int(11) NOT NULL AUTO_INCREMENT,
  `datefield` date DEFAULT NULL,
  PRIMARY KEY (`id`)
) ENGINE=InnoDB DEFAULT CHARSET=utf8 COLLATE=utf8_unicode_ci;

--
-- Dumping data for table `calendar`
--


--
-- Table structure for table `classification__category`
--

CREATE TABLE `classification__category` (
  `id` int(11) NOT NULL AUTO_INCREMENT,
  `parent_id` int(11) DEFAULT NULL,
  `context` varchar(255) COLLATE utf8_unicode_ci DEFAULT NULL,
  `media_id` int(11) DEFAULT NULL,
  `name` varchar(255) COLLATE utf8_unicode_ci NOT NULL,
  `enabled` tinyint(1) NOT NULL,
  `slug` varchar(255) COLLATE utf8_unicode_ci NOT NULL,
  `description` varchar(255) COLLATE utf8_unicode_ci DEFAULT NULL,
  `position` int(11) DEFAULT NULL,
  `created_at` datetime NOT NULL,
  `updated_at` datetime NOT NULL,
  PRIMARY KEY (`id`),
  KEY `IDX_43629B36727ACA70` (`parent_id`),
  KEY `IDX_43629B36E25D857E` (`context`),
  KEY `IDX_43629B36EA9FDD75` (`media_id`),
  CONSTRAINT `FK_43629B36727ACA70` FOREIGN KEY (`parent_id`) REFERENCES `classification__category` (`id`) ON DELETE CASCADE,
  CONSTRAINT `FK_43629B36E25D857E` FOREIGN KEY (`context`) REFERENCES `classification__context` (`id`),
  CONSTRAINT `FK_43629B36EA9FDD75` FOREIGN KEY (`media_id`) REFERENCES `media__media` (`id`) ON DELETE SET NULL
) ENGINE=InnoDB AUTO_INCREMENT=2 DEFAULT CHARSET=utf8 COLLATE=utf8_unicode_ci;

--
-- Dumping data for table `classification__category`
--

INSERT INTO `classification__category` VALUES (1,NULL,'default',NULL,'default',1,'default','default',NULL,'2019-10-13 19:32:14','2019-10-13 19:32:14');

--
-- Table structure for table `classification__collection`
--

CREATE TABLE `classification__collection` (
  `id` int(11) NOT NULL AUTO_INCREMENT,
  `context` varchar(255) COLLATE utf8_unicode_ci DEFAULT NULL,
  `media_id` int(11) DEFAULT NULL,
  `name` varchar(255) COLLATE utf8_unicode_ci NOT NULL,
  `enabled` tinyint(1) NOT NULL,
  `slug` varchar(255) COLLATE utf8_unicode_ci NOT NULL,
  `description` varchar(255) COLLATE utf8_unicode_ci DEFAULT NULL,
  `created_at` datetime NOT NULL,
  `updated_at` datetime NOT NULL,
  PRIMARY KEY (`id`),
  UNIQUE KEY `tag_collection` (`slug`,`context`),
  KEY `IDX_A406B56AE25D857E` (`context`),
  KEY `IDX_A406B56AEA9FDD75` (`media_id`),
  CONSTRAINT `FK_A406B56AE25D857E` FOREIGN KEY (`context`) REFERENCES `classification__context` (`id`),
  CONSTRAINT `FK_A406B56AEA9FDD75` FOREIGN KEY (`media_id`) REFERENCES `media__media` (`id`) ON DELETE SET NULL
) ENGINE=InnoDB DEFAULT CHARSET=utf8 COLLATE=utf8_unicode_ci;

--
-- Dumping data for table `classification__collection`
--


--
-- Table structure for table `classification__context`
--

CREATE TABLE `classification__context` (
  `id` varchar(255) COLLATE utf8_unicode_ci NOT NULL,
  `name` varchar(255) COLLATE utf8_unicode_ci NOT NULL,
  `enabled` tinyint(1) NOT NULL,
  `created_at` datetime NOT NULL,
  `updated_at` datetime NOT NULL,
  PRIMARY KEY (`id`)
) ENGINE=InnoDB DEFAULT CHARSET=utf8 COLLATE=utf8_unicode_ci;

--
-- Dumping data for table `classification__context`
--

INSERT INTO `classification__context` VALUES ('default','default',1,'2019-10-13 19:32:14','2019-10-13 19:32:14');

--
-- Table structure for table `classification__tag`
--

CREATE TABLE `classification__tag` (
  `id` int(11) NOT NULL AUTO_INCREMENT,
  `context` varchar(255) COLLATE utf8_unicode_ci DEFAULT NULL,
  `name` varchar(255) COLLATE utf8_unicode_ci NOT NULL,
  `enabled` tinyint(1) NOT NULL,
  `slug` varchar(255) COLLATE utf8_unicode_ci NOT NULL,
  `created_at` datetime NOT NULL,
  `updated_at` datetime NOT NULL,
  PRIMARY KEY (`id`),
  UNIQUE KEY `tag_context` (`slug`,`context`),
  KEY `IDX_CA57A1C7E25D857E` (`context`),
  CONSTRAINT `FK_CA57A1C7E25D857E` FOREIGN KEY (`context`) REFERENCES `classification__context` (`id`)
) ENGINE=InnoDB DEFAULT CHARSET=utf8 COLLATE=utf8_unicode_ci;

--
-- Dumping data for table `classification__tag`
--


--
-- Table structure for table `ext_log_entries`
--

CREATE TABLE `ext_log_entries` (
  `id` int(11) NOT NULL AUTO_INCREMENT,
  `action` varchar(8) COLLATE utf8_unicode_ci NOT NULL,
  `logged_at` datetime NOT NULL,
  `object_id` varchar(64) COLLATE utf8_unicode_ci DEFAULT NULL,
  `object_class` varchar(255) COLLATE utf8_unicode_ci NOT NULL,
  `version` int(11) NOT NULL,
  `data` longtext COLLATE utf8_unicode_ci COMMENT '(DC2Type:array)',
  `username` varchar(255) COLLATE utf8_unicode_ci DEFAULT NULL,
  PRIMARY KEY (`id`),
  KEY `log_class_lookup_idx` (`object_class`),
  KEY `log_date_lookup_idx` (`logged_at`),
  KEY `log_user_lookup_idx` (`username`),
  KEY `log_version_lookup_idx` (`object_id`,`object_class`,`version`)
) ENGINE=InnoDB DEFAULT CHARSET=utf8 COLLATE=utf8_unicode_ci ROW_FORMAT=DYNAMIC;

--
-- Dumping data for table `ext_log_entries`
--


--
-- Table structure for table `ext_translations`
--

CREATE TABLE `ext_translations` (
  `id` int(11) NOT NULL AUTO_INCREMENT,
  `locale` varchar(8) COLLATE utf8_unicode_ci NOT NULL,
  `object_class` varchar(255) COLLATE utf8_unicode_ci NOT NULL,
  `field` varchar(32) COLLATE utf8_unicode_ci NOT NULL,
  `foreign_key` varchar(64) COLLATE utf8_unicode_ci NOT NULL,
  `content` longtext COLLATE utf8_unicode_ci,
  PRIMARY KEY (`id`),
  UNIQUE KEY `lookup_unique_idx` (`locale`,`object_class`,`field`,`foreign_key`),
  KEY `translations_lookup_idx` (`locale`,`object_class`,`foreign_key`)
) ENGINE=InnoDB DEFAULT CHARSET=utf8 COLLATE=utf8_unicode_ci ROW_FORMAT=DYNAMIC;

--
-- Dumping data for table `ext_translations`
--


--
-- Table structure for table `extraprogram_extraprogramreservation`
--

CREATE TABLE `extraprogram_extraprogramreservation` (
  `extraprogram_id` int(11) NOT NULL,
  `extraprogramreservation_id` int(11) NOT NULL,
  PRIMARY KEY (`extraprogram_id`,`extraprogramreservation_id`),
  KEY `IDX_91952F7881087A01` (`extraprogram_id`),
  KEY `IDX_91952F78D50F4AAB` (`extraprogramreservation_id`),
  CONSTRAINT `FK_91952F7881087A01` FOREIGN KEY (`extraprogram_id`) REFERENCES `ExtraProgram` (`id`) ON DELETE CASCADE,
  CONSTRAINT `FK_91952F78D50F4AAB` FOREIGN KEY (`extraprogramreservation_id`) REFERENCES `ExtraProgramReservation` (`id`) ON DELETE CASCADE
) ENGINE=InnoDB DEFAULT CHARSET=utf8 COLLATE=utf8_unicode_ci;

--
-- Dumping data for table `extraprogram_extraprogramreservation`
--

INSERT INTO `extraprogram_extraprogramreservation` VALUES (1,1),(1,5),(1,6),(1,15),(1,19),(1,48),(1,54),(1,61),(1,67),(1,72),(1,74),(1,75),(1,76),(1,77),(1,78),(1,79),(1,80),(1,81),(1,172),(1,190),(1,196),(1,203),(1,208),(1,223),(1,224),(1,263),(1,283),(1,291),(1,298),(1,380),(1,394),(1,395),(1,401),(1,404),(1,467),(1,555),(1,556),(1,557),(1,559),(1,679),(2,29),(2,88),(2,94),(2,96),(2,99),(2,103),(2,108),(2,151),(2,197),(2,207),(2,233),(2,276),(2,328),(2,329),(2,456),(2,691),(2,726),(2,840),(2,841),(2,842),(3,28),(3,40),(3,41),(3,73),(3,83),(3,101),(3,102),(3,138),(3,200),(3,222),(3,287),(3,290),(3,296),(3,355),(3,359),(4,35),(4,161),(4,191),(4,217),(4,218),(4,219),(4,220),(4,260),(4,330),(4,462),(4,466),(4,588),(4,729),(4,866),(5,796);

--
-- Table structure for table `media__gallery`
--

CREATE TABLE `media__gallery` (
  `id` int(11) NOT NULL AUTO_INCREMENT,
  `event_id` int(11) DEFAULT NULL,
  `name` varchar(255) COLLATE utf8_unicode_ci NOT NULL,
  `context` varchar(64) COLLATE utf8_unicode_ci NOT NULL,
  `default_format` varchar(255) COLLATE utf8_unicode_ci NOT NULL,
  `enabled` tinyint(1) NOT NULL,
  `updated_at` datetime NOT NULL,
  `created_at` datetime NOT NULL,
  PRIMARY KEY (`id`),
  KEY `IDX_3C02B7F571F7E88B` (`event_id`),
  CONSTRAINT `FK_3C02B7F571F7E88B` FOREIGN KEY (`event_id`) REFERENCES `Event` (`id`)
) ENGINE=InnoDB DEFAULT CHARSET=utf8 COLLATE=utf8_unicode_ci;

--
-- Dumping data for table `media__gallery`
--


--
-- Table structure for table `media__gallery_media`
--

CREATE TABLE `media__gallery_media` (
  `id` int(11) NOT NULL AUTO_INCREMENT,
  `gallery_id` int(11) DEFAULT NULL,
  `media_id` int(11) DEFAULT NULL,
  `position` int(11) NOT NULL,
  `enabled` tinyint(1) NOT NULL,
  `updated_at` datetime NOT NULL,
  `created_at` datetime NOT NULL,
  PRIMARY KEY (`id`),
  KEY `IDX_80D4C5414E7AF8F` (`gallery_id`),
  KEY `IDX_80D4C541EA9FDD75` (`media_id`),
  CONSTRAINT `FK_80D4C5414E7AF8F` FOREIGN KEY (`gallery_id`) REFERENCES `media__gallery` (`id`) ON DELETE CASCADE,
  CONSTRAINT `FK_80D4C541EA9FDD75` FOREIGN KEY (`media_id`) REFERENCES `media__media` (`id`) ON DELETE CASCADE
) ENGINE=InnoDB DEFAULT CHARSET=utf8 COLLATE=utf8_unicode_ci;

--
-- Dumping data for table `media__gallery_media`
--


--
-- Table structure for table `media__media`
--

CREATE TABLE `media__media` (
  `id` int(11) NOT NULL AUTO_INCREMENT,
  `category_id` int(11) DEFAULT NULL,
  `name` varchar(255) COLLATE utf8_unicode_ci NOT NULL,
  `description` text COLLATE utf8_unicode_ci,
  `enabled` tinyint(1) NOT NULL,
  `provider_name` varchar(255) COLLATE utf8_unicode_ci NOT NULL,
  `provider_status` int(11) NOT NULL,
  `provider_reference` varchar(255) COLLATE utf8_unicode_ci NOT NULL,
  `provider_metadata` longtext COLLATE utf8_unicode_ci COMMENT '(DC2Type:json)',
  `width` int(11) DEFAULT NULL,
  `height` int(11) DEFAULT NULL,
  `length` decimal(10,0) DEFAULT NULL,
  `content_type` varchar(255) COLLATE utf8_unicode_ci DEFAULT NULL,
  `content_size` int(11) DEFAULT NULL,
  `copyright` varchar(255) COLLATE utf8_unicode_ci DEFAULT NULL,
  `author_name` varchar(255) COLLATE utf8_unicode_ci DEFAULT NULL,
  `context` varchar(64) COLLATE utf8_unicode_ci DEFAULT NULL,
  `cdn_is_flushable` tinyint(1) DEFAULT NULL,
  `cdn_flush_identifier` varchar(64) COLLATE utf8_unicode_ci DEFAULT NULL,
  `cdn_flush_at` datetime DEFAULT NULL,
  `cdn_status` int(11) DEFAULT NULL,
  `updated_at` datetime NOT NULL,
  `created_at` datetime NOT NULL,
  PRIMARY KEY (`id`),
  KEY `IDX_5C6DD74E12469DE2` (`category_id`),
  CONSTRAINT `FK_5C6DD74E12469DE2` FOREIGN KEY (`category_id`) REFERENCES `classification__category` (`id`) ON DELETE SET NULL
) ENGINE=InnoDB DEFAULT CHARSET=utf8 COLLATE=utf8_unicode_ci;

--
-- Dumping data for table `media__media`
--



