--
-- Host: localhost    Database: ms_timeless
-- ------------------------------------------------------


--
-- Table structure for table `Accomodation`
--

CREATE TABLE `Accomodation` (
  `id` int(11) NOT NULL AUTO_INCREMENT,
  `image_id` int(11) DEFAULT NULL,
  `name` varchar(255) COLLATE utf8_unicode_ci NOT NULL,
  `address` varchar(255) COLLATE utf8_unicode_ci NOT NULL,
  `lat` decimal(9,6) DEFAULT NULL,
  `lng` decimal(9,6) DEFAULT NULL,
  `url` varchar(255) COLLATE utf8_unicode_ci NOT NULL,
  PRIMARY KEY (`id`),
  KEY `IDX_4A3C5A4B3DA5256D` (`image_id`),
  CONSTRAINT `FK_4A3C5A4B3DA5256D` FOREIGN KEY (`image_id`) REFERENCES `media__media` (`id`)
) ENGINE=InnoDB AUTO_INCREMENT=93 DEFAULT CHARSET=utf8 COLLATE=utf8_unicode_ci;

--
-- Dumping data for table `Accomodation`
--

INSERT INTO `Accomodation` VALUES (1,NULL,'Lifestyle Hotel Mátra****','3233 Mátraháza',NULL,NULL,''),(2,NULL,'Hotel Karos Spa****','H-8749 Zalakaros, Alma utca 1.',NULL,NULL,'https://karos-spa.hu/'),(3,NULL,'Hotel Thomas Budapest***','H-1094 Budapest, Liliom utca 44.',NULL,NULL,''),(4,NULL,'Leonardo Hotel Budapest****','1094 Budapest, Tompa u. 30-34.',NULL,NULL,''),(5,NULL,'Hotel Palazzo Zichy****','1088 Budapest, Lőrinc pap tér 2.',NULL,NULL,''),(6,NULL,'Four Points by Sheraton','6000 Kecskemét, Izsáki út 6.',NULL,NULL,' www.fourpointskecskemet.hu'),(7,NULL,'Sport Hotel','6000 Kecskemét, Izsáki út 15.',NULL,NULL,' www.sporthotelkecskemet.hu'),(8,NULL,'Hotel Visegrád','2025 Visegrád, Rév str. 15.',NULL,NULL,'www.hotelvisegrad.hu'),(9,NULL,'ABACUS Business & Wellness**** superior','2053 Herceghalom, Gesztenyés út 3.',NULL,NULL,'http://www.abacushotel.hu'),(10,NULL,'Ramada Hotel & Resort Lake Balaton****       ','8220 Balatonalmádi, Bajcsy-Zsilinszky út 14.',NULL,NULL,''),(11,NULL,'Hotel Monopoly***       ','8220 Balatonalmádi, Neptun u. 15.',NULL,NULL,''),(12,NULL,'Nereus Park Hotel***','8220 Balatonalmádi, Lóczy tér 3.',NULL,NULL,''),(13,NULL,'Mercure Budapest Buda','1013 Budapest, Krisztina krt. 41-43.',NULL,NULL,''),(14,NULL,'Bátor Tábor','3000 Hatvan, Delelő út Hrsz. 220/1',NULL,NULL,'http://www.batortabor.hu'),(15,NULL,'Hunguest Hotel Freya***','8749 Zalakaros, Termál u. 7.)',NULL,NULL,''),(16,NULL,'Hotel Karos Spa**** ','8749 Zalakaros, Alma u. 1',NULL,NULL,''),(17,NULL,'MenDan Magic Spa & Wellness Hotel****','8749 Zalakaros, Gyógyfürdő tér u. 8',NULL,NULL,''),(18,NULL,'Hotel Zodiaco','Szekszárd, Szent László u. 19, 7100',NULL,NULL,'http://www.hotelzodiaco.hu'),(19,NULL,'Hotel Merops','Szekszárd, Kossuth Lajos u. 19, 7100',NULL,NULL,'http://www.hotelmerops.hu'),(20,NULL,'Szépkert Vendégház','7100 Szekszárd, Rákóczi u. 158. (Szép Kert Faiskola mellett)',NULL,NULL,'http://www.szepkertvendeghaz.hu'),(21,NULL,'Bodri Vendégházak','Szekszárd, Bodri Pincészet',46.329092,18.663462,'http://bodribor.hu'),(22,NULL,'Takler Kúria és Panzió','1799 Hrsz. Decsi- Szőlőhegy PL. 57. ',46.282449,18.680106,'http://www.takler.com'),(23,NULL,'Radisson Blu Béke Hotel****','1067 Budapest, Teréz krt. 43.',NULL,NULL,'https://www.radissonblu.com/hu/hotel-budapest'),(24,NULL,'Hunguest Hotel Bál Resort ****','8220 Balatonalmádi, Bajcsy-Zsilinszky u. 14.',47.030330,18.020164,'http://www.hunguesthotels.hu/hu/hotel/balatonalmadi/hunguest_hotel_bal_resort/'),(25,NULL,'Hunguest Hotel Forrás ****Superior','Szeged, Szent-Györgyi A. u. 16-24.',NULL,NULL,'http://www.hunguesthotels.hu/hu/hotel/szeged/hunguest_hotel_forras/'),(29,NULL,'Eto Park Hotel****','9027 Győr, Nagysándor József u. 31.',NULL,NULL,'http://hoteletopark.hu/hu/'),(30,NULL,'Kiskút Liget Panzió','9027 Győr, Kiskúti út 41/a',NULL,NULL,'http://www.kiskutpanzio.hu'),(31,NULL,'Hotel Famulus****','9027 Győr, Budai út 4-6.',NULL,NULL,'http://famulushotel.hu/hu'),(32,NULL,'Hotel Rába City Center***','9021 Győr, Árpád út 34',NULL,NULL,'http://www.danubiushotels.hu/szallodak-gyor/hotel-raba'),(33,NULL,'Hotel IBIS***','9021 Győr, Szent István út 10/B.',NULL,NULL,'http://www.ibis.com/gb/hotel-3334-ibis-gyor/index.shtml'),(34,NULL,'Paár Hotel Szieszta','9024 Győr, Attila u 41-43.',NULL,NULL,'http://szieszta.hotelspaar.hu'),(35,NULL,'Hotel Makár','7635, Pécs, Középmakár dűlő 4.',NULL,NULL,'http://hotelmakar.hu'),(36,NULL,'Danubius Hotel Helia****','H-1133  Budapest, Kárpát u. 62-64',NULL,NULL,'www.danubiushotels.hu/szallodak-budapest/danubius-hotel-helia'),(37,NULL,'MenDan Hotel','8749 Zalakaros, Gyógyfürdő tér 8.',NULL,NULL,'https://wellnesshotelmendan.hu/'),(38,NULL,'Atlas City Hotel ***','H-1081 Budapest, Népszínház utca 39-41.',NULL,NULL,'www.atlashotelbudapest.com'),(39,NULL,'City Hotel Unio*** superior','H-1077 BUDAPEST, Dob utca 73.',NULL,NULL,'www.uniohotel.hu'),(40,NULL,'Szépkilátás Vendégház','8220 Balatonalmádi, Sólyom utca',NULL,NULL,'-'),(41,NULL,'Balatoni Panoráma Villa','8220 Balatonalmádi, Batthyány u. 7.',NULL,NULL,'-'),(42,NULL,'City Hotel Unio*** superior','1077 BUDAPEST, Dob utca 73.',NULL,NULL,'www.uniohotel.hu'),(43,NULL,'Hotel Anna***','3232 Mátrafüred, Üdülősor u. 55.',NULL,NULL,'http://www.anna-hotel.hu/'),(44,NULL,'Hunguest Grandhotel Galya','3234 Galyatető, Kodály Zoltán sétány 10.',NULL,NULL,'-'),(45,NULL,'Corso Hotel','7626 Pécs, Koller u. 8.',NULL,NULL,'https://corsohotel.hu/'),(46,NULL,'Hotel Arkadia','7621 Pécs, Hunyadi János utca 1.',NULL,NULL,'http://www.hotelarkadiapecs.hu/'),(47,NULL,'Hotel Palatinus City Center ***','7621 Pécs, Király u. 5.',NULL,NULL,'https://www.danubiushotels.com/hu/szallodak-pecs/hotel-palatinus'),(48,NULL,'Barbakán Hotel és Étterem','7624 Pécs, Bartók Béla u. 10.',NULL,NULL,'www.barbakanhotel.hu'),(49,NULL,'Hotel Villa Pax','8220 Balatonalmádi, Bajcsy-Zs. u. 8-10.',NULL,NULL,'http://www.hotelvillapax.hu/hu/'),(50,NULL,'Danubius Hotel Flamenco****','1113 Budapest, Tas vezér u. 3-7.',47.477891,19.039494,'http://www.danubiushotels.com/en/our-hotels-budapest/danubius-hotel-flamenco'),(51,NULL,'Novotel Budapest Centrum****','43-45 Rákóczi út, H- 1088 Budapest',47.497351,19.072100,'http://www.novotel.com/gb/hotel-3560-novotel-budapest-centrum/index.shtml'),(52,NULL,'Hotel Lycium','4026 Debrecen, Hunyadi János u. 1.',NULL,NULL,'http://www.hotellycium.hu'),(53,NULL,'Centrum Hotel','4026 Debrecen, Kálvin tér 4.',NULL,NULL,'http://www.centrumhotel.hu'),(54,NULL,'Hotel Nagyerdő','4032 Debrecen, Pallagi út 5.',NULL,NULL,'http://www.hotelnagyerdo.hu'),(55,NULL,'Aquaticum Debrecen Termál & Wellness Hotel','4032 Debrecen, Nagyerdei park 1.',NULL,NULL,'http://www.aquaticum.hu'),(56,NULL,'Malom Hotel Debrecen','4027 Debrecen, Böszörményi út 1.',NULL,NULL,'http://malomhoteldebrecen.hu/'),(57,NULL,'Thermal Hotel Visegrád','2025 Visegrád, Lepence völgy 2.',NULL,NULL,'https://thv.hu/hu'),(58,NULL,'Park Inn By Radisson','8749 Zalakaros, Üdülő sor 1.',NULL,NULL,'https://www.parkinn.com/hotel-zalakaros/?facilitatorId=CSOSEO&csref=org_gmb_pd_en_sn_ho_SOBPD'),(59,NULL,'Kölcsey Központ Debrecen','4026 Debrecen, Bethlen u.',NULL,NULL,'http://kolcseykozpont.hu/'),(60,NULL,'Egyéni szállásfoglalás','.',NULL,NULL,'.'),(61,NULL,'Sástó Hotel','3232 Mátrafüred-Sástó, Farkas u. 4.',NULL,NULL,'https://matrakemping.hu/hu/'),(62,NULL,'Hunguest Hotel Palota','Miskolc, Erzsébet stny. 1, 3517 Hunguest Hotel Palota',48.104668,20.623217,'https://www.hunguesthotels.hu/hu/hotel/lillafured/hunguest_hotel_palota/'),(63,NULL,'Hotel Tókert','3517 Miskolc, Erzsébet sétány 3. Hotel Tókert',48.104614,20.622301,'https://www.hoteltokert.hu/index.php/hu/'),(64,NULL,'Hotel Szeleta','3517 Miskolc, Szeleta u. 12-14.',NULL,NULL,'http://www.hotelszeleta.hu/'),(65,NULL,'Zöldfa Panzió','Miskolc-Felsőhámor, Palota utca 40.',NULL,NULL,'http://www.lillafured-szallas.hu/'),(66,NULL,'Hotel Füred','8230 Balatonfüred, Széchenyi István u. 20.',NULL,NULL,'https://www.hotelfured.hu/'),(67,NULL,'Divinus Hotel','4032 Debrecen, Nagyerdei krt. 1.',NULL,NULL,'https://www.hoteldivinus.hu/'),(68,NULL,'Villa Millennium','8220 Balatonalmádi, Mikszáth utca 5.',47.032415,18.011367,'http://villamillennium.hu/hu'),(69,NULL,'Hotel Délibáb','Hajdúszoboszló, József Attila u. 5-7, 4200',47.450440,21.397529,'http://www.hoteldelibab.hu/'),(70,NULL,'Hotel Bungallo','4200 Hajdúszoboszló, Mátyás király sétány. 16.',47.453798,21.405305,'http://www.hotelbungallo.com/'),(71,NULL,'ibis Styles Budapest Center','58 Rákóczi út, H- 1074 Budapest',47.497942,19.072603,'www.accorhotels.com'),(72,NULL,'Hotel Azúr****','8600 Siófok, Erkel Ferenc u. 2/c',46.906920,18.043031,'https://www.hotelazur.hu'),(73,NULL,'Hotel Azúr**** Superior','8600 Siófok, Erkel Ferenc u. 2/c',46.906920,18.043031,'https://www.hotelazur.hu'),(74,NULL,'Hotel Azúr**** Lakosztály','8600 Siófok, Erkel Ferenc u. 2/c',46.906920,18.043031,'https://www.hotelazur.hu'),(75,NULL,'Villa Azúr apartman','8600 Siófok, Erkel Ferenc u. 2/c',46.906920,18.043031,'https://www.hotelazur.hu'),(76,NULL,'Hotel Azúr**** Prémium','8600 Siófok, Erkel Ferenc u. 2/c',46.906920,18.043031,'https://www.hotelazur.hu'),(77,NULL,'Hotel Azúr**** Prémium junior suite','8600 Siófok, Erkel Ferenc u. 2/c',46.906920,18.043031,'https://www.hotelazur.hu'),(78,NULL,'Hotel Azúr pótágy','8600 Siófok, Erkel Ferenc u. 2/c',46.906920,18.043031,'https://www.hotelazur.hu'),(79,NULL,'Hotel Yacht Wellness & Business Classic****','8600 Siófok, Vitorlás u. 12-14.',46.909733,18.041994,'https://hotel-yacht.hu/'),(80,NULL,'Hotel Yacht Wellness & Business Superior****','8600 Siófok, Vitorlás u. 12-14.',46.909733,18.041994,'https://hotel-yacht.hu/'),(81,NULL,'Residence Balaton & Wellness Hotel****','8600 Siófok, Erkel Ferenc u. 49.',46.903698,18.034727,'https://www.rhb.hu/'),(82,NULL,'Balaton Hotel Siófok***','8600 Siófok, Petőfi stny. 9.',46.912343,18.057447,'http://www.balatonhotelsiofok.hu/'),(83,NULL,'CE Napfény Hotel***','8600 Siófok, Mártírok útja 8.',46.908638,18.047357,'http://www.cenapfenyhotel.hu/Aktualitasok'),(84,NULL,'Prémium Hotel Panoráma****','8600 Siófok, Beszédes József stny. 80',46.916273,18.068892,'http://www.premiumhotelpanorama.hu/hu'),(85,NULL,'Department of Pediatric Clinic-Institute at the University of Debrecen','H-4032 Debrecen, Nagyerdei körút 98.',47.556954,21.629356,'https://klinikaikozpont.unideb.hu/hu/elerhetoseg-gyermekgyogyaszati-klinika'),(86,NULL,'Villa Hotel**** és Krúdy Étterem','4032 Debrecen, Medgyessy sétány 4.',47.551194,21.629051,'www.villahotel.hu'),(87,NULL,'Saliris Resort Spa & Konferencia Hotel','Egerszalók, Forrás út 4, 3394',47.854869,20.330652,'https://salirisresort.hu/'),(88,NULL,'Thermal Park Egerszalók****','3394 Egerszalók, Thermal kemping sor 2.',47.852500,20.328108,'https://egerszalok.eu/'),(89,NULL,'Bástya Hotel Conference & Wellness','3519 Miskolc, Miskolctapolcai út 1.',48.062764,20.747242,'https://bastyawellnesshotel.hu/'),(90,NULL,'Auróra Hotel Miskolc','3519 Miskolctapolca, Fagyöngy utca 2-4.',48.064813,20.752914,'https://hotelaurora.hu/'),(91,NULL,'Fortuna Hotel','H - 3519 Miskolctapolca, Csabai u. 2.',48.063351,20.752893,'https://www.fortuna-hotel.hu/'),(92,NULL,'Velence Resort & Spa','2481 Velence Béke utca',47.222137,18.653808,'https://velencespa.com/');

--
-- Table structure for table `Author`
--

CREATE TABLE `Author` (
  `id` int(11) NOT NULL AUTO_INCREMENT,
  `presentation_id` int(11) DEFAULT NULL,
  `name` varchar(255) COLLATE utf8_unicode_ci NOT NULL,
  `firstname` varchar(255) COLLATE utf8_unicode_ci DEFAULT NULL,
  `lastname` varchar(255) COLLATE utf8_unicode_ci DEFAULT NULL,
  `title` varchar(20) COLLATE utf8_unicode_ci DEFAULT NULL,
  `institution` varchar(255) COLLATE utf8_unicode_ci DEFAULT NULL,
  PRIMARY KEY (`id`),
  KEY `IDX_BA03DDFEAB627E8B` (`presentation_id`),
  CONSTRAINT `FK_BA03DDFEAB627E8B` FOREIGN KEY (`presentation_id`) REFERENCES `Presentation` (`id`)
) ENGINE=InnoDB AUTO_INCREMENT=24 DEFAULT CHARSET=utf8 COLLATE=utf8_unicode_ci;

--
-- Dumping data for table `Author`
--

INSERT INTO `Author` VALUES (1,1,'Gácser Attila',NULL,NULL,NULL,NULL),(2,2,'Kintses Bálint',NULL,NULL,NULL,NULL),(3,3,'Kovács György',NULL,NULL,NULL,NULL),(4,4,'Farkas Klaudia',NULL,NULL,NULL,NULL),(5,5,'Szamosi Tamás',NULL,NULL,NULL,NULL),(6,6,'Szabó Dóra',NULL,NULL,NULL,NULL),(7,8,'Demeter Pál',NULL,NULL,NULL,NULL),(8,9,'Hudák János',NULL,NULL,NULL,NULL),(9,10,'Horváth Gyula',NULL,NULL,NULL,NULL),(10,11,'Völgyi Zoltán',NULL,NULL,NULL,NULL),(11,12,'Vincze Áron',NULL,NULL,NULL,NULL),(12,13,'Veres Gábor',NULL,NULL,NULL,NULL),(13,15,'Farkas Klaudia',NULL,NULL,NULL,NULL),(14,16,'Szamosi Tamás',NULL,NULL,NULL,NULL),(15,17,'Sarlós Patrícia',NULL,NULL,NULL,NULL),(16,18,'Palatka Károly',NULL,NULL,NULL,NULL),(17,19,'Péterfi Zoltán',NULL,NULL,NULL,NULL),(18,20,'Lázár István',NULL,NULL,NULL,NULL),(19,21,'Mihály Emese',NULL,NULL,NULL,NULL),(20,22,'Kristóf Tünde',NULL,NULL,NULL,NULL),(21,23,'Dubravcsik Zsolt',NULL,NULL,NULL,NULL),(22,25,'Szepes Zoltán',NULL,NULL,NULL,NULL),(23,26,'Lakatos Péter László',NULL,NULL,NULL,NULL);

--
-- Table structure for table `BreakfastType`
--

CREATE TABLE `BreakfastType` (
  `id` int(11) NOT NULL AUTO_INCREMENT,
  `name` varchar(100) COLLATE utf8_unicode_ci NOT NULL,
  PRIMARY KEY (`id`)
) ENGINE=InnoDB DEFAULT CHARSET=utf8 COLLATE=utf8_unicode_ci;

--
-- Dumping data for table `BreakfastType`
--


--
-- Table structure for table `Customer`
--

CREATE TABLE `Customer` (
  `id` int(11) NOT NULL AUTO_INCREMENT,
  `user_id` int(11) DEFAULT NULL,
  `name` varchar(100) COLLATE utf8_unicode_ci NOT NULL,
  `tax` varchar(20) COLLATE utf8_unicode_ci NOT NULL,
  `postal` varchar(10) COLLATE utf8_unicode_ci NOT NULL,
  `address` varchar(255) COLLATE utf8_unicode_ci NOT NULL,
  `city` varchar(100) COLLATE utf8_unicode_ci NOT NULL,
  `email` varchar(100) COLLATE utf8_unicode_ci NOT NULL,
  `ext_id` int(11) DEFAULT NULL,
  PRIMARY KEY (`id`),
  UNIQUE KEY `external_idx` (`ext_id`),
  KEY `IDX_784FEC5FA76ED395` (`user_id`),
  CONSTRAINT `FK_784FEC5FA76ED395` FOREIGN KEY (`user_id`) REFERENCES `SiteUser` (`id`)
) ENGINE=InnoDB AUTO_INCREMENT=2324 DEFAULT CHARSET=utf8 COLLATE=utf8_unicode_ci;

--
-- Dumping data for table `Customer`
--

INSERT INTO `Customer` VALUES (1,NULL,'Aarhus Univ. Hosp. Dept. of Ped.','','8200','Palle Juul-Jensens Boulevard 9','Aarhus, Denmark','',1483),(2,NULL,'GYER-SEB Bt.','','8000','Huba u. 11.','Székesfehérvár','',1364),(3,NULL,'Régió-10 Kft.','13716169-2-06','6720','Dugonics tér 12.','Szeged','',1079),(4,NULL,'1. sz. Házi Gyermekorvosi Szolgálat','','8800','Garay u. 14.','Nagykanizsa','',1541),(5,NULL,'3ZR Egyszemélyes Kft.','22977472-1-17','7133','Arany J. u. 7.','Fadd','',883),(6,NULL,'A Magyar Kh-i Gyógyszerészetért Alapít','','1061','Király u. 12.','Budapest VI. kerület','',1663),(7,NULL,'A Bajai Sebészetért Alapítvány','','6500','Rókus u. 10.','Baja','',692),(8,NULL,'A Gyermekekért a 21.századért Alapítvány','','2800','Dózsa György u. 77.','Tatabánya','',804),(9,NULL,'A Nk-i Korsz. Urol. Oszt-ért Alapítvány','18951657-1-20','8800','Szekeres J. u. 2-8.','Nagykanizsa','',1568),(10,NULL,'A Nk-i Korsz. Urol. Oszt-ért Alapítvány','18951657-1-20','8800','Szekeres J. utca 2-8.','Nagykanizsa','',1592),(11,NULL,'A Pécsi Szervátültetés Fejl. Alapítvány','','7624','Ifjúság út 13.','Pécs','',689),(12,NULL,'A Péterfy Kh. J. Betegell-ért Alapítvány','','1076','Péterfy Sándor u. 8-20.','Budapest VII. ker.','',1384),(13,NULL,'Abacus Hospitality Services Kft.','13667003-2-13','2053','Gesztenyés út 3.','Herceghalom','',264),(14,NULL,'Abacus Hotel Zrt.','13785161-2-13','2053','Gesztenyés út 3.','Herceghalom','',534),(15,NULL,'AbbVie Kft.','','1095','Lechner Ödön fasor 7.','Budapest IX. kerület','',701),(16,NULL,'Abdomed Kft.','14806603-2-43','1201','Ábrahám Géza u. 33/a.','Budapest XX. kerület','',387),(17,NULL,'Abdul-Hamid Kft.','','3100','Pécskõ út 12/c.','Salgótarján','',1271),(18,NULL,'ABPM-ART Kft.','10954931-2-43','1196','Hunyadi u. 153.','Budapest XIX. ker.','',1610),(19,NULL,'Accor Services Magyarország Kft.','','1075','Kéthly Anna tér 1.','Budapest VII. ker.','',246),(20,NULL,'Accor-Pannonia H. Zrt. Novotel Szfvár','10684621-2-44','8000','Ady Endre út 19-21.','Székesfehérvár','',247),(21,NULL,'Accor-Pannonia H.ZRt. Novotel Szeged','10684621-2-44','6721','Maros u. 1.','Szeged','',1588),(22,NULL,'Accor-Pannonia H.Zrt.Novotel Bp City','10684621-2-44','1123','Alkotás u. 63-67.','Budapest XII. ker.','',265),(23,NULL,'Accor-Pannónia Hotels Zrt. H. M. Bp.Buda','','1013','Krisztina krt. 41-43.','Budapest I. kerület','',1106),(24,NULL,'Accor-Pannonia Hotels Zrt. H. M. Korona','10684621-2-44','1053','Kecskeméti u. 14.','Budapest V. kerület','',63),(25,NULL,'Accor-Pannonia Hotels Zrt. Ibis Bp Váci','10684621-2-44','1134','Dózsa György út 65.','Budapest XIII. ker.','',55),(26,NULL,'Accor-Pannonia Hotels Zrt. M. Bp. City C','10684621-2-44','1052','Váci u. 20.','Budapest V. kerület','',229),(27,NULL,'Achalasia Eü. Kft.','','7624','Rodostó u. 10.','Pécs','',542),(28,NULL,'ACHAT Hotel Magyarország Kft.','','1101','Hungária krt. 5.','Budapest X. kerület','',325),(29,NULL,'Actavis Hungary Kft.','13561402-2-43','1097','Könyves Kálmán krt. 11/c.','Budapest IX. kerület','',796),(30,NULL,'Actavis Hungary Kft.','13561402-2-09','4032','Bartha B. u. 7.','Debrecen','',25),(31,NULL,'Acusticus 2003 Kft.','','4225','Hegy u. 4.','Debrecen','',538),(32,NULL,'Ádám Tamásné','','1173','Borsó u. 58.','Budapest XVII. ker.','',1356),(33,NULL,'AESCULAP: A Gyógyszertud. és Okt. Alapít','','1085','Üllõi út 26.','Budapest VIII. ker.','',1351),(34,NULL,'Agora Events','B-64674187','08001','Pelai, 10 1o 2a B.','Barcelona, Spain','',1533),(35,NULL,'AIESEC MKE','19001834-1-43','1093','Fõvám tér 8.','Budapest IX. kerület','',56),(36,NULL,'Airport H. Bp. Szállodaüzemeltetõ Kft.','22644093-4-42','2220','Lõrinczi u. 130/a.','Vecsés','',1535),(37,NULL,'Akacia Pharma Kft.','13919379-2-42','1165','Hunyadvár u. 43/a.','Budapest XVI. ker.','',90),(38,NULL,'Alapítvány a Közp. Honvédkh. Jövõjéért','18094921-1-41','1134','Róbert Károly krt. 44.','Budapest XIII. ker.','',1066),(39,NULL,'Alba Korzó Kft.','11109529-2-07','8000','Lakatos u. 2.','Székesfehérvár','',241),(40,NULL,'Albert Schweitzer Kórház Alapítvány','','3000','Balassi Bálint u.16.','Hatvan','',1011),(41,NULL,'Albert Schweitzer Kórház Alapítvány','19135351-1-10','3000','Balassi Bálint u. 16.','Hatvan','',1238),(42,NULL,'Alcufer Kft.','10356962-2-08','9023','Mészáros u. 13.','Gyõr','',1452),(43,NULL,'Alexion PHARMA Czech s.r.o.','','110 00','Klimentská 1216/46, Nové Mesto','Praha 1, CZ','',1654),(44,NULL,'Alfa Wassermann Hungary Kft.','13417592-2-41','1133','Váci út 76.','Budapest XIII. ker.','',275),(45,NULL,'Alfa-Med Dr. Wagner Háziorvosi Bt.','28372466-1-43','1221','Kapisztrán u. 14.','Budapest XXII. ker.','',626),(46,NULL,'Alfaderm Kft.','','5000','Nefelejcs utca 12.','Szolnok','',1433),(47,NULL,'Alimed 2005 Bt.','','9900','Munkácsy M. u. 4.','Körmend','',456),(48,NULL,'Alina Grama','','','11/14, Lunii street','Cluj-Napoca, Romania','',1506),(49,NULL,'Alkalmazott Management Kft.','14983740-2-13','2724','Határ út 12.','Újlengyel','',276),(50,NULL,'All Natura Kft.','','7622','Nyírfa u. 2.','Pécs','',792),(51,NULL,'Állami Egészségügyi Ellátó Központ','','1025','Diós árok 3.','Budapest II. kerület','',1383),(52,NULL,'Allegro Kft.','10361863-2-41','1045','Berlini u. 47-49.','Budapest IV. kerület','',107),(53,NULL,'Allegro Kft.','10361863-2-41','1135','Szent László u. 97/a.','Budapest XIII. ker.','',93),(54,NULL,'Almafa Gyógyító Kft.','','2700','Bezerédi u. 4.','Cegléd','',1188),(55,NULL,'Almo-Med Eü. Bt.','22284369-1-18','9900','Széchenyi út 6. 1/1.','Körmend','',878),(56,NULL,'Alpokalja a Dag. Gyerm-ért Alapítvány','','9700','Vörösvár u. 13.','Szombathely','',1567),(57,NULL,'Alvásterápia Kft.','22909598-2-41','1012','Márvány u. 17.','Budapest I. kerület','',1104),(58,NULL,'Amal-Med Kft.','','9900','Széchenyi u. 6. I/1.','Körmend','',600),(59,NULL,'Ambulance Medical Kft.','','2626','Kittenberger K. u. 55.','Nagymaros','',1274),(60,NULL,'Amedis Kft.','10880607-2-43','1112','Budaörsi út 41.','Budapest XI. kerület','',137),(61,NULL,'Amgen Kft.','13164603-2-41','1054','Szabadság tér 7.','Budapest V. kerület','',12),(62,NULL,'Amy Medical Kft.','23786060-2-13','2161','Táncsics M. u. 3.','Csomád','',616),(63,NULL,'An-Albergo Kft.','14893883-2-41','1053','Kossuth L. u. 7-9.','Budapest V. kerület','',1109),(64,NULL,'Anamed Kft.','10737956-2-42','1144','Kõszeg u. 29.','Budapest XIV. ker.','',14),(65,NULL,'Andrey Parfenov','','143969','Oktyabrya 28-162','Reutov, Russia','',1497),(66,NULL,'Andromed Medical Kft.','11905851-2-03','6000','Dobó krt. 8.','Kecskemét','',331),(67,NULL,'Aneszt. és Int. T. Fejleszt. Alapítvány','','1126','Szendrõ u. 45.','Budapest XII. ker.','',690),(68,NULL,'Angelini Pharma Mo. Kft.','13513980-2-43','1118','Dayka G. u. 3. II/214-215.','Budapest XI. kerület','',1327),(69,NULL,'Angi Med 2012 Kft.','','8200','Sorompó u. 4. fsz. 4.','Veszprém','',602),(70,NULL,'Angyalosi Autóház Kft.','','8800','Teleki u. 21.','Nagykanizsa','',1589),(71,NULL,'Aniba-Net Kft.','14756797-2-42','1154','Szerencs u. 172.','Budapest XV. kerület','',1320),(72,NULL,'Anita Hungária Kft.','10383337-2-43','1123','Kékgolyó u. 22.','Budapest XII. ker.','',71),(73,NULL,'Anna Grand Hotel Kft.','12305649-2-19','8230','Gyógy tér 1.','Balatonfüred','',1667),(74,NULL,'Anna Solovyeva','','72076','Henberger-Tov-Weg 11/2','Tuebingen, Germany','',1534),(75,NULL,'AOP Orphan P. A. Mo-i Közv. Ker. Képv.','20762320-1-43','1118','Dayka G. u. 3. 104/a.','Budapest XI. kerület','',1342),(76,NULL,'Apartman Kft.','10350351-2-43','1118','Dayka G. u. 3.','Budapest XI. kerület','',1391),(77,NULL,'APDS Kft.','','2220','Éva u. 32.','Vecsés','',526),(78,NULL,'Ápolásért Alapítvány','','7624','Rákóczi út 2.','Pécs','',1668),(79,NULL,'Ápolásért Alapítvány','','7623','Rákóczi út 2.','Pécs','',509),(80,NULL,'Apolló Kft.','12780280-2-03','6000','Tatay A. u. 1/b.','Kecskemét','',548),(81,NULL,'Apple-Med Kft.','','1116','Alabástrom u. 35.','Budapest XI. kerület','',357),(82,NULL,'Aprónép Alapítvány','','1023','Bolyai u. 5-7.','Budapest II. kerület','',1176),(83,NULL,'Aramis Pharma Kft.','','1095','Mester u. 28/b. III/5.','Budapest IX. kerület','',271),(84,NULL,'Arbor Vitae 2000 Bt.','21003352-1-43','1221','Kova u. 11/a.','Budapest XXII. ker.','',1040),(85,NULL,'Archi-Med Studio Bt.','','1026','Pasaréti út 78.','Budapest II. kerület','',658),(86,NULL,'Argeko Med Bt.','','5100','Kátai u. 5.','Jászberény','',1403),(87,NULL,'Árki-Med Kft.','','2083','Kakukkhegy u. 4.','Solymár','',632),(88,NULL,'Árnika 99 Bt.','20558828-1-13','2740','Szolnoki út 24.','Abony','',1136),(89,NULL,'ARS MAGNA Kft.','','1029','Labdarózsa u. 15.','Budapest II. kerület','',926),(90,NULL,'Art Hotel Plusz Kft.','24199544-2-06','6720','Somogyi u. 16.','Szeged','',1132),(91,NULL,'Arth Mónika','','6300','Veres Péter u. 64.','Kalocsa','',505),(92,NULL,'Artmed Kft.','12223466-2-41','1138','Viza u. 7/c.','Budapest XIII. ker.','',1295),(93,NULL,'Asbis Magyarország Kft.','11758240-2-41','1139','Váci út 81-85.','Budapest XIII. ker.','',2),(94,NULL,'Asiama Evelyn','','1149','Nagy Lajos Király útja 224.','Budapest XIV. ker.','',1346),(95,NULL,'ASIX Distribution Kft.','13282060-2-43','1095','Soroksári út 160.','Budapest IX. kerület','',1076),(96,NULL,'Aspen Europe GmbH Magyarországi Fiókt.','24753317-2-43','1213','Virágos u. 45. C.','Budapest XXI. ker.','',930),(97,NULL,'Astellas Pharma Kft.','13562379-2-43','1124','Csörsz u. 49-51.','Budapest XII. ker.','',41),(98,NULL,'AstraZeneca Kft.','10904864-2-44','1113','Bocskai út 134-146.','Budapest XI. kerület','',20),(99,NULL,'Astromedic Kft.','14464267-2-07','8000','Budai út 49-51.','Székesfehérvár','',1599),(100,NULL,'ATMOS Hör-Ka Kft.','10253742-2-41','1037','Gyógyszergyár u. 19/a.','Budapest III. ker.','',336),(151,NULL,'Aurora Hotels Kft.','23455171-2-19','8220','Bajcsy-Zsilinszky u. 14.','Balatonalmádi','',695),(152,NULL,'Auxilium 2000 Bt.','','3526','Blaskovics u. 14.','Miskolc','',1062),(153,NULL,'Az Emlõrák Gyógyításáért Alapítvány','','1145','Uzsoki u. 29.','Budapest XIV. ker.','',139),(154,NULL,'Azurhome Kft.','24698421-1-19','8220','Sólyom u. 11.','Balatonalmádi','',1579),(155,NULL,'B és M Medicina Bt.','','8000','Ifjúság út 4.','Székesfehérvár','',794),(156,NULL,'B. Braun Medical Kft.','10557675-2-44','1023','Felhévízi u. 5.','Budapest II. kerület','',421),(157,NULL,'B. Braun Trading Kft.','25061978-2-41','1023','Felhévízi u. 5.','Budapest II. kerület','',1297),(158,NULL,'B. N. Bt.','','1162','Ferenc u. 101.','Budapest XVI. ker.','',1367),(159,NULL,'B. P. Gemini Kft.','','2800','Sárberki ltp. 711.','Tatabánya','',1142),(160,NULL,'BABY MED Bt.','','1141','Jeszenák János utca 33.','Budapest XIV. ker.','',1417),(161,NULL,'Bács-Kiskun M-ben a Rák Ellen Alapítv.','','6000','Nyíri út 38.','Kecskemét','',1269),(162,NULL,'Bács-Kiskun Megyei Kórház','','6000','Nyíri út 38.','Kecskemét','',633),(163,NULL,'Bacskainé Beluzsár Adrienn','','3800','Vasút u. 18.','Szikszó','',749),(164,NULL,'Bajai Gyermekosztályért Alapítvány','','6500','Rókus u. 10.','Baja','',1091),(165,NULL,'Bajai Szent Rókus Kórház','','6500','Rókus u. 10.','Baja','',693),(166,NULL,'Bajcsy-Zsilinszky Kórház','','1106','Maglódi út 89-91.','Budapest X. kerület','',442),(167,NULL,'Bakos Panna','','1119','Bártfalvi u. 27.','Budapest XI. kerület','',853),(168,NULL,'Bakosné Kopasz Szilvia','','6781','Kunhalmi u. 18.','Domaszék','',481),(169,NULL,'Balance-99 Zrt. Hotel Magyar Király','10725199-2-07','8000','Fõ u. 10.','Székesfehérvár','',369),(170,NULL,'Balassa János Sebészeti Alapítvány','10195664-4-44','1082','Üllõi út 78.','Budapest VIII. ker.','',422),(171,NULL,'Balatonboglári Dr. Török S. Eü. Közp.','','8630','Viklár Béla utca 4.','Balatonboglár','',1423),(172,NULL,'Balatoni Kft.','11826877-2-02','7625','Kálvária u. 58.','Pécs','',1073),(173,NULL,'Balogh Károly és Társa Bt.','21745627-1-06','6723','Csuka u. 17.','Szeged','',1089),(174,NULL,'Balogh Rozália','','8200','Erzsébet liget 5.','Veszprém','',1562),(175,NULL,'Baloghné Dr. Czuczor Viktória','','4320','Korányi F. u. 23. fszt. 1.','Nagykálló','',790),(176,NULL,'Bán Med Bt.','','2890','Széchenyi u. 33.','Tata','',1143),(177,NULL,'Bánhidy és Társa Kft.','','1136','Pannónia u. 5.','Budapest XIII. ker.','',319),(178,NULL,'Baranyai Vesebeteg Gyermekekért Alapítvá','','7624','Nyár u. 8.','Pécs','',975),(179,NULL,'Baricsa Erika','','6723','Lomnici u. 39/b.','Szeged','',733),(180,NULL,'Barnucz György Tiborné','','4400','Hold út 27.','Nyíregyháza','',755),(181,NULL,'Barseb-Med Kft.','','4400','Kéz u. 58.','Nyíregyháza','',1019),(182,NULL,'Baxter Hungary Kft.','10575334-2-41','1138','Népfürdõ u. 22.','Budapest XIII. ker.','',401),(183,NULL,'Bayer Hungária Kft.','10263002-2-44','1123','Alkotás út 50.','Budapest XII. ker.','',6),(184,NULL,'BAZ M. Kh. Gy. Int. O. bet. gyógy. Al.','','3526','Szentpéteri kapu 72-76.','Miskolc','',1281),(185,NULL,'BAZ Megyei Kórház és Egyetemi Oktató Kh','','3526','Szentpéteri kapu 72-76.','Miskolc','',138),(186,NULL,'Bébi Koraszülött Mentõ Alapítvány','','8200','Kórház u. 1.','Veszprém','',1551),(187,NULL,'Bébi-Med Color Bt.','21331406-1-05','3519','Bagoly u. 4.','Miskolc','',1041),(188,NULL,'Békéscsabai Gyermeko-ért Alapítvány','','5600','Gyulai út 18.','Békéscsaba','',977),(189,NULL,'Belklinikáért Alapítvány','18063758-2-42','1088','Szentkirályi u. 46.','Budapest VIII. ker.','',973),(190,NULL,'Ben-Esz Med Kft.','23924570-1-13','2021','Tamási Á. u. 5202/86 hrsz.','Tahitótfalu','',769),(191,NULL,'Benkóné Szenteczki Magdolna','','6795','Ûrhajós u. 3.','Bordány','',494),(192,NULL,'Bérc Hotel Kft.','14192979-2-41','1132','Váci út 30.','Budapest XIII. ker.','',1108),(193,NULL,'Bérc Hotel Kft.','14192979-2-10','3200','7160 HRSZ.','Gyöngyös','',1375),(194,NULL,'Béres Gyógyszergyár Zrt.','','1037','Mikoviny u. 2-4.','Budapest III. ker.','',72),(195,NULL,'Berkeczné Hérány Márta','','6600','Sima F. u. 44-58.','Szentes','',544),(196,NULL,'Berlin-Chemie/A. Menarini Kft.','13789550-2-13','2040','Neumann János u. 1.','Budaörs','',42),(197,NULL,'Bernát-Martyn Kft.','13874065-2-43','1126','Fodor u. 1.','Budapest XII. ker.','',976),(198,NULL,'Bert Holvast','','9713HB','Gerbrand Bakkerstraat 37','Groningen, NL','',1500),(199,NULL,'BESTARS Füred Kft.','253-99101-2-16','5100','Jásztelki u. 73.','Jászberény','',1652),(250,NULL,'Bethesda Kórház Alapítvány','','1146','Bethesda u. 3.','Budapest XIV. ker.','',167),(251,NULL,'BG Distribution Hungary Kft.','23456581-2-41','1021','Budakeszi út 51.','Budapest II. kerület','',1138),(252,NULL,'BIOGEN Hungary Kft.','14972221-2-43','1113','Bocskai út 134-146.','Budapest XI. kerület','',1394),(253,NULL,'Biomedical Hungary Kft.','12337064-2-43','1119','Petzvál József u. 31-33.','Budapest XI. kerület','',110),(254,NULL,'Biotest Hungaria Kft.','10938164-2-13','2045','Torbágy u. 15/a.','Törökbálint','',165),(255,NULL,'Biotest Hungária Kft.','','2045','Torbágy u. 15/a.','Törökbálint','',423),(256,NULL,'Biotronik Hungaria Kft.','10661644-2-43','1124','Apor Vilmos tér 11-12.','Budapest XII. ker.','',1630),(257,NULL,'Birdland Management Kft.','14856213-2-41','9740','Golf út 4.','Bükfürdõ','',250),(258,NULL,'Bíróné Dr. Pepó Judit','','6800','Liget sor 30.','Hódmezõvásárhely','',1529),(259,NULL,'Biropharma Kft.','11579063-2-03','6413','IV. körzet 6.','Kunfehértó','',69),(260,NULL,'Bishr Kft.','','3141','Zagyva u. 96.','Salgótarján','',432),(261,NULL,'BK M. Szív-és Érbetegekért Kh.Alapítvány','18223608-1-03','6000','Nyíri út 38.','Kecskemét','',1629),(262,NULL,'BK Szállodaüzemeltetõ Kft.','22621322-2-13','2365','Hrsz.:0161','Inárcs','',646),(263,NULL,'BO-GA Kft.','','3200','Hársfa u. 11.','Gyöngyös','',1665),(264,NULL,'Boehringer Ing. RCV GmbH & Co KG Fióktel','22569776-2-43','1095','Lechner Ödön fasor 6.','Budapest IX. kerület','',17),(265,NULL,'Boglárka 2006 Kft.','13816616-1-14','8600','Hungária u. 11/b.','Siófok','',988),(266,NULL,'Boglárka 2006. Kft.','','8600','Hungária u. 11/b.','Siófok','',808),(267,NULL,'Bognár Márta','','2432','Petõfi u. 24/e.','Szabadegyháza','',1591),(268,NULL,'Bókay Gyermekklinikáért Alapítvány','','1083','Bókay János u. 53-54.','Budapest VIII. ker.','',845),(269,NULL,'Borbély Györgyné','','6723','Gyöngyvirág u. 9/a.','Szeged','',746),(270,NULL,'Boston Scientific Ceska Republika s.r.o.','CZ25635972','150 00','Karla Englise 3219/4','Praha 5','',1069),(271,NULL,'Boston Scientific Hellas SA','EL094474807','173 42','336 Vouliagmenis Ave &1 GD St','Athens, Greece','',1634),(272,NULL,'Bozóné Kegyes Réka','','7200','II. u. 62.','Dombóvár','',414),(273,NULL,'Brand Up Pharma Kft.','22656049-2-42','1161','Pálya u. 101/a.','Budapest XVI. ker.','',700),(274,NULL,'Brill Audio Visual Kft.','11916703-2-42','1141','Komócsy u. 9.','Budapest XIV. ker.','',53),(275,NULL,'Bristol-Myers Squibb Kft.','','1024','Lövõház u. 39.','Budapest II. kerület','',431),(276,NULL,'Brownhouse Management Kft.','14227064-2-42','1146','Cházár András u. 4.','Budapest XIV. ker.','',391),(277,NULL,'Budapesti Endomedix Központ','','1073','Akácfa u. 54.','Budapest VII. ker.','',583),(278,NULL,'Buktáné Kormos Erika','','4553','Ág ltp. 8.','Apagy','',962),(279,NULL,'Buszterminál Travel Kft.','23397488-2-43','1188','Ady E. u. 181/b.','Budapest XVIII. ker.','',1393),(280,NULL,'C&T Hungary Kft.','','1137','Radnóti M. u. 2. fsz. 9.','Budapest XIII. ker.','',903),(281,NULL,'Cal+Med Hungary Kft.','12046384-2-43','1182','Tömb u. 29.','Budapest XVIII. ker.','',106),(282,NULL,'Canberra-Packard Kft.','10925832-2-43','1118','Pannonhalmi út 35/a.','Budapest XI. kerület','',118),(283,NULL,'Cardiosolutions Kft.','25331484-2-42','1085','József krt. 69.','Budapest VIII. ker.','',1632),(284,NULL,'Cato MP Kft.','','7400','Béla király u. 9.','Kaposvár','',262),(285,NULL,'Cave Felites Háziorvosi Kkt.','','2040','Nefelejcs u.1-3. 8/a','Budaörs','',599),(286,NULL,'CEDA Kft.','','1145','Róna u. 138.','Budapest XIV. ker.','',425),(287,NULL,'CEDA Produkciós Iroda Kft.','22693255-2-42','1151','Felsõkert u. 9.','Budapest XV. kerület','',418),(288,NULL,'Cephalon Sp.z.o.o. Mo-i Fióktelepe','22574433-2-41','1033','Polgár u. 8-10.','Budapest III. ker.','',8),(289,NULL,'CERTUS MD Bt.','','1112','Zólyomi út 36.','Budapest XI. kerület','',826),(290,NULL,'Cervix Klinika Bt.','','5000','Dobó I. u. 40/a.','Szolnok','',430),(291,NULL,'CEUMED Kft.','14284986-2-41','1138','Margitsziget Grand Hotel IV/6.','Budapest XIII. ker.','',834),(292,NULL,'CEVA-Phylaxia Zrt.','','1107','Szállás u. 5.','Budapest X. kerület','',61),(293,NULL,'CF-Net Kft.','12226311-2-41','1052','Aranykéz u. 6.','Budapest V. kerület','',30),(294,NULL,'Chiesi Hungary Kft.','12320594-2-41','1138','Dunavirág u. 2. 4. em.','Budapest XIII. ker.','',1374),(295,NULL,'CHU Necker','','75015','149 rue de Sevres','Paris, France','',1507),(296,NULL,'Cili Bt.','','2051','Lomb u. 7.','Biatorbágy','',1273),(297,NULL,'Club Tihany Zrt.','10187186-2-19','8237','Rév u. 3.','Tihany','',713),(298,NULL,'Cödimed Kft.','13663690-2-16','5000','Hant u. 34.','Szolnok','',1080),(299,NULL,'Codona Bt.','','6500','Türr István u. 7.','Baja','',317),(300,NULL,'Coloplast A/S Magyarországi Képviselete','30010394-1-13','2049','Álmos fejedelem u. 27.','Diósd','',685),(301,NULL,'COMESA Budapest Kft.','10365984-2-41','1037','Folyondár u. 1.','Budapest III. ker.','',108),(302,NULL,'Concinnator Kft.','','1116','Kondorosi út 10/B/A','Budapest XI. kerület','',850),(303,NULL,'Connections 2000 Kft.','','1016','Hegyalja út 18.','Budapest I. kerület','',73),(304,NULL,'Consarting Tanácsadó Bt.','','1094','Páva u. 13.','Budapest IX. kerület','',201),(305,NULL,'Constans-Med Kft.','','1016','Hegyalja út 12. 1/6.','Budapest I. kerület','',604),(306,NULL,'Contour Media Kft.','24864156-2-43','1182','Háromszéki u. 6/c.','Budapest XVIII. ker.','',1337),(307,NULL,'Cook Medical Hungary Kft.','14480780-2-42','1077','Wesselény u. 16.','Budapest VII. ker.','',594),(308,NULL,'Corso Hotel Pécs Kft.','14219177-2-02','7626','Koller u. 8.','Pécs','',765),(309,NULL,'Covidien ECE s.r.o. Mo-i Fióktelepe','HU22253914','1095','Máriássy u. 7.','Budapest IX. kerület','',613),(310,NULL,'CPP Budapest Kft.','','1145','Amerikai út 33.','Budapest XIV. ker.','',1428),(311,NULL,'Cryo-Save Hungary Kft.','24787875-2-42','1148','Bátorkeszi u. 2/a.','Budapest XIV. ker.','',1077),(312,NULL,'Cura-Med Bt.','','3529','Aulich u. 20.','Miskolc','',570),(313,NULL,'CWT Utazási Iroda Magyarorsz. Fióktelepe','','1051','Sas u. 10-12.','Budapest V. kerület','',437),(314,NULL,'Czene-Szilágyi Gabriella','','6900','Apaffy u. 11/b.','Makó','',476),(315,NULL,'Csaba-H Bt.','','1118','Budaörsi út 29.','Budapest XI. kerület','',1101),(316,NULL,'Csapó és Dr. Kõrösi Eü. Bt.','','2131','Rezeda u. 21.','Göd','',1060),(317,NULL,'Császárné Dr. Sándor Laura','','5000','Konstantin u. 28. Fsz./3.','Szolnok','',1130),(318,NULL,'Csécs-Medic Kft.','','7400','Bláthy O. u. 50.','Kaposvár','',634),(319,NULL,'Csendes Adrienn','','6400','Kurucz V. tere 25.','Kiskunhalas','',737),(320,NULL,'Csikai Klaudia Lilla','','1023','Frankel Leó út I/6.','Budapest II. kerület','',1044),(321,NULL,'Csikós Medicina Kft.','13009559-2-43','1093','Vámház krt. 11.','Budapest IX. kerület','',216),(322,NULL,'Csizmadia Katalin','','2173','Bem u. 14.','Kartal','',393),(323,NULL,'CSL Behring Kft.','23697795-2-43','1123','Alkotás u. 53.','Budapest XII. ker.','',1307),(324,NULL,'Csodár Bt.','','1121','Árnyas út 38-40/B.','Budapest XII. ker.','',395),(325,NULL,'Csolnoky Ferenc Kórház','','8200','Kórház u. 1.','Veszprém','',1160),(326,NULL,'Csorba Szilvia','','2220','Telepi út 14.','Vecsés','',1241),(327,NULL,'Csörszi Med Eü. Szolg. Bt.','20918129-2-42','1156','Páskomliget u. 75.','Budapest XV. kerület','',1013),(328,NULL,'D.A. Medicina Kft.','','7623','Petõfi S. u. 63.','Pécs','',211),(329,NULL,'Dabur Oncology Kft.','12635898-2-41','1132','Victor Hugo u. 45.','Budapest XIII. ker.','',94),(330,NULL,'Daganatsebészeti Alapítvány','','1076','Péterfy Sándor u. 8-20.','Budapest VII. ker.','',1264),(331,NULL,'Dakó Eszter','','2030','István utca 6/2.','Érd','',1348),(332,NULL,'Dakó Sarolta','','2030','István utca 6/2.','Érd','',1349),(333,NULL,'Dán Doktor Eü. Bt.','','1044','Fóti út 9/E.','Budapest IV. kerület','',877),(334,NULL,'Daniele Serranti','','50129','Via di Camporeggi 1','Firenze, Italy','',1495),(335,NULL,'Danube-Univ. Krems Dept. Migr.and Global','','A-3500','Dr.-Karl-Dorrek-Str. 30','Krems','',770),(336,NULL,'Danubius Zrt. Budapest Hilton','10219522-2-44','1014','Hess András tér 1-3.','Budapest I. kerület','',89),(337,NULL,'Danubius Zrt. Danubius Hotel Flamenco','10219522-2-44','1113','Tas Vezér u. 7.','Budapest XI. kerület','',31),(338,NULL,'Danubius Zrt. Hilton Budapest','10219522-2-44','1014','Hess András tér 1-3.','Budapest I. kerület','',1651),(339,NULL,'Danubius Zrt. Pécsi Szállodák','10219522-2-44','7621','Király u. 5. / Rákóczi út 3.','Pécs','',150),(340,NULL,'Danubius Zrt. Radisson Blu Béke Hotel','10219522-2-44','1067','Teréz krt. 43.','Budapest VI. kerület','',939),(341,NULL,'DCN Rental Kft.','13196781-2-14','8660','Kisfaludy u. 1/7.','Tab','',535),(342,NULL,'DE ÁOK Onkológiai Intézet','','4032','Nagyerdei krt. 98.','Debrecen','',1196),(343,NULL,'DE KK Sebészeti Klinika','','4032','Móricz Zsigmond krt. 22.','Debrecen','',1268),(344,NULL,'DE-MÉK','15329750-2-09','4032','Böszörményi út 138.','Debrecen','',1114),(345,NULL,'Debreceni Egyetem','','4032','Egyetem tér 1.','Debrecen','',836),(346,NULL,'Debreceni Egyetem AGTC','','4032','Böszörményi út 138.','Debrecen','',797),(347,NULL,'Debreceni Egyetem BMBI','','4032','Egyetem tér 1.','Debrecen','',1086),(348,NULL,'Debreceni Klinika Menza Kft.','23155015-2-42','1165','Hunyadvár u. 43. A ép. fsz. 1.','Budapest XVI. ker.','',722),(349,NULL,'Debreceni Onk. Betegekért Alapítvány','','4032','Nagyerdei krt. 98.','Debrecen','',936),(350,NULL,'Debreceni Sugárkezeltekért Alapítvány','','4032','Nagyerdei krt. 98.','Debrecen','',718),(351,NULL,'Décsei Anikó Mónika','','4200','Oláh G. u. 4.','Hajdúszoboszló','',1446),(352,NULL,'Decsi Gabriella','','7431','Dózsa Gy. u. 12.','Juta','',492),(353,NULL,'Dél-Dunántúli Rákbetegek Gy. Alapítvány','','7623','Rét u. 2.','Pécs','',716),(354,NULL,'Deli Éva','','1104','Mádi u. 165. 7/28.','Budapest X. kerület','',552),(355,NULL,'Demcsák Alexandra','','6726','Vánky József utca 3.','Szeged','',1569),(356,NULL,'Dent-Surg Kft.','','2120','Batthyány u. 13.','Dunakeszi','',663),(357,NULL,'DEOEC Gyermekgyógyászati Intézet','','4032','Nagyerdei krt. 98.','Debrecen','',169),(358,NULL,'DEOEC II. Belgyógyászati Klinika','','4032','Nagyerdei krt. 98.','Debrecen','',417),(359,NULL,'DEOEC Kazincbarcikai Kh. Nonprofit Kft.','','3700','Május 1. u. 56.','Kazincbarcika','',299),(360,NULL,'DEOEC Neonatológiai Tanszék','','4012','Nagyerdei krt. 98.','Debrecen','',168),(361,NULL,'DEOEC Onk. Int. Sugárt. Tanszék','','4032','Nagyerdei krt. 98.','Debrecen','',719),(362,NULL,'DEOEC Onkológiai Intézet','','4032','Nagyerdei krt. 98.','Debrecen','',723),(363,NULL,'DEOEC Onkológiai Tanszék','','4032','Nagyerdei krt. 98.','Debrecen','',440),(364,NULL,'DEOEC Sugárterápia Tanszék','','4032','Nagyerdei krt. 98.','Debrecen','',121),(365,NULL,'Dept of Pediatrics. Aarhus Univ. Hosp.','','8200','Palle Juul-Jensens Blvd. 99','Aarhus N, Denmark','',1485),(366,NULL,'Dermatosis Kft.','14914140-2-05','3525','Toldi M. u. 26.','Miskolc','',1054),(367,NULL,'DÉSI Háziorvosi Kft.','14365405-1-43','1114','Eszék u. 13-15.','Budapest XI. kerület','',585),(368,NULL,'Devecseri Bélána','','8000','Orgona u. 5.','Székesfehérvár','',1099),(369,NULL,'Dexsoft Multimédia Bt.','','1117','Nádorliget u. 5/b.','Budapest XI. kerület','',569),(370,NULL,'Diagon Kft.','10831050-2-41','1047','Baross u. 48-52.','Budapest IV. kerület','',782),(371,NULL,'Dictum Kft.','','1182','Királyhágó u. 81. D/26','Budapest XVIII. ker.','',1335),(372,NULL,'Doctor 4 Business Kft.','','1092','Erkel u. 14/a.','Budapest IX. kerület','',1219),(373,NULL,'Doctor Tellhmi Kft.','11283106-2-43','1113','Kászony u. 8.','Budapest XI. kerület','',1413),(374,NULL,'Dokimed Eü. és Szolg. Bt.','','5700','Ajtóssy u. 44.','Gyula','',1126),(375,NULL,'Doktor Dorax Kft.','','1124','Levendula u. 9.','Budapest XII. ker.','',856),(376,NULL,'DOKTORG Bt.','','1092','Erkel F. u. 14/a.','Budapest IX. kerület','',306),(377,NULL,'Dolgos és Társa Bt.','','1112','Nagyszalonta u. 41.','Budapest XI. kerület','',1401),(378,NULL,'Dömötör Travel Kft.','12780974-2-13','2220','Vörösmarty u. 3.','Vecsés','',1371),(379,NULL,'Dori-Med Eü. és Szolg. Bt.','','5700','Ajtóssy A. u. 44.','Gyula','',1603),(380,NULL,'Dorogi Szent Borbála Szakkh és Szakorv.r','','2510','Kossuth L. u. 6.','Dorog','',1664),(381,NULL,'DOTE Gyermeksebészetéért Alapítvány','','4032','Nagyerdei Krt. 98.','Debrecen','',1473),(382,NULL,'Dr.  Varga Anikó','','9023','Vasvári P. u. 2-4.','Gyõr','',183),(383,NULL,'Dr. Ablonczy Mária','','1146','Ajtósi Dürer sor 5. II/1.','Budapest XIV. ker.','',356),(384,NULL,'Dr. Agárdi Szilvia','','6044','Százszorszép u. 3.','Kecskemét','',1240),(385,NULL,'Dr. Ali Ballouk','','8200','Sorokház 1.','Veszprém','',354),(386,NULL,'Dr. Andits Miklós','','9700','Sugár út 17.','Szombathely','',259),(387,NULL,'Dr. Andrási Péter','','4400','Honfoglalás köz 5.','Nyíregyháza','',959),(388,NULL,'Dr. Andriska Géza','','6300','Kossuth L. u. 34.','Kalocsa','',1205),(389,NULL,'Dr. B. Kovács Judit','','1068','Dózsa Gy. út 108. fszt. 6.','Budapest VI. kerület','',996),(390,NULL,'Dr. Bagoly Katalin','','8500','Pály Elek u. 3.','Pápa','',886),(391,NULL,'Dr. Bajnógel-Orosz Ágnes','','2330','Kõrisfa u. 24/a.','Dunaharaszti','',768),(392,NULL,'Dr. Bak Géza Kh. Alapítvány','18117259-1-41','1032','Bécsi út 132.','Budapest III. ker.','',648),(393,NULL,'Dr. Bakó Károly','','4032','Nagyerdei krt. 98.','Debrecen','',951),(394,NULL,'Dr. Balázs Boglárka','','1052','Petõfi Sándor u. 5. 5/27.','Budapest V. kerület','',1606),(395,NULL,'Dr. Balázs Dóra','','1113','Vincellér u. 44. fszt 2.','Budapest XI. kerület','',1456),(396,NULL,'Dr. Balogh Mihály','','8500','Györök Leó u. 9.','Pápa','',517),(397,NULL,'Dr. Bán Nóra','','2700','Rákóczi út 55.','Cegléd','',1172),(398,NULL,'Dr. Bán-Kovács Nóra','','2700','Rákóczi út 55. IV/8.','Cegléd','',1140),(399,NULL,'Dr. Banai Zoltán','','2700','Penc u. 1.','Cegléd','',477),(400,NULL,'Dr. Bancsi Éva','51656812-1-35','4400','Alkony u. 139.','Nyíregyháza','',1016),(401,NULL,'Dr. Barabás és Társa Bt.','20237244-1-17','7200','Babits Mihály u. 25.','Dombóvár','',1093),(402,NULL,'Dr. Barkaszi Barbara','','4400','Szent István u. 55. 3/10.','Nyíregyháza','',1406),(403,NULL,'Dr. Bártfai Györgyné','','6726','Bérkert u. 92/a.','Szeged','',302),(404,NULL,'Dr. Bartók Ádám','','2173','Kun u. 2/b.','Kartal','',659),(405,NULL,'Dr. Baumgartner Edit','','','','','',124),(406,NULL,'Dr. Bazsó Dóra','','9700','Markusovszky u. 5.','Szombathely','',967),(407,NULL,'Dr. Becske Miklós','','1027','Kandó K. u. 6.','Budapest II. kerület','',329),(408,NULL,'Dr. Beke Judit','','2370','Bartók B. u. 61.','Dabas','',1018),(409,NULL,'Dr. Benis Éva','','8000','Tarnóci út 4/b.','Székesfehérvár','',601),(410,NULL,'Dr. Bereczki Csaba','','6726','Szövetség u. 13/b.','Szeged','',258),(411,NULL,'Dr. Béres Edit','','4032','Nagyerdei krt. 98.','Debrecen','',1343),(412,NULL,'Dr. Béres Nóra Judit','','1145','Bácskai u. 9.','Budapest XIV. ker.','',1198),(413,NULL,'Dr. Bereznai Sándor','','4032','Pilinszky u. 4.','Debrecen','',507),(414,NULL,'Dr. Berkó Barbara','','7030','Kodály Z. u. 3.','Paks','',1288),(415,NULL,'Dr. Berta Georgina','','2100','Egyetem tér 4. c/3.','Gödöllõ','',1437),(416,NULL,'Dr. Besznyák István','','1145','Uzsoki u. 29.','Budapest XIV. ker.','',1012),(417,NULL,'Dr. Biró Adrienn','','7400','Kontrássy u. 7-9. II. lph. 1/2','Kaposvár','',1453),(418,NULL,'Dr. Bíró Ágnes','','3600','Újváros tér 8. fszt. 1.','Ózd','',636),(419,NULL,'Dr. Bíró Erik','','2660','Ipolypart u. 17.','Balassagyarmat','',873),(420,NULL,'Dr. Biszku Beáta','','4400','Haladás u. 26.','Nyíregyháza','',1231),(421,NULL,'Dr. Blasinszky-Lemes Klára','','6728','Hídverõ u. 91.','Szeged','',1156),(422,NULL,'Dr. Boda Éva','','6000','Futár u. 49.','Kecskemét','',1209),(423,NULL,'Dr. Boda Orsolya','','9400','Szent György u. 2.','Sopron','',1291),(424,NULL,'Dr. Bódi Piroska','','5700','Kárpát u. 11.','Gyula','',180),(425,NULL,'Dr. Bodó Krisztina','','1125','Galgóczy köz 3.','Budapest XII. ker.','',1161),(426,NULL,'Dr. Bodócs Ildikó','','2760','Zrínyi u. 3/a.','Nagykáta','',918),(427,NULL,'Dr. Bognár Viktória','','1092','Ráday u. 31/b.','Budapest IX. kerület','',156),(428,NULL,'Dr. Bokodi Géza','','1083','Bókay u. 53-54.','Budapest VIII. ker.','',812),(429,NULL,'Dr. Bokor Csaba','','2800','Tulipán köz 8.','Tatabánya','',1565),(430,NULL,'Dr. Bor Mihály','','1145','Uzsoki u. 29-45.','Budapest XIV. ker.','',1621),(431,NULL,'Dr. Bordás Levente','','5700','Semmelweis u. 1.','Gyula','',295),(432,NULL,'Dr. Boros Judit','','4254','Galamb u. 78.','Nyíradony','',1459),(433,NULL,'Dr. Boros Tímea','','1036','Pacsirtamezõ u. 20. 2/4.','Budapest III. ker.','',606),(434,NULL,'Dr. Borsody Bálint','','7100','Kölcsey ltp. 3. 1. em. 2.','Szekszárd','',1304),(435,NULL,'Dr. Bóta Boglárka','','2740','Akácos u. 24/A','Abony','',1458),(436,NULL,'Dr. Budai András','','2151','Tóth Árpád utca 3.','Fót','',1415),(437,NULL,'Dr. Budai László','','3200','Damjanich u. 11/1.','Gyöngyös','',882),(438,NULL,'Dr. Bugyi István Kórház','','6600','Sima F. u. 44-58.','Szentes','',950),(439,NULL,'Dr. Bugyi István Kórházért Alapítvány','18474983-1-06','6600','Sima F. u. 44-58.','Szentes','',346),(440,NULL,'Dr. Buzás György','','1095','Mester u. 45.','Budapest IX. kerület','',463),(441,NULL,'Dr. Chamdin Safwan','','1106','Maglódi út 89-91.','Budapest X. kerület','',291),(442,NULL,'Dr. Czeglédi Ágnes','','6800','Rudnay Gy. u. 43. II/10.','Hódmezõvásárhely','',179),(443,NULL,'Dr. Czeglédi Zsófia','','1133','Vág u. 15. 7/4.','Budapest XIII. ker.','',101),(444,NULL,'Dr. Czepán Mátyás','','6722','Török u. 8.','Szeged','',912),(445,NULL,'Dr. Czeyda-Pommerscheim Ferenc','','1122','Ráth Gy. u. 7-9.','Budapest XII. ker.','',208),(446,NULL,'Dr. Czóbel Miklós','','1138','Párkány utca 24. 3/21.','Budapest XIII. ker.','',1426),(447,NULL,'Dr. Csákányi Zsuzsanna','','1183','Zsolt u. 38.','Budapest XVIII. ker.','',307),(448,NULL,'Dr. Csányi Ágnes','','5900','Kós Károly u. 27/4','Orosháza','',1627),(449,NULL,'Dr. Csapó Ibolya','','1138','Víza u. 3.','Budapest XIII. ker.','',457),(450,NULL,'Dr. Cseh Áron','','1183','Ákos mester u. 15/1.','Budapest XVIII. ker.','',1230),(451,NULL,'Dr. Csekõ Anna','','1083','Bókay u. 53.','Budapest VIII. ker.','',1262),(452,NULL,'Dr. Cserbák Anna','','1102','Harmat u. 12.','Budapest X. kerület','',1233),(453,NULL,'Dr. Csere Barbara','','6352','Dózsa György u. 18.','Fajsz','',1438),(454,NULL,'Dr. Cserháti Péter','','1074','Huszár u. 7-9.','Budapest VII. ker.','',823),(455,NULL,'Dr. Csermely Lajos','','3500','Mitterweg 10.','Krems','',522),(456,NULL,'Dr. Csiki Emese','','4032','Nagyerdei krt. 98.','Debrecen','',1184),(457,NULL,'Dr. Csiszkó Adrienn','','3950','Széchenyi I. út 2/a.','Sárospatak','',868),(458,NULL,'Dr. Csizmadia Tamás','','8500','Hatodik u. 9.','Pápa','',83),(459,NULL,'Dr. Csontos Zoltán','','4024','Batthyány u. 9. 3/4.','Debrecen','',1107),(460,NULL,'Dr. Csoszánszki Noémi','','1125','Diana u. 41. II/2.','Budapest XII. ker.','',857),(461,NULL,'Dr. Csulak Eszter','','7400','Tallián utca 20-32.','Kaposvár','',1443),(462,NULL,'Dr. Csurgay Bt.','22346001-1-43','1211','Táncsics u. 54.','Budapest XXI. ker.','',773),(463,NULL,'Dr. Dálnoky Julianna','','1144','Vezér utca 69/B','Budapest XIV. ker.','',1449),(464,NULL,'Dr. Daróczi Katalin','','1116','Kohó u. 3.','Budapest XI. kerület','',312),(465,NULL,'Dr. Daruka Irén','','4400','Kossuth u. 66. III/8.','Nyíregyháza','',411),(466,NULL,'Dr. Dávid Anna','','2510','Petõfi tér 25.','Dorog','',1524),(467,NULL,'Dr. Deák András','','7624','Székely B. u. 26.','Pécs','',52),(468,NULL,'Dr. Dékány Katalin','','1026','Pasaréti út 86/b.','Budapest II. kerület','',524),(469,NULL,'Dr. Deme Dániel','','3100','Salgó u. 4.','Salgótarján','',237),(470,NULL,'Dr. Derzbach László','','1083','Bókay u. 53-54.','Budapest VIII. ker.','',813),(471,NULL,'Dr. Derzbach László','','1174','Petõfi u. 3.','Budapest XVII. ker.','',852),(472,NULL,'Dr. Diószeghy Péter','','8600','Semmelweis u. 1.','Siófok','',1047),(473,NULL,'Dr. Dohán Orsolya','','1061','Paulay Ede u. 18.','Budapest VI. kerület','',433),(474,NULL,'Dr. Dorogi Bence','','1157','Nyírpalota út 13. V/16.','Budapest XV. kerület','',458),(475,NULL,'Dr. Dósa Magdolna','','7400','Béla király u. 9.','Kaposvár','',260),(476,NULL,'Dr. Drajkó Veronika','','1145','Uzsoki u. 29-41.','Budapest XIV. ker.','',989),(477,NULL,'Dr. Dunkel Kinga','','1094','Balász B. u. 10/b.','Budapest IX. kerület','',209),(478,NULL,'Dr. Engel Bt.','','7626','Lánc u. 12.','Pécs','',1622),(479,NULL,'Dr. Ercsei Katalin','','2120','Barátság u. 5.','Dunakeszi','',1352),(480,NULL,'Dr. Erdélyi Csilla','','1025','Alsózöldmáli út 23/a.','Budapest II. kerület','',343),(481,NULL,'Dr. Éva Zsuzsa','','1165','Centenárium sétány 8. II/2.','Budapest XVI. ker.','',1247),(482,NULL,'Dr. Fábián Anna','','6720','Korányi fasor 8-10.','Szeged','',1214),(483,NULL,'Dr. Farkas Attila','','1112','Pacsirtafû u. 4.','Budapest XI. kerület','',654),(484,NULL,'Dr. Farkas Eszter','','1125','Diós árok u. 1-3.','Budapest XII. ker.','',1050),(485,NULL,'Dr. Farkas Eszter','','6400','Fenyõ u. 20/a.','Kiskunhalas','',187),(486,NULL,'Dr. Fazekas Ilona','','5700','Damjanich u. 16.','Gyula','',1074),(487,NULL,'Dr. Ferreira Gábor','','2463','Gyúrói út 13.','Tordas','',893),(488,NULL,'Dr. Ficz és Társa Bt.','','6300','Rákóczi u. 25.','Kalocsa','',480),(489,NULL,'Dr. Ficsór Mária','','6100','József A. u. 4. I/3.','Kiskunfélegyháza','',310),(490,NULL,'Dr. Fige Anita','','6723','Korányi fasor 14-15.','Szeged','',159),(491,NULL,'Dr. Fister és Társa Kft.','','3200','Rigó u. 12.','Gyöngyös','',1518),(492,NULL,'Dr. Fodor Babett','','3700','Vájár u. 25.','Kazincbarcika','',1177),(493,NULL,'Dr. Fodor László Mátyás','','8000','Erzsébet út 12. II. em. 6.','Székesfehérvár','',1166),(494,NULL,'Dr. Fodor-Papp Zoltán','','8000','Széchenyi u. 98.','Székesfehérvár','',1215),(495,NULL,'Dr. Frank Enikõ','','6726','Fõfasor 81/b.','Szeged','',656),(496,NULL,'Dr. Fricz Péter','','6300','Rákóczi u. 25.','Kalocsa','',1026),(497,NULL,'Dr. Fücsek Mihály','','9022','Árpád u. 77/b.','Gyõr','',294),(498,NULL,'Dr. Füle Erzsébet','','4400','Dohány u. 1.','Nyíregyháza','',311),(499,NULL,'Dr. Fürtös András','','9400','Baracsi u. 2.','Sopron','',664),(500,NULL,'Dr. Fuszek Péter','','1011','Vám u. 1/a.','Budapest I. kerület','',864),(501,NULL,'Dr. Füzes Attila','','1096','Thaly Kálmán ztca 56.','Budapest IX. kerület','',1442),(502,NULL,'Dr. Füzi Zsuzsanna','','9024','Illyés Gy. u. 5.','Gyõr','',220),(503,NULL,'Dr. Gaál-Máder Bt.','','5720','Hajdú u. 11/b.','Sarkad','',1232),(504,NULL,'Dr. Gábor Zoltán','','3530','Vörösmarty út 28. 8/3.','Miskolc','',278),(505,NULL,'Dr. Gadó Judit','','1035','Kerék u. 10.','Budapest III. ker.','',1179),(506,NULL,'Dr. Gajdán László','','8600','Jegenye sor 2.','Siófok','',227),(507,NULL,'Dr. Gál Péter','','6723','Csaba u. 13.','Szeged','',189),(508,NULL,'Dr. Gál Péter','','6725','Közép-kapu u. 5.','Szeged','',1226),(509,NULL,'Dr. Galamb Gábor','','2100','Király u. 39.','Gödöllõ','',1451),(510,NULL,'Dr. Gáll Ped-Intern Bt.','26067568-1-16','5420','Bethlen G. u. 21.','Túrkeve','',484),(511,NULL,'Dr. Ganofszky Erna','','1124','Bürök u. 25.','Budapest XII. ker.','',1556),(512,NULL,'Dr. Garami Tímea','','7400','Baross G. u. 19/a.','Kaposvár','',496),(513,NULL,'Dr. Garay Zsolt László','','1124','Liptó u. 8. 1/1.','Budapest XII. ker.','',293),(514,NULL,'Dr. Gáti István','','8200','Sorokház 1.','Veszprém','',355),(515,NULL,'Dr. Gedeon Anna Eü. Bt.','','1025','Vihorlát u. 32/a.','Budapest II. kerület','',607),(516,NULL,'Dr. Gelley András','','1013','Attila u. 19.','Budapest I. kerület','',1061),(517,NULL,'Dr. Geõbel Háziorvosi Bt.','','1037','Erdõalja lejtõ 11.','Budapest III. ker.','',621),(518,NULL,'Dr. Gesztesi László','','8600','Vajda János u. 48.','Siófok','',978),(519,NULL,'Dr. Gódi Szilárd','','7623','Garay u. 25.','Pécs','',1001),(520,NULL,'Dr. Gombos Eszter','','1131','Madarász Viktor u. 13. 2. ép.','Budapest XIII. ker.','',827),(521,NULL,'Dr. Gonda Mária e.v.','','7100','Munkácsy M. u. 33/b.','Szekszárd','',1602),(522,NULL,'Dr. Gráner Nóra','','6726','Túzok u. 8/b. I/3.','Szeged','',186),(523,NULL,'Dr. Gresz Miklós','','','','','',1372),(524,NULL,'Dr. Gulyás és Társa Bt.','22536721-1-16','5100','Gyöngytyúk u. 6.','Jászberény','',1049),(525,NULL,'Dr. Gulyás Zita','','9721','Kõszegi u. 9.','Gencsapáti','',359),(526,NULL,'Dr. Gyapjas Tünde','','6065','Katona József u. 19.','Lakitelek','',465),(527,NULL,'Dr. Gyimesi György e.v.','60873204126','6724','Párizsi krt. 29/H/III.','Szeged','',861),(528,NULL,'Dr. Gyimesi Judit','','2200','Szilháti u. 4.','Monor','',1657),(529,NULL,'Dr. Gyimesi Nóra','','1085','Rigó u. 14. Fszt. 2.','Budapest VIII. ker.','',1373),(530,NULL,'Dr. Gyõrffy Zsuzsanna','','2085','Szent Imre u. 9.','Pilisvörösvár','',527),(531,NULL,'Dr. Gyõri Imre','','3200','Gazdász u. 5/3.','Gyöngyös','',397),(532,NULL,'Dr. Hágendorn Roland','','7632','Olga u. 7.','Pécs','',102),(533,NULL,'Dr. Hahn Oszkár','','1023','Török u. 6. IV/22.','Budapest II. kerület','',901),(534,NULL,'Dr. Halasy Kálmán','','6300','Kossuth u. 34-36.','Kalocsa','',472),(535,NULL,'Dr. Halász Vanda','','2100','Kiss József u. 21.','Gödöllõ','',847),(536,NULL,'Dr. Halászlaki Csaba','','1092','Knézich u. 12. VI/6.','Budapest IX. kerület','',225),(537,NULL,'Dr. Hargitainé Dr. Kovács Anna','','2800','Bánhidai ltp. 404. 8/27.','Tatabánya','',1182),(538,NULL,'Dr. Hegede Gábor','','1135','Frangepán u. 84/c.','Budapest XIII. ker.','',908),(539,NULL,'Dr. Hegedûs és Társa Bt.','','7200','II. u. 33/a.','Dombóvár','',1052),(540,NULL,'Dr. Henrik Arnell','','14186','Karolinska Univ.Hosp. Huddinge','Stockholm, Sweden','',1480),(541,NULL,'Dr. Herczeg Béláné','','5000','Szivárvány u. 56.','Szolnok','',970),(542,NULL,'Dr. Herczeg Dorina','','5000','Szivárvány u. 56.','Szolnok','',971),(543,NULL,'Dr. Heringh Zsanett','','4400','Fészek u. 154.','Nyíregyháza','',622),(544,NULL,'Dr. Hevesi Erika','','4032','Nagyerdei krt. 98.','Debrecen','',1187),(545,NULL,'Dr. Hidvégi Edit','','1091','Üllõi út 59.','Budapest IX. kerület','',991),(546,NULL,'Dr. Hlavács Tünde','','1039','Királyok útja 243-245.','Budapest III. ker.','',1345),(547,NULL,'Dr. Hódi Katalin','','','8, me des Epineltes','CH 1205 Genéve','',272),(548,NULL,'Dr. Holánik Julianna','','6000','Nemesszeghy M. u. 3.','Kecskemét','',758),(549,NULL,'Dr. Homoki Ildikó','','2740','Attila u. 6.','Abony','',1402),(550,NULL,'Dr. Horváth Ágota','','2428','Sárvári E. u. 12.','Kisapostag','',986),(551,NULL,'Dr. Horváth Anikó','','1174','Bulyovszky utca 13.','Budapest XVII. ker.','',1422),(552,NULL,'Dr. Horváth Bt.','21548262-1-19','8196','Ond u. 14.','Litér','',809),(553,NULL,'Dr. Horváth Emília','','','','','',1660),(554,NULL,'Dr. Horváth Éva - P. A. Megyei Kórház','','9024','Vasvári P. u. 2.','Gyõr','',366),(555,NULL,'Dr. Horváth Gábor','','7677','Mecsekrákosi u. 20.','Orfû','',126),(556,NULL,'Dr. Horváth Tibor','','3400','Harsányi K. u. 9. I/4.','Mezõkövesd','',301),(557,NULL,'Dr. Horváth Zsuzsanna','','4034','Asztalos u. 11.','Debrecen','',1151),(558,NULL,'Dr. Hritz István','','1124','Fodor u. 50/a.','Budapest XII. ker.','',999),(559,NULL,'Dr. Huber Éva','','9022','Tarcsay u. 24.','Gyõr','',297),(560,NULL,'Dr. Hudák János e.v.','','6725','Apáca u. 20.','Szeged','',491),(561,NULL,'Dr. Igaz Iván','','1112','Péterhegyi lejtõ 73.','Budapest XI. kerület','',441),(562,NULL,'Dr. Illés Anita','','7631','Naposdomb u. 14/1.','Pécs','',198),(563,NULL,'Dr. Illés Dóra','','6721','Juhász Gyula u. 22.','Szeged','',1275),(564,NULL,'Dr. Ilyés Sándor','','5700','Brassói u. 3/b.','Gyula','',1096),(565,NULL,'Dr. Incze Marietta Ildikó','','4025','Piac u. 7-9.3/17.','Debrecen','',1434),(566,NULL,'Dr. Ivány Emese','','6720','Korányi fasor 8-10.','Szeged','',1208),(567,NULL,'Dr. Jenei Márta Kata','','1097','Albert F. út 5-7.','Budapest IX. kerület','',1194),(568,NULL,'Dr. Juhász Ágnes','','1184','Építõ u. 26/a. 4/18.','Budapest XVIII. ker.','',537),(569,NULL,'Dr. Juhász Viktória','','1117','Irinyi J. u. 36/a. 6/24.','Budapest XI. kerület','',890),(570,NULL,'Dr. Kádár Zoltán Szabolcs','','','Vulcan u 4/4','Marosvásárhely','',1206),(571,NULL,'Dr. Kaiser Med Bt.','','6000','Palota u. 20.','Kecskemét','',1124),(572,NULL,'Dr. Kálmán Andrea','','8000','Deák F. u. 19. 4/4.','Székesfehérvár','',1257),(573,NULL,'Dr. Kálmán István e.v.','','1121','Öröm u. 10.','Budapest XII. ker.','',1377),(574,NULL,'Dr. Karádi Oszkár','','','Édesanyák útja 17.','Pécs','',134),(575,NULL,'Dr. Kazup Ágota Nóra','','4026','Honvéd u. 72.','Debrecen','',1216),(576,NULL,'Dr. Kelemen Irén','','1149','Fráter György u. 8.','Budapest XIV. ker.','',251),(577,NULL,'Dr. Kenessey Albert Kórház - Rend.int.','','2660','Rákóczi út 125-127.','Balassagyarmat','',913),(578,NULL,'Dr. Kerékgyártó Olga','','1188','István u. 1/b.','Budapest XVIII. ker.','',1058),(579,NULL,'Dr. Király Gabriella','','2890','Bláthy Ottó u. 5.','Tata','',779),(580,NULL,'Dr. Kis Ildikó','','2800','Dózsa Gy. út 77.','Tatabánya','',1368),(581,NULL,'Dr. Kiss Ákos Zoltán','','7300','Köztársaság u. 11.','Komló','',810),(582,NULL,'Dr. Kiss Balázs','','9700','Rohonci u. 62.','Szombathely','',81),(583,NULL,'Dr. Kiss Edina','','1062','Podmaniczky u. 111.','Budapest VI. kerület','',727),(584,NULL,'Dr. Kiss Erika Márta','','1119','Keveháza u. 19-21/111.','Budapest XI. kerület','',673),(585,NULL,'Dr. Kiss Nóra','','1062','Podmaniczky u. 111.','Budapest VI. kerület','',724),(586,NULL,'Dr. Kiss Olivér','','9011','Lehár F. u. 67/a.','Gyõr','',1017),(587,NULL,'Dr. Kiss Olivér','','9011','Lehár Ferenc út 67/a.','Gyõr','',1167),(588,NULL,'Dr. Kiss Viktória','','2485','Kossuth L. u. 3.','Gárdony - Dinnyés','',1282),(589,NULL,'Dr. Kocsis Dorottya','','1082','Baross u. 77. fsz. 8.','Budapest VIII. ker.','',838),(590,NULL,'Dr. Kolosi Ildikó','','7500','Széchenyi tér 24. 2/2.','Nagyatád','',1193),(591,NULL,'Dr. Kolozsvári Edina','','5530','Kossuth u. 154.','Vésztõ','',184),(592,NULL,'Dr. Komáromi-Med Eü. Szolg. Kft.','14050792-2-19','8200','Kiskõrösi u. 30.','Veszprém','',468),(593,NULL,'Dr. Kõmíves Csilla','','2040','Csiki u. 55.','Budaörs','',199),(594,NULL,'Dr. Komócsin István','','8600','Csalogány u. 16.','Siófok','',875),(595,NULL,'Dr. Koncz Levente Csaba','','2030','Cserhalmi u. 13/b','Érd','',1460),(596,NULL,'Dr. Koncz Zsuzsa','','1135','Szent László út 80. II/5.','Budapest XIII. ker.','',851),(597,NULL,'Dr. Koós Krisztina','','2400','Mátyás király út 8. 4/3.','Dunaújváros','',829),(598,NULL,'Dr. Kopeczky Ágnes','','8900','Szent L. u. 30.','Zalaegerszeg','',1165),(599,NULL,'Dr. Korom Tímea','','6720','Deák F. u. 2.','Szeged','',226),(600,NULL,'Dr. Kosaras Éva Veronika','','3791','Vörösmarty u. 9.','Sajókeresztúr','',998),(601,NULL,'Dr. Kovács Barbara','','8200','Jutasi út 81.','Veszprém','',1470),(602,NULL,'Dr. Kovács Bt.','','6345','Hunyadi u. 46.','Nemesnádudvar','',66),(603,NULL,'Dr. Kovács Gábor','','8000','Olaj u. 27/3.','Székesfehérvár','',206),(604,NULL,'Dr. Kovács Ildikó e.v.','63976069-1-26','6721','Dugonics u. 11.','Szeged','',777),(605,NULL,'Dr. Kovács János','','4200','Major u. 17. 3/11.','Hajdúszoboszló','',426),(606,NULL,'Dr. Kovács Lajos','','6133','Jókai u. 22.','Jászszentlászló','',1227),(607,NULL,'Dr. Kovács Lajos','','6000','Dobó I. krt. 9. VI/19.','Kecskemét','',642),(608,NULL,'Dr. Kovács László Roland','','9400','Merenye sor 10. I/6.','Sopron','',641),(609,NULL,'Dr. Kovács Szilvia','','9721','Hunyadi u. 141.','Gencsapáti','',185),(610,NULL,'Dr. Kováts-Megyesi András','','2030','Lipóti u. 56.','Érd','',867),(611,NULL,'Dr. Kozma és Társa Bt.','28539887-2-42','1171','Gerecsehida u. 11.','Budapest XVII. ker.','',649),(612,NULL,'Dr. Kraxner Helga','','1125','Gyöngyvirág út 20.','Budapest XII. ker.','',364),(613,NULL,'Dr. Krenács Dóra Anna','','6724','Hétvezér u. 61.','Szeged','',1468),(614,NULL,'Dr. Kricskovits Ágota','','2090','Patak sétány 99.','Remeteszõlõs','',674),(615,NULL,'Dr. Kristóf Bt.','','1024','Fillér u. 11.','Budapest II. kerület','',678),(616,NULL,'Dr. Kruppai Ferenc','','1183','Illocska u. 9.','Budapest XVIII. ker.','',784),(617,NULL,'Dr. Kuhl Zsuzsanna','','7150','Erkel Ferenc u. 5.','Bonyhád','',1331),(618,NULL,'Dr. Kukely Ildikó','','8060','Vértes u. 4.','Mór','',313),(619,NULL,'Dr. Kun-Gazda Judit','','1119','Andor u. 16/a.','Budapest XI. kerület','',603),(620,NULL,'Dr. Kuner Mária Erzsébet e.v.','52952898-1-37','7100','Vörösmarty u. 5.','Szekszárd','',1023),(621,NULL,'Dr. Kunné Dr. Lakatos Erzsébet','','4025','Hatvan u. 2-4.','Debrecen','',1225),(622,NULL,'Dr. Küronya Zsófia','','1027','Erõd u. 20.','Budapest II. kerület','',1414),(623,NULL,'Dr. Lahm Erika','','1056','Belgrád rakpart 26. 3/1B','Budapest V. kerület','',1521),(624,NULL,'Dr. Lakosi Ferenc - CHU de Liege','','B-4000','Domain Univ., Sart Tilman B35','Liege','',698),(625,NULL,'Dr. László András','','','','','',832),(626,NULL,'Dr. Lázár Balázs','','1183','Szent L. sétány 4/c. fszt. 2.','Budapest XVIII. ker.','',1028),(627,NULL,'Dr. Lázi Judit','','','','','',1395),(628,NULL,'Dr. Lebák Gábor','','6771','Zsálya u. 20.','Szeged','',461),(629,NULL,'Dr. Lellei István','','1132','Alig u. 7/a.','Budapest XIII. ker.','',288),(630,NULL,'Dr. Lengyel Eszter','','9172','Szent László út 28.','Gyõrzámoly','',158),(631,NULL,'Dr. Lévai Tibor','','','','','',1287),(632,NULL,'Dr. Liszkay Gábor','','1125','Rõzse u. 14/c.','Budapest XII. ker.','',1171),(633,NULL,'Dr. Lõdi Ágnes','','6724','Pozsonyi u. 23.','Szeged','',1191),(634,NULL,'Dr. Lõrincz Rita','','2921','Széchenyi u. 2.','Komárom','',182),(635,NULL,'Dr. Lõrinczy Katalin','','1033','Reviczky u. 16. fszt. 1.','Budapest III. ker.','',969),(636,NULL,'Dr. Ludvig Laura','','2600','Eszterházy u. 14.  fszt 3.','Vác','',1424),(637,NULL,'Dr. M. Tóth Melinda','','8294','József A. u. 3.','Vigántpetend','',801),(638,NULL,'Dr. Madách Krisztina','','1126','Beethoven u. 8.','Budapest XII. ker.','',412),(639,NULL,'Dr. Madaras Balázs','','1117','Bogdánfy u. 7/b.','Budapest XI. kerület','',1532),(640,NULL,'Dr. Magda Henrietta','','2145','Szondi u. 35.','Kerepes','',824),(641,NULL,'Dr. Magyar István','','4400','Tûzoltó u. 5.','Nyíregyháza','',1285),(642,NULL,'Dr. Magyar Melinda','','1134','Gidófalvy L. u. 31.','Budapest XIII. ker.','',619),(643,NULL,'Dr. Magyarosi Debora','','7400','Tallián Gy. u. 20-32.','Kaposvár','',1010),(644,NULL,'Dr. Makai Zsuzsanna','','6721','Bercsényi u. 8/A','Szeged','',1461),(645,NULL,'Dr. Makó Ilona','','4485','Arany J. u. 76.','Nagyhalász','',1008),(646,NULL,'Dr. Mályi Kata','','1062','Podmaniczky u. 109-111.','Budapest VI. kerület','',1444),(647,NULL,'Dr. Maráczi Veronika','','1085','Baross u. 32.','Budapest VIII. ker.','',1224),(648,NULL,'Dr. Markgruber Balázs','','1122','Ráth Gy. u. 7-9.','Budapest XII. ker.','',1189),(699,NULL,'Dr. Márkus Anita','','8600','Ságvári u. 21/b.','Siófok','',155),(700,NULL,'Dr. Marsi-Molnár Barbara','','1144','Ond vezér útja 17/d.','Budapest XIV. ker.','',161),(701,NULL,'Dr. Mártha László Ödön','','2030','Páva u. 16.','Érd','',1236),(702,NULL,'Dr. Márton Eszter','','1095','Mester u. 4-6.','Budapest IX. kerület','',1523),(703,NULL,'Dr. Márton Györgyi','','1096','Ernõ u. 30-34. 4/415.','Budapest IX. kerület','',1237),(704,NULL,'Dr. Masa Anna','44113957-1-23','6400','Erdei tér 6/d.','Kiskunhalas','',828),(705,NULL,'Dr. Máté Szilvia','','4700','Kórház u. 2-4.','Mátészalka','',434),(706,NULL,'Dr. Mayer Dorottya','','1097','Vaskapu u. 10-14. B. épület','Budapest IX. kerület','',154),(707,NULL,'Dr. Mechler Andrea','','4028','Hadházi út 55-57.','Debrecen','',992),(708,NULL,'Dr. Megadja Bálint','64897538-1-42','1074','Vörösmarty u. 5.','Budapest VII. ker.','',905),(709,NULL,'Dr. Megyesi Orsolya','','1162','Szent Imre utca 50.','Budapest XVI. ker.','',1561),(710,NULL,'Dr. Meichelbeck Krisztina','','1076','Szinva u. 6.','Budapest VII. ker.','',1031),(711,NULL,'Dr. Mihalik Péter','','1029','Ördögárok u. 114.','Budapest II. kerület','',772),(712,NULL,'Dr. Mohás Anna','','1151','Csákó u. 13.','Budapest XV. kerület','',1448),(713,NULL,'Dr. Mohás Márton','','7634','Szõlész dûlõ 7.','Pécs','',525),(714,NULL,'Dr. Mohos Sebészeti Kft.','','8200','Petõfi u. 34.','Veszprém','',666),(715,NULL,'Dr. Molnár Csaba','','2600','Edison út 14.','Vác','',949),(716,NULL,'Dr. Molnár István','','','Petra Drapsina 2/17.','24 000 Subotica','',631),(717,NULL,'Dr. Molnár Kriszta','','1094','Liliom u. 17.','Budapest IX. kerület','',806),(718,NULL,'Dr. Molnár Valéria','','','','','',204),(719,NULL,'Dr. Monori Zoltán','','1141','Verseny u. 4-6/b. III/11.','Budapest XIV. ker.','',519),(720,NULL,'Dr. Mónus Ágota','','3533','Szeder u. 4. 2/4.','Miskolc','',802),(721,NULL,'Dr. Móricz Bt.','','7020','Fehérvári u. 30.','Dunaföldvár','',362),(722,NULL,'Dr. Mózsa Emõke','','1123','Alkotás út 15.','Budapest XII. ker.','',98),(723,NULL,'Dr. Mózsa Szabolcs','','1125','Csipke u. 5-7. II/7.','Budapest XII. ker.','',129),(724,NULL,'Dr. Müller Ildikó','','6723','Makkosházi krt. 25.','Szeged','',842),(725,NULL,'Dr. Müller Katalin','','1022','Hankóczy u. 4-6.','Budapest II. kerület','',1631),(726,NULL,'Dr. Nagy A. Péter','','1013','Attila u. 33. D/9.','Budapest I. kerület','',252),(727,NULL,'Dr. Nagy Andrea','','2049','Petõfi S. u. 38/a.','Diósd','',462),(728,NULL,'Dr. Nagy Enikõ Eszter','','6000','Kisfaludy u. 5/206.','Kecskemét','',899),(729,NULL,'Dr. Nagy és Társa Bt.','','3521','Retek út 9.','Miskolc','',523),(730,NULL,'Dr. Nagy Éva','','4600','József A. u. 103.','Kisvárda','',1141),(731,NULL,'Dr. Nagy Gábor','','2800','Szent Erzsébet út 1/a.','Tatabánya','',1564),(732,NULL,'Dr. Nagy Judit','','1122','Acsády u. 5/a.','Budapest XII. ker.','',881),(733,NULL,'Dr. Nagy Katalin','','1028','Mária u. 5.','Budapest II. kerület','',407),(734,NULL,'Dr. Nagy Péter','43873270-1-23','6500','Fülep u. 15.','Baja','',235),(735,NULL,'Dr. Nagy Péter','','1062','Podmaniczky u. 111.','Budapest VI. kerület','',726),(736,NULL,'Dr. Nagy Róbert','','2120','Huszka Jenõ u. 27.','Dunakeszi','',1280),(737,NULL,'Dr. Nagy Tímea','','5000','Tószegi út 21.','Szolnok','',1538),(738,NULL,'Dr. Nagy Zsófia Ilona','','1062','Podmaniczky u. 111.','Budapest VI. kerület','',725),(739,NULL,'Dr. Nagymányai és Társa Bt.','','9011','Korona u. 43/a.','Gyõr','',1560),(740,NULL,'Dr. Nagyõszy és Társa Bt.','','4400','Leffler S. u. 47.','Nyíregyháza','',280),(741,NULL,'Dr. Nardai Gábor','','1118','Schweidel u. 37.','Budapest XI. kerület','',531),(742,NULL,'Dr. Németh Adrienne','47708002-1-29','4028','Kassai u. 115.','Debrecen','',1084),(743,NULL,'Dr. Németh Dániel','','2943','Újhelyi I. u. 24.','Bábolna','',1457),(744,NULL,'Dr. Németh Hajnalka','60244763-1-43','1091','Üllõi út 115/B. III/6.','Budapest IX. kerület','',981),(745,NULL,'Dr. Németh Károly','','1113','Tarcali u. 2.','Budapest XI. kerület','',1145),(746,NULL,'Dr. Németh Petra','','8900','Zrínyi u. 1.','Zalaegerszeg','',1155),(747,NULL,'Dr. Nyikos Orsolya','','8000','Almássy Itp. 16.3/24.','Székesfehérvár','',1021),(798,NULL,'Dr. Nyikuly Kinga','','7633','Pollack M. u. 6/b.','Pécs','',257),(799,NULL,'Dr. Oczella Kft.','','6600','Hunyadi u. 4.','Szentes','',498),(800,NULL,'Dr. Oláh Gergely','','1114','Kosztolányi Dezsõ tér 6.','Budapest XI. kerület','',1615),(801,NULL,'Dr. Ónody Péter','','1139','Teve u. 1/D. F. lph.','Budapest XIII. ker.','',99),(802,NULL,'Dr. Orlovszki Viktória','','1039','Bálint György u. 10. III./9.','Budapest III. ker.','',1517),(803,NULL,'Dr. Orosz Edit','','5700','Kárpát u. 11.','Gyula','',181),(804,NULL,'Dr. Orosz Mikolt','','8000','Kikinda u. 1/602.','Székesfehérvár','',919),(805,NULL,'Dr. Orosz Tímea Skarleth','','3300','Madách I. u. 15/a.','Eger','',490),(806,NULL,'Dr. Ozsvár Zsófia','','8000','Csitáry u. 1/b.','Székesfehérvár','',820),(807,NULL,'Dr. Paál Balázs','','8000','Krasznai u. 25.','Székesfehérvár','',605),(808,NULL,'Dr. Palicz Zoltán','','4400','Szent István u. 55. 3/10.','Nyíregyháza','',1405),(809,NULL,'Dr. Pálinkás Annamária','','1144','Szentmihályi út 26/c 8/34a','Budapest XIV. ker.','',1407),(810,NULL,'Dr. Pálmai Péter','','7100','Alkotmány utca 37. 1/3.','Szekszárd','',1431),(811,NULL,'Dr. Pandur Tünde','','8200','Pipacs u. 30.','Veszprém','',1006),(812,NULL,'Dr. Pap Krisztina','','2941','Gyár út 13.','Ács','',1435),(813,NULL,'Dr. Pap Zsolt','','3400','Varjú u. 28.','Mezõkövesd','',1239),(814,NULL,'Dr. Papp Ferenc','','6726','Torontál tér 3/b. III/7.','Szeged','',177),(815,NULL,'Dr. Papp Mária','','4028','Kórház u. 5.','Debrecen','',1002),(816,NULL,'Dr. Papp Szilveszter','','1098','Epreserdõ utca 4/4.','Budapest IX. kerület','',1211),(817,NULL,'Dr. Pásti Emese','','6723','Bihari u. 9.','Szeged','',815),(818,NULL,'Dr. Patonay Péter','','1089','Benyovszky Móric u. 30.','Budapest VIII. ker.','',132),(819,NULL,'Dr. Pécsi-Med Kft.','','9026','Ady E. u. 123.','Gyõr','',1057),(820,NULL,'Dr. Pelsõczi Gergely Dávid','','1121','Tállya u. 16-18.','Budapest XII. ker.','',644),(821,NULL,'Dr. Percs és Társa Bt.','','8900','Mókus u. 1.','Zalaegerszeg','',24),(822,NULL,'Dr. Péter Ádám','','1147','Jávorka Ádám u. 54. III/11.','Budapest XIV. ker.','',1197),(823,NULL,'Dr. Petróczy András','','1147','Telekes u. 10.','Budapest XIV. ker.','',1190),(824,NULL,'Dr. Petrovicz és Társa Bt.','','9011','Körtér 79.','Gyõr','',1557),(825,NULL,'Dr. Ping Orsolya','','1141','Bazsarózsa u. 20.','Budapest XIV. ker.','',1154),(826,NULL,'Dr. Pintér Tibor','','','Scheibengasse 14/7','A-1190 Wien','',324),(827,NULL,'Dr. Pintér Vanda Petra','','1145','Szugló u. 59/b.','Budapest XIV. ker.','',157),(828,NULL,'Dr. Piros és Társa Bt.','','9600','Markusovszky u. 6.','Sárvár','',863),(829,NULL,'Dr. Plavecz Éva','','1089','Dugonics u. 6. 4/409','Budapest VIII. ker.','',979),(830,NULL,'Dr. Põcze Balázs','','1122','Abos u. 23/c. 1/7.','Budapest XII. ker.','',866),(831,NULL,'Dr. Pollák és Társa Bt.','','8400','Béke u. 35.','Ajka','',814),(832,NULL,'Dr. Popovits József','','3000','Kertész út 23.','Hatvan','',530),(833,NULL,'Dr. Porath Sharon','66336479-1-34','7400','Sommsich Pál u. 2.','Kaposvár','',980),(834,NULL,'Dr. Póta Magdolna Bt.','','1157','Zsókavár u. 42-44.','Budapest XV. kerület','',1658),(835,NULL,'Dr. Praefort László','','6725','Galamb u. 10/b. fszt. 2.','Szeged','',1223),(836,NULL,'Dr. Pukancsik Dávid','','8000','Kosztolányi u. 19.','Székesfehérvár','',728),(837,NULL,'Dr. Rédei Csaba Kálmán','','1025','Csalán út 39/a-b. ép. II/8.','Budapest II. kerület','',1004),(838,NULL,'Dr. Reiser György Lukács','','4400','Erdõalja u. 10.','Nyíregyháza','',1265),(839,NULL,'Dr. Reisz Zita','','6720','Állomás u. 2.','Szeged','',1157),(840,NULL,'Dr. Renteria-Pakucs Mónika Blanka','','2700','Rákóczi u. 23/B. IV/17.','Cegléd','',940),(841,NULL,'Dr. Réthy Pál Kórház - Rendelõintézet','','5600','Gyulai út 18.','Békéscsaba','',564),(842,NULL,'Dr. Réti Csaba','','1205','Bádogos u. 4.','Budapest XX. kerület','',285),(843,NULL,'Dr. Révész Erzsébet','','8000','Hübner A. u. 18. fsz. 7.','Székesfehérvár','',1102),(844,NULL,'Dr. Riba János','','7623','Ifjúság út 13.','Pécs','',1258),(845,NULL,'Dr. Rimóczi László','','5000','Szegfû u. 1/a.','Szolnok','',1552),(846,NULL,'Dr. Rodek Gyula','','7100','Béri-Balogh Ádám u. 5-7.','Szekszárd','',1094),(847,NULL,'Dr. Rosta Ildikó','','3000','Forgács Simon út 44.','Hatvan','',1623),(848,NULL,'Dr. Rottek János','','2642','Váci u. 56.','Nógrád','',1338),(849,NULL,'Dr. Rózsahegyi Máté Tibor','','4034','Asztalos u. 11.','Debrecen','',1150),(850,NULL,'Dr. Rudolf Judit','','1186','Üllõi út 454. C/35.','Budapest XVIII. ker.','',1025),(851,NULL,'Dr. Rusznyák Krisztina','','1062','Podmaniczky u. 111.','Budapest VI. kerület','',298),(852,NULL,'Dr. Saftics György','','2316','Aradi u. 51.','Tököl','',628),(853,NULL,'Dr. Salamon Anette','','8900','Kossuth. u. 29.-33. III/18.','Zalaegerszeg','',957),(854,NULL,'Dr. Sallai Dániel','','6600','Kiss Ernõ utca 75.','Szentes','',1411),(855,NULL,'Dr. Sánta Judit','','7100','Bem u. 18.','Szekszárd','',518),(856,NULL,'Dr. Sarlós Patrícia','','7754','Szent István u. 10.','Bóly','',909),(857,NULL,'Dr. Schultz Károly','','7700','Mohácsi Jenõ u. 10.','Mohács','',1404),(858,NULL,'Dr. Sikorszki László','','3521','Miskolci út 56.','Miskolc','',1175),(859,NULL,'Dr. Simon Balázs e.v.','','2600','Tavasz u. 32.','Vác','',914),(860,NULL,'Dr. Simon Higin Kft.','','3300','Egri csillagok u. 45. fszt. 2.','Eger','',764),(861,NULL,'Dr. Simon Judit Katalin','','1139','Petneházy u. 19. IX. 37.','Budapest XIII. ker.','',1222),(862,NULL,'Dr. Simon Mária Ev.','','7150','Perczel kert 15.','Bonyhád','',1137),(863,NULL,'Dr. Simon Szilvia','','4032','Verseny u. 2.','Debrecen','',1020),(864,NULL,'Dr. Sinkó Mária','','6725','Korányi fasor 14-15.','Szeged','',160),(865,NULL,'Dr. Sipos Edith','','2400','Batsányi u. 5. fszt. 2.','Dunaújváros','',1525),(866,NULL,'Dr. Smanykó Viktor','','1032','Bécsi út 197.','Budapest III. ker.','',1168),(867,NULL,'Dr. Solt István','','8000','Budai u. 260.','Székesfehérvár','',236),(868,NULL,'Dr. Solymos Mónika','','2013','Elõd u. 13.','Pomáz','',279),(869,NULL,'Dr. Sólyom Enikõ','','3525','Csermely u. 63.','Miskolc','',1121),(870,NULL,'Dr. Soós Krisztina','','1068','Lövölde tér 5.','Budapest VI. kerület','',618),(871,NULL,'Dr. Steinbach Réka','','1138','Szekszárdi u 15. II. em. 25.','Budapest XIII. ker.','',948),(872,NULL,'Dr. Stollmayer Márta','','1037','Erdõalja út 127.','Budapest III. ker.','',286),(873,NULL,'Dr. Sulaiman Salah Dawood','','4031','Derék u. 143. III/7.','Debrecen','',915),(874,NULL,'Dr. Süle András','','8000','Berkes ltp. 87.','Székesfehérvár','',459),(875,NULL,'Dr. Sultész Mónika','','1101','Hungária krt. 5-7.','Budapest X. kerület','',300),(876,NULL,'Dr. Sulyok Endre','','7621','János u. 11.','Pécs','',961),(877,NULL,'Dr. Svébis Márk Márton','','1094','Bokréta u. 7-9/B 4. em. 409.','Budapest IX. kerület','',1267),(878,NULL,'Dr. Szabadkai Gábor','','6078','Petõfi S. u. 15.','Jakabszállás','',922),(879,NULL,'Dr. Szabados Katalin','','5000','Meder u. 6.','Szolnok','',1032),(880,NULL,'Dr. Szabó Balázs Elõd','','1147','Telepes u. 52.','Budapest XIV. ker.','',1617),(881,NULL,'Dr. Szabó Dolóresz','','1098','Napfény u. 16/2. 3. em. 12.','Budapest IX. kerület','',1129),(882,NULL,'Dr. Szabó Imre','','4032','Nagyerdei krt. 98.','Debrecen','',1186),(883,NULL,'Dr. Szabó Károly Gábor','66452267-1-30','3000','Balassi Bálint u. 16.','Hatvan','',830),(884,NULL,'Dr. Szabó Kornél','','9081','Akácfa u. 15.','Gyõrújbarát','',620),(885,NULL,'Dr. Szabó Lajos Tamás','','1131','Reitter F. u. 165.','Budapest XIII. ker.','',255),(886,NULL,'Dr. Szabó Tamás Csaba','','7252','Ady E. u. 19.','Attala','',1163),(887,NULL,'Dr. Szabó Viktória','','9135','Ady E. u. 67.','Rábaszentmihály','',1462),(888,NULL,'Dr. Szajki Károly','','6000','Vágó u. 27.','Kecskemét','',778),(889,NULL,'Dr. Szalbot Orsolya','','5540','IV. Külkerület 218.','Szarvas','',1463),(890,NULL,'Dr. Szalczer Estilla','','6344','Táncsics M. 2/D','Hajós','',1471),(891,NULL,'Dr. Szamosvári Tímea','65148899-1-33','1116','Albertfalva u. 3.','Budapest XI. kerület','',595),(892,NULL,'Dr. Szappanos Szabolcs','','7625','Surányi Miklós út 14/b.','Pécs','',1195),(893,NULL,'Dr. Szécsi Tamás','','A-5580','Litzelsdorf 264','Tamsweg','',831),(894,NULL,'Dr. Szécsi Tamás','','5580','Litzelsdorf 264','Tamsweg, Ausztria','',203),(895,NULL,'Dr. Székely András','','3300','Vécsey S. u. 29.','Eger','',1613),(946,NULL,'Dr. Székely Anetta','','2330','Golgota u. 34.','Dunaharaszti','',287),(947,NULL,'Dr. Székely és Dr. Jenei Bt.','','3571','Gagarin út 9.','Alsózsolca','',1464),(948,NULL,'Dr. Szekeres Pál Kft.','','2145','Kiss József u. 11.','Kerepes','',597),(949,NULL,'Dr. Szemere Családorvosi Bt.','','1125','György Aladár u. 44-46.','Budapest XII. ker.','',608),(950,NULL,'Dr. Szentes Gábor','','5300','Zöldfa u. 48.','Karcag','',612),(951,NULL,'Dr. Szentpétery Félix','','1145','Uzsoki u. 29.','Budapest XIV. ker.','',776),(952,NULL,'Dr. Szepes Zoltán Gábor','','6726','Lövölde u. 155.','Szeged','',215),(953,NULL,'Dr. Szerencsi Nóra','','1033','Akác köz 1. 8. em. 22.','Budapest III. ker.','',1420),(954,NULL,'Dr. Szeriné Lakó Klára Ildikó','','9024','Öveges ltp. 1.','Gyõr','',747),(955,NULL,'Dr. Szigeti Nóra','','7625','Surányi M. út 58.','Pécs','',114),(956,NULL,'Dr. Szinku Kft.','14221075-2-14','7400','Petõfi u. 11.','Kaposvár','',97),(957,NULL,'Dr. Szirtesné Dr. Tomsits Erika','','1094','Tûzoltó u. 7-9.','Budapest IX. kerület','',946),(958,NULL,'Dr. Szõke István Ervin','','1102','Kõrösi Csoma sétány 1. fszt. 2','Budapest X. kerület','',1430),(959,NULL,'Dr. Szokó Márta','','8051','Arany J. u. 15.','Sárkeresztes','',1286),(960,NULL,'Dr. Szöllõsi András','','9400','Kismartoni sor 8.','Sopron','',645),(961,NULL,'Dr. Szombati Klára','','1091','Ifjúmunkás u. 14/1. 2/7.','Budapest IX. kerület','',1234),(962,NULL,'Dr. Szövetes Margit','','4031','Tócoskert tér 4.','Debrecen','',994),(963,NULL,'Dr. Szûcs Dániel','','6725','Rákóczi út 16/4','Szeged','',1324),(964,NULL,'Dr. Szûcs Zsolt','','6031','Kossuth Lajos u. 20.','Szentkirály','',96),(965,NULL,'Dr. Tajti Zsanett','','6720','Korányi fasor 14-15.','Szeged','',1201),(966,NULL,'Dr. Tajti Zsanett','','6723','Hajós u. 28/a. II/7.','Szeged','',1202),(967,NULL,'Dr. Takács Gyula','','','Celjska 1','24000 Subotica','',651),(968,NULL,'Dr. Takács Laura','','3780','Vörösmarty út 10/b.','Edelény','',1235),(969,NULL,'Dr. Taller András','','1237','Szilágyi D. u. 145/a.','Budapest XXIII. ker.','',1097),(970,NULL,'Dr. Tamás Borbála','','1113','Dinnye u. 9. 2. em. 201.','Budapest XI. kerület','',1289),(971,NULL,'Dr. Tamasi Szandra','','5000','Dobó István u. 31.','Szolnok','',1554),(972,NULL,'Dr. Tárkányné Dr. Vojnár Tímea','','6726','Páncél köz 9.','Szeged','',1325),(973,NULL,'Dr. Tárnok és Társai Eü. Bt.','','7623','Kolozsvár u. 17. I/4.','Pécs','',394),(974,NULL,'Dr. Tarpay Ádám','','1034','Podolin u. 7.','Budapest III. ker.','',219),(975,NULL,'Dr. Tasnádi Jolán','','7100','Béri B. Á. u. 5-7.','Szekszárd','',348),(976,NULL,'Dr. Tekulics P. a Gyerm-ért Alapítvány','','6723','Korányi fasor 14-15.','Szeged','',1317),(977,NULL,'Dr. Tölgyes Tamás','','1082','Futó u. 15-19. 3/39.','Budapest VIII. ker.','',1619),(978,NULL,'Dr. Tornai Tamás','','4029','Agárdi u. 9. II/6.','Debrecen','',1007),(979,NULL,'Dr. Török Endre Alapítvány','','7624','Ifjúság út 13.','Pécs','',1316),(980,NULL,'Dr. Török Klára','','1131','Váci út 104. 2/33.','Budapest XIII. ker.','',902),(981,NULL,'Dr. Tóth és Társa Bt.','21886762-1-42','1088','Békési u. 3.','Budapest VIII. ker.','',840),(982,NULL,'Dr. Tóth Éva Katalin','','1025','Csévi u. 19/a.','Budapest II. kerület','',1293),(983,NULL,'Dr. Tóth Gábor','','1023','Ürömi u. 38.','Budapest II. kerület','',1255),(984,NULL,'Dr. Tóth Katalin','','8800','Teleki u. 3.','Nagykanizsa','',1563),(985,NULL,'Dr. Tóth Levente','','1119','Csurgói út 23.','Budapest XI. kerület','',274),(986,NULL,'Dr. Tóth Zsuzsanna','','6640','Hosszú u. 10.','Csongrád','',997),(987,NULL,'Dr. Trávnyik Szilvia','','2613','Esze Tamás utca 19.','Rád','',1421),(988,NULL,'Dr. Trenka András','','8200','Kálmán tér 20/14','Veszprém','',1455),(989,NULL,'Dr. Turmezei Péterné','','1025','Törökvész út 1/c.','Budapest II. kerület','',791),(990,NULL,'Dr. Ujhelyi Enikõ','62252931-3-43','1116','Barázda köz 10.','Budapest XI. kerület','',554),(991,NULL,'Dr. Újhelyi Mihály','','1096','Haller u. 23-25.','Budapest IX. kerület','',661),(992,NULL,'Dr. Ujhelyi Piroska','','1116','Barázda köz 10.','Budapest XI. kerület','',1203),(993,NULL,'Dr. Ungvári Ágnes','','1096','Haller u. 23-25.','Budapest IX. kerület','',533),(994,NULL,'Dr. Uniform Kft.','10806515-2-41','1135','Frangepán u. 66/b.','Budapest XIII. ker.','',1520),(1045,NULL,'Dr. Utassy Gábor','','1151','Kert köz 14.','Budapest XV. kerület','',897),(1046,NULL,'Dr. Vajda Judit','','9700','Uránia udvar 4.','Szombathely','',384),(1047,NULL,'Dr. Valikovics Anikó Katalin','','1145','Uzsoki u. 29-41.','Budapest XIV. ker.','',1601),(1048,NULL,'Dr. Valkó Luca','','1095','Ipar u. 2/b. 701','Budapest IX. kerület','',783),(1049,NULL,'Dr. Váradi Csongor','','3700','Egressy Béni út 30.','Kazincbarcika','',598),(1050,NULL,'Dr. Váradi Gábor','','2600','Argenti Döme tér 1-3.','Vác','',1153),(1051,NULL,'Dr. Varga Alexandra','','1048','Dunakeszi u. 5. 1. em. 4.','Budapest IV. kerület','',1450),(1052,NULL,'Dr. Varga Lívia és Társa Bt.','','9700','Rohonci u. 62.','Szombathely','',702),(1053,NULL,'Dr. Varga Lóránd','','3533','Szeder u. 35. A/3.','Miskolc','',891),(1054,NULL,'Dr. Varga Szilvia','','','','','',128),(1055,NULL,'Dr. Végh Zsuzsanna','','1083','Korányi Sándor u. 2/a.','Budapest VIII. ker.','',1249),(1056,NULL,'Dr. Velkei és Társa Kft.','','5100','Szent Imre herceg u. 70.','Jászberény','',344),(1057,NULL,'Dr. Velti István','','1015','Toldi F. u. 62/a.','Budapest I. kerület','',667),(1058,NULL,'Dr. Veres Medakér Bt.','','2200','Pozsonyi u. 22.','Monor','',104),(1059,NULL,'Dr. Veress Péter','','2040','Alma u. 30.','Budaörs','',1477),(1060,NULL,'Dr. Viczián Háziorvosi Bt.','','1112','Éva u. 11.','Budapest XI. kerület','',590),(1061,NULL,'Dr. Virányi és Társa Bt.','','6000','Vikár Béla u. 4.','Kecskemét','',328),(1062,NULL,'Dr. Visnyei Orsolya','','1081','Rákóczi út 61. 2/a.','Budapest VIII. ker.','',1283),(1063,NULL,'Dr. Visnyei Zsolt','','1062','Podmaniczky u. 111.','Budapest VI. kerület','',202),(1064,NULL,'Dr. Vojcek Eszter','','2040','Dózsa György u. 11.','Budaörs','',1429),(1065,NULL,'Dr. Vojnár Tímea','','6726','Korondi u. 5.','Szeged','',1650),(1066,NULL,'Dr. Völgyi Réka','','2133','Határ út 67.','Szõdliget','',629),(1067,NULL,'Dr. Vörös Péter','','1083','Bókay u. 53.','Budapest VIII. ker.','',1596),(1068,NULL,'Dr. Wenczl Miklós','','9700','Rohonci út 25. 4. em. 10.','Szombathely','',1251),(1069,NULL,'Dr. Wirth Krisztina','','1205','Sas u. 24.','Budapest XX. kerület','',822),(1070,NULL,'dr. Yudith Setiati Ermaya','','','B.M.KCP Band.RS Hasan Sandikin','Bank Mandiri KCP Ban','',1489),(1071,NULL,'Dr. Zahratka Gabriella','','','Ahorn Gasse 18','A 7000 Eisenstadt','',281),(1072,NULL,'Dr. Zaka Zoltán','','1113','Karolina út 12.','Budapest XI. kerület','',550),(1073,NULL,'Dr. Zelenákné Dr. Szabó Tímea Margit','','4033','Béri Balogh u. 26.','Debrecen','',1454),(1074,NULL,'Dr. Zemanek Péter','','4400','Kiss L. u. 12.','Nyíregyháza','',1169),(1075,NULL,'Dr. Zörényi István','','','St. Antonius Strasse 8/3','A-6800 Feldkirch','',347),(1076,NULL,'Dr. Zumkó Anett','','1125','Diós árok 1-3.','Budapest XII. ker.','',805),(1077,NULL,'Dr. Zwick Mihájló','','','Banatska 24','24000 Subotica','',650),(1078,NULL,'Dr. Zsigmond Ferenc','','1112','Rákó u. 41.','Budapest XI. kerület','',789),(1079,NULL,'Dr. Zsilák-Urbán Mihály','','5600','Máriássy u. 55.','Békéscsaba','',786),(1080,NULL,'Dr. Zsolnai Enikõ','','1112','Brassó u. 66.','Budapest XI. kerület','',303),(1081,NULL,'Dr. Zsóri Gábor','','6726','Vedres u. 13.','Szeged','',1276),(1082,NULL,'Drosan-Med Bt.','','8300','Batsányi J. u. 12.','Tapolca','',315),(1083,NULL,'DrSÉF Kft.','','1151','Kert köz 14.','Budapest XV. kerület','',1370),(1084,NULL,'Dudlák Melinda','','2737','Kassai u. 6.','Ceglédbercel','',753),(1085,NULL,'Duna Ped-Med Bt.','22288923-1-07','2422','Kinizsi P. u. 56.','Mezõfalva','',960),(1086,NULL,'Dunai Dóra','','6000','Egyetértés u. 50.','Kecskemét','',1164),(1087,NULL,'Dutchmed Kft.','10467969-2-41','1043','Lórántffy Zsuzsanna u. 15/b.','Budapest IV. kerület','',1261),(1088,NULL,'DVS Központi Kft.','12152063-2-07','2091','1572 hrsz.','Etyek','',1392),(1089,NULL,'EBM Alapítvány','','5000','Szapáry út 31. I/2.','Szolnok','',228),(1090,NULL,'Eckert & Ziegler BEBIG s.a.','','','Zone Industrielle C','B-7180 Seneffe','',717),(1091,NULL,'Edi-Rad Kft.','','2458','Bem u. 4.','Kulcs','',1252),(1092,NULL,'Edimart Tolmács- és Fordítóiroda Kft.','13510303-2-43','1221','Temesvári út 32.','Budapest XXII. ker.','',239),(1093,NULL,'Egészség Bt.','20336570-1-10','3300','Csiky S. út 34.','Eger','',1033),(1094,NULL,'EGIS Gyógyszergyár Zrt.','10686506-2-44','1106','Keresztúri út 30-38.','Budapest X. kerület','',43),(1095,NULL,'Egy. Szt. István és Szt. László Kh. - RI','','1097','Nagyvárad tér 1.','Budapest IX. kerület','',1318),(1096,NULL,'Elamen Zrt.','10753699-2-43','1095','Soroksári út 98.','Budapest IX. kerület','',872),(1097,NULL,'Elekta Services s.r.o.','ICO:29280095','','Prazakova 1000/60','CZ - 619 00 Brno','',707),(1098,NULL,'Elekta Szolgáltató Kft.','13458946-2-43','1118','Avar u. 33.','Budapest XI. kerület','',131),(1099,NULL,'Elektro-Optika Kft.','10895993-2-13','2030','Kaktusz u. 22.','Érd','',337),(1100,NULL,'Elektro-Oxigén Kft.','10792333-2-43','1116','Temesvár u. 20.','Budapest XI. kerület','',330),(1101,NULL,'Elena Cernat','','N1 9DX','Flat 2, 9 Caledonian Road','London, UK','',1502),(1102,NULL,'Éles Tiborné','','2800','Réti út 65. 2/1.','Tatabánya','',744),(1103,NULL,'Elisana Eü. Szolg. Kft.','23978641-1-06','6900','Vaskapu u. 6.','Makó','',952),(1104,NULL,'Endo Plus Service Kft.','13140072-2-42','1163','Veres Péter út 6.','Budapest XVI. ker.','',32),(1105,NULL,'Endo-Top Kft.','','1141','Jeszenák u. 33.','Budapest XIV. ker.','',799),(1106,NULL,'Endocam Kft.','22744818-2-07','8000','Mezei u. 24.','Székesfehérvár','',515),(1107,NULL,'Endocentrum Bt.','','2600','Dolmány u. 6.','Vác','',1000),(1108,NULL,'Endoexpert Kft.','','1029','Honfoglalás u. 40/b.','Budapest II. kerület','',511),(1109,NULL,'Endoprogress Alapítvány','','7624','Ifjúság út 13.','Pécs','',117),(1110,NULL,'Endoscopia Gyõr \'95 Alapítvány','','9024','Vasvári P. u. 2.','Gyõr','',398),(1111,NULL,'Endoszkópos Laboratórium Alapítvány','','3000','Kertész út 23.','Hatvan','',529),(1112,NULL,'Endoszkóppal a Gyógyulásért Alapítvány','','1141','Jeszenák u. 33.','Budapest XIV. ker.','',516),(1113,NULL,'Endotherápia Kft.','','2040','Csóka u. 1.','Budaörs','',514),(1114,NULL,'ENTONMED Kft.','','3525','Kossuth u. 12.','Miskolc','',709),(1115,NULL,'EOKT-VILL P+T Kft.','14495973-2-43','1116','Barázda köz 10.','Budapest XI. kerület','',555),(1116,NULL,'EPC Kutatási Alapítvány','','6725','Pálfy u. 52/d.','Szeged','',568),(1117,NULL,'Ergo-Prevent Kft.','14054291-2-02','7773','Baross G. u. 23.','Villány','',1581),(1118,NULL,'Ermedis Kkt.','','4032','Károli G. u. 332/a.','Debrecen','',504),(1119,NULL,'Erõss Med Kft.','','1024','Káplár u. 9-11.','Budapest II. kerület','',230),(1120,NULL,'Érsebészet Somogyért Alapítvány','18762677-1-14','7400','Temesvár u. 9.','Kaposvár','',1447),(1121,NULL,'Érthetõen az Egészségért Alapítvány','','2800','Jegenye u. 88.','Tatabánya','',798),(1122,NULL,'ESPGHAN c/o VMA','','A-1090','Alser Straße 4','Vienna, Austria','',1598),(1123,NULL,'Eü-i Szakképzõ és Továbbképzõ Int.','','1085','Horánszky u. 15.','Budapest VIII. ker.','',74),(1124,NULL,'Euromedic Diagnostics Magyarország Kft.','','6725','Semmelweis u. 6.','Szeged','',320),(1125,NULL,'Euromedic International Kft.','10850868-2-41','1051','Dorottya u. 1.','Budapest V. kerület','',1314),(1126,NULL,'Euromedic Pharma Zrt.','11087388-2-41','1051','Dorottya u.1.','Budapest V. kerület','',1467),(1127,NULL,'Euromedic Technology Kft.','','1051','Dorottya u. 1.','Budapest V. kerület','',1548),(1128,NULL,'Euromedic Trading Kft.','12077571-2-41','1051','Dorottya u. 1.','Budapest V. kerület','',1296),(1129,NULL,'Event Plus Services Kft.','','8200','Wartha Vince u. 28/b.','Veszprém','',1597),(1130,NULL,'Event-Immo Kft.','22664565-2-42','1065','Révay u. 10.','Budapest VI. kerület','',1666),(1131,NULL,'EventStudio Kft.','','1122','Krisztina krt. 35.','Budapest XII. ker.','',326),(1132,NULL,'eVisit Kft.','13480244-2-13','2626','Tégla u. 6.','Nagymaros','',1478),(1133,NULL,'Exams Kft.','','1118','Budaörsi út 4/a.','Budapest XI. kerület','',1347),(1134,NULL,'F. M. Gyermekeiért Alapítvány','','8000','Seregélyesi u. 3.','Székesfehérvár','',1254),(1135,NULL,'Fábián Panzió Bt.','20487865-2-03','6000','Kápolna u. 14.','Kecskemét','',558),(1136,NULL,'Fagus Vagyonkezelõ Kft.','13402660-2-41','1132','Váci út 34. 3/2.','Budapest XIII. ker.','',153),(1137,NULL,'Farkas Brigitta','','7632','Lahti u. 26.','Pécs','',1361),(1138,NULL,'Farkas Cecilia','','1013','Pauler utca 15. 3.em/8.','Budapest I. kerület','',1646),(1139,NULL,'Farnadi Eü. Bt.','','2500','Ipoly A. u. 4.','Esztergom','',870),(1140,NULL,'Fehér-Lótusz Kft.','','2890','Székely Bertalan u. 18.','Tata','',916),(1141,NULL,'Fehérplatán Szállodai Szolg. Kft.','14529287-2-07','8000','Gyümölcs u. 18.','Székesfehérvár','',368),(1142,NULL,'Fejér M. Gyermekeiért Alapítvány','','8000','Seregélyesi út 3.','Székesfehérvár','',1590),(1143,NULL,'Fejér M. Szent György E. Okt. Kórház','','8000','Seregélyesi út 3.','Székesfehérvár','',854),(1144,NULL,'Fejér M. Szent György Kórház','','8000','Seregélyesi út 3.','Székesfehérvár','',637),(1145,NULL,'Fejlõdésben Hátr. Gyermekek Alapítványa','','7100','Béri-Balogh Ádám u. 5-7.','Szekszárd','',170),(1146,NULL,'FER 3331 Kft.','11585271-2-41','1138','Révész u. 2.','Budapest XIII. ker.','',242),(1147,NULL,'Ferring Magyarország Kft.','10907922-2-41','1138','Tomori u. 34.','Budapest XIII. ker.','',40),(1148,NULL,'Fiatal Sebészekért Alapítvány','','1083','Korányi Sándor u. 2.','Budapest VIII. ker.','',1389),(1149,NULL,'FIGAMU-ért Kh. Alapítvány','','7623','Rákóczi út 2.','Pécs','',39),(1150,NULL,'FILKO Alapítvány','18468407-1-42','1081','Népszínház u. 36.','Budapest VIII. ker.','',687),(1151,NULL,'Fit-Med Kft.','','1144','Füredi u. 15/b. 7/172.','Budapest XIV. ker.','',1030),(1152,NULL,'FMC Magyarország Kft.','','1037','Szépvölgyi út 35-37.','Budapest III. ker.','',269),(1153,NULL,'Fodor Ágnes','','','','','',1174),(1154,NULL,'Fõfotó Kft.','106-55302-2-43','1116','Fehérvári út 104.','Budapest XI. kerület','',1),(1155,NULL,'Fordulópont Alapítvány','','2040','Gyár u. 2.','Budaörs','',579),(1156,NULL,'Forum Humanicum Development Kft.','','1025','Szeréna út 47.','Budapest II. kerület','',1139),(1157,NULL,'Fototronic Ker. és Szolg. Kft.','13162175-2-43','1112','Oltvány u. 2.','Budapest XI. kerület','',711),(1158,NULL,'Fõv.Önk.J.F.Dél-pesti Kh-k Alapítvány','','2220','Besztercei u. 9.','Vecsés','',1577),(1159,NULL,'Fresenius Kabi Hungary Kft.','10736687-2-41','1025','Szépvölgyi út 6.','Budapest II. kerület','',26),(1160,NULL,'Frida Family Kft.','14099436-2-14','8171','Zrínyi út 135.','Balatonvilágos','',194),(1161,NULL,'Fülemüle Bt.','','6044','Erdõföld u. 23.','Kecskemét','',314),(1162,NULL,'Full-Gas Kft.','12774852-2-14','8630','Nyárfa u. 13.','Balatonboglár','',1301),(1163,NULL,'Fülöpke és Dorka Bt.','','4032','Bolyai u. 30.','Debrecen','',539),(1164,NULL,'Fundamed Háziorvosi Szövetkezet','','2030','Bajcsy-Zsilinszky u. 47.','Érd','',545),(1165,NULL,'G és G Kül- és Belker. Kft.','','9400','Patak u. 12.','Sopron','',1531),(1166,NULL,'G-Magistratus Zrt.','13548346-2-13','2100','Dózsa György út 2.','Gödöllõ','',419),(1167,NULL,'G. Gy. Orsz. Kardiológiai Intézet','','1096','Haller u. 29.','Budapest IX. kerület','',1248),(1168,NULL,'G.L. Pharma Mo-i Közv. Ker. Képv.','30046926-1-41','1051','Bajcsy-Zsilinszky út 12.','Budapest V. kerület','',942),(1169,NULL,'G4 Bisztró Kft.','23441336-2-41','1054','Garibaldi u. 4.','Budapest V. kerület','',954),(1170,NULL,'Gamon-Med Orvosi Bt.','20636650-1-41','1012','Kuny D. u. 19. 2. em. 6.','Budapest I. kerület','',947),(1171,NULL,'Garai Csilla','','1112','Menyecske u. 3. 5/30.','Budapest XI. kerület','',487),(1172,NULL,'Gárdonyi Mihály','','7444','Arany J. u. 3.','Osztopán','',479),(1173,NULL,'Gastro Sanitas Bt.','','7400','Egyenesi út 30.','Kaposvár','',1604),(1174,NULL,'Gastro Update Alapítvány','','1026','Endrõdi S. u. 29/c.','Budapest II. kerület','',390),(1175,NULL,'Gastrolaxis Kft.','','1117','Nádorliget u. 8/F II/8','Budapest XI. kerület','',222),(1176,NULL,'Gastromedix Kft.','','4400','Váci Mihály u. 52.','Nyíregyháza','',859),(1177,NULL,'GastroVitalMed Kft.','','1126','Böszörményi út 13.','Budapest XII. ker.','',406),(1178,NULL,'Gasztro Dél-Pest Közhasznú Alapítvány','','1136','Hegedûs Gyula u. 20/b.','Budapest XIII. ker.','',327),(1179,NULL,'Gasztro-Med 2000 Bt.','','3300','Székelyudvarhelyi út 13.','Eger','',788),(1180,NULL,'Gasztro-Ped Bt.','20600475-1-07','8151','Platánfa u. 25.','Szabadbattyán','',1024),(1181,NULL,'Gasztronómia Klub Étterem Vend.ipari Kft','11980164-2-41','1051','Roosevelt tér 9.','Budapest V. kerület','',149),(1182,NULL,'GE Hungary Kft.','13113267-2-44','1131','Madarász Viktor u. 6.','Budapest XIII. ker.','',1612),(1183,NULL,'GEA Képzésért Alapítvány','','6000','Bagoly út 1/a.','Kecskemét','',403),(1184,NULL,'Gea-Med Bt.','','6000','Gázló u. 32.I./3.','Kecskemét','',1620),(1185,NULL,'Gegee Otoch Kft.','','5300','Kálvin út 11/1.','Karcag','',404),(1186,NULL,'Generali-Providencia Biztosító Zrt.','10308024-4-44','1066','Teréz krt. 42-44.','Budapest VI. kerület','',682),(1187,NULL,'Genomic Solution s.r.o.','SK2023300081','945 01','Nam. m.r. Stefanika 5','Komarno, Szlovákia','',943),(1188,NULL,'Genzyme Europe B.V. Képviselet','22248329-1-43','1117','Alíz u. 1.','Budapest XI. kerület','',162),(1189,NULL,'Gerand Medical Kft.','','1173','Tápióbicske u. 14.','Budapest XVII. ker.','',671),(1190,NULL,'Gerbeaud Gasztronómia Kft.','13353779-2-41','1051','Vörösmarty tér 7-8.','Budapest V. kerület','',62),(1191,NULL,'Géringer Noémi','','7030','Kurcsatov u. 6. 3/11.','Paks','',1005),(1192,NULL,'Geronto-Med Nonprofit Kft.','21837177-1-13','2700','Törteli út 12.','Cegléd','',871),(1193,NULL,'GG-85 Kft.','13312765-2-02','7773','Baross G. u. 85-87.','Villány','',408),(1244,NULL,'Gidainé Kulics Judit','','1144','Csertõ u. 6-8.','Budapest XIV. ker.','',729),(1245,NULL,'GlaxoSmithKline Kft.','10854343-2-44','1124','Csörsz u. 43.','Budapest XII. ker.','',22),(1246,NULL,'Global Business Travel Mo. Kft.','10445464-2-41','1134','Váci út 33.','Budapest XIII. ker.','',1410),(1247,NULL,'Gominon Anne-laure','','33000','123 rue kater','Bordeaux, France','',1505),(1248,NULL,'Goodwill Pharma Kft.','11399270-2-06','6724','Cserzy M. u. 32.','Szeged','',1035),(1249,NULL,'Gottwald Kft.','10399181-2-11','2890','Fekete út 1.','Tata','',270),(1250,NULL,'Gráner-Med Praxis Kft.','','6726','Túzok u. 8/b. I/3.','Szeged','',1120),(1251,NULL,'Granmed Kft.','','2500','Kistói u. 7,','Esztergom','',233),(1252,NULL,'Green Sound Plusz Kft.','13323387-2-43','1112','Budaörsi út 153.','Budapest XI. kerület','',120),(1253,NULL,'Gscheidt Helga','','7400','Búzavirág u. 14.','Kaposvár','',493),(1254,NULL,'Gundel Kft.','10505898-2-42','1146','Gundel Károly út 4.','Budapest XIV. ker.','',576),(1255,NULL,'GYEMSZI EFF','','1125','Diós árok u. 3.','Budapest XII. ker.','',720),(1256,NULL,'GYEMSZI-OGYI','15324683-2-43','1125','Diós árok 3.','Budapest XII. ker.','',1116),(1257,NULL,'Gyer-Seb Bt.','','8000','Huba u. 11.','Székesfehérvár','',1409),(1258,NULL,'Gyermek Intenzív Terápiáért Alapítvány','','9024','Vasvári P. u. 2-4.','Gyõr','',1245),(1259,NULL,'Gyermek-Anaszta Bt.','','7400','Búzavirág u. 31.','Kaposvár','',1183),(1260,NULL,'Gyermekegészség Bt.','25690392-1-15','4400','Gádor Béla u. 40.','Nyíregyháza','',1082),(1261,NULL,'Gyermekeink Színvonalasabb E. Alapítvány','','4220','Ady tér 10.','Hajdúböszörmény','',968),(1262,NULL,'Gyermekkl. A. Gyermekeinkért Alapítvány','','4032','Nagyerdei krt. 98.','Debrecen','',1022),(1263,NULL,'Gyermekkor Alapítvány','19624617-1-41','1131','Madarász u. 22.','Budapest XIII. ker.','',982),(1264,NULL,'Gyermekszív Alapítvány DOTE Gyermekkl.','','4032','Nagyerdei krt. 98.','Debrecen','',1465),(1265,NULL,'Gyneco-Onk-Grafo Bt.','','5540','IV. kk. Tanya 8.','Szarvas','',380),(1266,NULL,'Gyógypraxis Kft.','13841553-2-42','1149','Pillangó u. 32.','Budapest XIV. ker.','',860),(1267,NULL,'Gyõri Tüdõgondozásért Alapítvány','18656345-1-08','9028','Tárogató u. 79.','Gyõr','',1671),(1268,NULL,'Gyulai Gyermekosztályért Alapítvány','','5700','Kárpát u. 11.','Gyula','',1092),(1269,NULL,'H-Aurora 2013 Kft.','23446001-2-05','3519','Fagyöngy u. 2-4.','Miskolc','',1387),(1270,NULL,'H-Event Kft.','13771144-2-42','1146','Ajtósi Dürer sor 19-21.','Budapest XIV. ker.','',1105),(1271,NULL,'H. P. Gyermekkh. - Gyermekkor Alapítvány','','1131','Madarász Viktor u. 22-24.','Budapest XIII. ker.','',1583),(1272,NULL,'H. P. Zichy - Lõrincz pap tér 2. Kft.','13776912-2-41','1054','Kálmán Imre u. 19.','Budapest V. kerület','',266),(1273,NULL,'H.S.-medplan Kft.','10834015-2-43','1111','Karinthy F. út 14. I/3.','Budapest XI. kerület','',1213),(1274,NULL,'HA-VA Med Bt.','','1145','Amerikai út 52.','Budapest XIV. ker.','',540),(1275,NULL,'Halasi Human Service Bt.','','6400','Kossuth u. 2.','Kiskunhalas','',1045),(1276,NULL,'Hallásgondozásért Nagykanizsán Alapítván','19270672-1-20','8800','Szekeres József út 2-8.','Nagykanizsa','',349),(1277,NULL,'Hanami Média Kft.','23121368-2-41','1025','Szeréna út 33. fsz. 1.','Budapest II. kerület','',894),(1278,NULL,'Hangódi Erika','','','','','',1220),(1279,NULL,'Harányi Gabriella','','1122','Ráth Gy. u. 7-9.','Budapest XII. ker.','',125),(1280,NULL,'Harmónia Orvosi és Mûvészeti Alapítvány','18117754-1-41','1136','Balzac u. 54.','Budapest XIII. ker.','',596),(1281,NULL,'Három Szász Bt.','','1192','Áloms u. 25.','Budapest XIX. ker.','',657),(1282,NULL,'Hartmann Eszter','','7632','Gyöngyös u. 2. 3/10.','Pécs','',1095),(1283,NULL,'Hartmann-Rico Hungaria Kft.','12278923-2-13','2051','Budapark, Paul Hartmann u. 8.','Biatorbágy','',469),(1284,NULL,'Hartmannmed Kft.','','7632','Esztergályos János u. 14.','Pécs','',1616),(1285,NULL,'Haukeland Univ. Hosp. Dept of Ped.','','5021','Post Box1400','Bergen, Norway','',1486),(1286,NULL,'Hazai Szervátültetésért Alapítvány','','1082','Baross u. 23.','Budapest VIII. ker.','',400),(1287,NULL,'Házi Éva','','5000','Moha út 5.','Szolnok','',761),(1288,NULL,'Health Port Plus Kft.','23187708-2-13','2092','Reviczky u. 8.','Budakeszi','',712),(1289,NULL,'Heim P. Gyermekkh Fejl-ért Alapítvány','','1089','Üllõi út 86.','Budapest VIII. ker.','',1378),(1290,NULL,'Heim Pál Gyermekkórház','','1089','Üllõi út 86.','Budapest VIII. ker.','',874),(1291,NULL,'HELICO Kft.','','1042','Berzeviczy G. u.  9-11. III/11','Budapest IV. kerület','',212),(1292,NULL,'Helikon Utazási Iroda Kft.','','8360','Erzsébet királyné útja 21.','Keszthely','',87),(1343,NULL,'Helix Eü Bt.','','2426','Ady E. u. 65.','Baracs','',342),(1344,NULL,'Hepatológiai Alapítvány a Májbetegekért','','1041','Szigeti József u. 15.','Budapest IV. kerület','',508),(1345,NULL,'Himed-Kem Bt.','','1028','Rákos u. 3.','Budapest II. kerület','',358),(1346,NULL,'Hipp Kft.','','9167','Hipp u. 1.','Hanságliget','',163),(1347,NULL,'HIPP Termelõ és Kereskedelmi Kft.','10739862-2-08','9167','Hipp u. 1.','Hanságliget','',1078),(1348,NULL,'Hiszto-Diagnosztika Kft.','','9028','Varga Katalin u. 3/B','Gyõr','',898),(1349,NULL,'HITEG 2004 Bt.','21934456-1-06','6726','Bal fasor 38.','Szeged','',1039),(1350,NULL,'Hóbor-Petényi Bt.','','8900','Harangvirág u. 12.','Zalaegerszeg','',254),(1351,NULL,'HOGE Orvosi Mûszer Kft.','10246887-2-41','1033','Szõlõkert u. 7.','Budapest III. ker.','',1149),(1352,NULL,'Holimed Bt.','','1026','Garas u. 12.','Budapest II. kerület','',304),(1353,NULL,'Hollister Kft.','12618927-2-43','1117','Hauszmann Alajos u. 4/b.','Budapest XI. kerület','',884),(1354,NULL,'Horváth Dusán','','7629','Hársfa út 118/1.','Pécs','',1661),(1355,NULL,'Horváth és Társa Bt.','','3400','Marx u. 14.','Mezõkövesd','',399),(1356,NULL,'Horváth Jánosné','','6440','Kélesi u. 37.','Jánoshalma','',1542),(1357,NULL,'Hospitrade Kft.','','1118','Otthon u. 42.','Budapest XI. kerület','',140),(1358,NULL,'Hotel Három Gúnár Kft.','','6000','Batthyány u. 1-7.','Kecskemét','',553),(1359,NULL,'Hotel Monopoly - 4. Hullám Kft.','13974048-2-14','8220','Neptun u. 15.','Balatonalmádi','',923),(1360,NULL,'Hotel Ózon Kft.','11167806-2-41','1051','Deák Ferenc u. 21.','Budapest V. kerület','',1110),(1361,NULL,'Hotel Páva Plaza Kft.','11949198-2-43','1094','Tompa u.30-34.','Budapest IX. kerület','',1341),(1362,NULL,'Hotel Silvanus Kft.','14023839-2-13','2025','Fekete hegy 0134 hrsz.','Visegrád','',84),(1363,NULL,'Hotel Szilvás Kft.','11167813-2-10','3348','Park u. 6.','Szilvásvárad','',499),(1364,NULL,'HSH-Chemie Kft.','','1139','Pap Károly u. 4-6.','Budapest XIII. ker.','',849),(1365,NULL,'HTS Medical Kft.','','2051','Paul Hartmann u. 8.','Biatorbágy','',1333),(1366,NULL,'Huba Pharma Kft.','11715849-2-13','2440','István király útja 32.','Százhalombatta','',1115),(1367,NULL,'Humamed 2003 Bt.','','3300','Brassói u. 17.','Eger','',427),(1368,NULL,'Human BioPlazma Kft.','13971227-2-13','2100','Táncsics M. út 80.','Gödöllõ','',1270),(1369,NULL,'Human-2000 Bt.','','8380','Hunyadi u. 5.','Hévíz','',341),(1370,NULL,'Human-Jövõ 2000 Nonprofit Kft.','20707156-2-14','8093','Erdõsor u. 1.','Lovasberény','',240),(1371,NULL,'HUMED Bt.','','1035','Erdõalja út 103.','Budapest III. ker.','',574),(1372,NULL,'HUN-MED Kft.','10711426-2-13','2045','Tó park u. 3.','Törökbálint','',44),(1373,NULL,'Hunguest H. Zrt. Grandhotel Galya','12155169-2-44','3234','Kodály Zoltán sétány 10.','Galyatetõ','',1119),(1374,NULL,'Hvidovre Hospital Dept. of Ped.','','2650','Afsnit 460, Kettegaard Alle 30','Hvidovre, Denmark','',1491),(1375,NULL,'IHI Magyarország Zrt.','12717875-2-42','1073','Erzsébet krt. 43-49.','Budapest VII. ker.','',1645),(1376,NULL,'II. sz. Sebészeti Klinikáért Alapítvány','','1025','Kapy u. 15.','Budapest II. kerület','',691),(1377,NULL,'Ijf. Dr. Budai László','','3200','Huszár u. 15.','Gyöngyös','',543),(1378,NULL,'Ilsa Humán Bt.','','2600','Cserje u. 54/5.','Vác','',80),(1379,NULL,'Imrik Márta','','1114','Mészöly u. 6.','Budapest XI. kerület','',848),(1380,NULL,'Incus Bt.','','8448','Búzavirág u. 14.','Ajka','',289),(1381,NULL,'Informed Alapítvány Közhasznú Szervezet','','9700','Széll K. u. 34/a','Szombathely','',176),(1382,NULL,'Inhibitor Kft.','10446836-2-43','1183','Nefelejcs u. 28.','Budapest XVIII. ker.','',696),(1383,NULL,'Inprimo-Ped Kft.','','8800','Dózsa Gy. u. 119/b.','Nagykanizsa','',1570),(1384,NULL,'Int. Centre for Migration Policy Dev.','','A-1010','Gonzagagasse 1, 5th floor','Vienna, Austria','',1636),(1385,NULL,'Int.k.igénylõ Gy. Megment. Alapítvány','','1089','Üllõi út 86.','Budapest VIII. ker.','',1312),(1386,NULL,'Intenzív Terápiáért Alapítvány','','2800','Dózsa György út 77.','Tatabánya','',1243),(1387,NULL,'Interstuhl Büromöbel GmbH & Co KG','','72469','21 Brühlstrasse','Messstetten-Tierring','',449),(1388,NULL,'IPS-Power Kft.','14085251-2-08','9024','Nádor u. 23.','Gyõr','',1571),(1389,NULL,'Ipsen Pharma SAS Mo-i Ker. Képv.','','1133','Árbócz u. 6.','Budapest XIII. ker.','',381),(1390,NULL,'ISOLACAR Kft.','25391017-2-14','8622','Móricz Zsigmond u. 28. I/5.','Szántód','',1600),(1391,NULL,'Ispita Alapítvány','','8900','Zrínyi M. u. 1.','Zalaegerszeg','',122),(1392,NULL,'ISRA-Med Kft.','','9900','Munkácsy M. u. 5.','Körmend','',323),(1393,NULL,'Ivanics Kft.','10637193-2-44','1221','Kártya u. 1-3.','Budapest XXII. ker.','',1298),(1394,NULL,'Izinta Kereskedelmi Kft.','10814505-2-43','1121','Konkoly-Thege M. u. 29-33.','Budapest XII. ker.','',640),(1395,NULL,'Izotóp Intézet Kft.','10807262-2-43','1121','Konkoly Thege Miklós út 29-33.','Budapest XII. ker.','',109),(1396,NULL,'Izsó Orvosi Bt.','','1034','Bécsi út 93/b.','Budapest III. ker.','',591),(1397,NULL,'J-N-Sz Megyei Hetényi Géza Kórház','','5000','Tószegi út 21.','Szolnok','',1085),(1398,NULL,'Jablonkai Judit','','5085','Szent László király u. 6/a','Rákóczifalva','',1528),(1399,NULL,'Jahn Ferenc Dél-pesti Kórház','','1201','Köves u. 1.','Budapest XX. kerület','',917),(1400,NULL,'Jan de Laffolie','','35392','Richard Wagner str 14','Giessen, Germany','',1503),(1401,NULL,'Janca Medi-Land Bt.','','1055','Falk Miksa u. 4.','Budapest V. kerület','',238),(1402,NULL,'Jancsár Hotel Kft.','12828982-2-07','8000','Balatoni út 19-43.','Székesfehérvár','',370),(1403,NULL,'Jánosi és Társa Sebészeti Bt.','','3000','Rákóczi út 112.','Hatvan','',1418),(1404,NULL,'Jánosikné Dr. Opre Judit','','4031','Vajdahunyad u. 10.','Debrecen','',995),(1405,NULL,'Janssen-Cilag Kft.','13216281-2-44','1123','Nagyenyed u. 8-14.','Budapest XII. ker.','',3),(1406,NULL,'Járvásné B. Balogh Henrietta','','2750','Bárány u. 2/b.','Nagykõrös','',501),(1407,NULL,'Jászné Pál-Kovács Zita','','1183','Karinthy F. u. 12.','Budapest XVIII. ker.','',497),(1408,NULL,'Játszóház Alapítvány','','1094','Tûzoltó u. 7-9.','Budapest IX. kerület','',1313),(1409,NULL,'Jedimed Kft.','','2094','Kossuth u. 76. 1/1.','Nagykovácsi','',780),(1410,NULL,'Jégszikra Bt.','28468817-1-41','1135','Kisgömb u. 14-16. 1. lph. 2. e','Budapest XIII. ker.','',1111),(1411,NULL,'Jeneyné Nemes Edit','','1118','Gorkij u. 26.','Budapest XI. kerület','',1360),(1412,NULL,'JMB Event Kft.','','1202','Tátra tér 2.','Budapest XX. kerület','',470),(1413,NULL,'Jó Hallásért Eü. Bt.','','7200','Tulipán u. 20.','Dombóvár','',283),(1414,NULL,'Jócsák Eszter','','','','','',843),(1415,NULL,'Johnson & Johnson Kft.','10495177-2-44','1123','Nagyenyed u. 8-14.','Budapest XII. ker.','',45),(1416,NULL,'Jósa András Eü. Szolg. és Nonprofit Kft.','','4400','Szent István u. 68.','Nyíregyháza','',75),(1417,NULL,'Ju-Med Egészségcentrum Kft.','','1155','Mézeskalács tér 18.','Budapest XV. kerület','',386),(1418,NULL,'Juliana Serrano Nieto','','29010','Eugenio Gross, 9, 3B','Malaga, Spain','',1510),(1419,NULL,'Junior Vendéglátó Zrt.','','1095','Mester u. 29-31.','Budapest IX. kerület','',888),(1420,NULL,'Junior Vital Kft.','','3508','Lavotta u. 4.','Miskolc','',1365),(1421,NULL,'JVZSE Eü. Nonprofit Kft.','','3360','Alkotmány út 59.','Heves','',635),(1422,NULL,'Kadamed Bt.','','1137','Radnóti Miklós u. 19/a.','Budapest XIII. ker.','',592),(1423,NULL,'Kalocsai Szent Kereszt Kórház','','6300','Kossuth L. u. 34-36.','Kalocsa','',855),(1424,NULL,'Kaposi Mór Oktató Kórház','','7400','Guba S. u. 40.','Kaposvár','',130),(1425,NULL,'Kaposvári Egyetem Egészségügyi Centrum','15329774-2-14','7400','Guba S. u. 40.','Kaposvár','',141),(1426,NULL,'Kaposvári Egyetem Egészségügyi Centrum','','7400','Guba Sándor u. 40.','Kaposvár','',438),(1427,NULL,'Karai Adrienn','','6753','Déva u. 21.','Szeged','',1526),(1428,NULL,'Karda Anna','','6000','László Károly u. 18.','Kecskemét','',1207),(1429,NULL,'Kardioderma Kft.','','6726','Kertész u. 54/a.','Szeged','',453),(1430,NULL,'Kardirex Eü. Közp. Gyõr Kft.','11460051-2-08','9024','Táncsics M. u. 43.','Gyõr','',684),(1431,NULL,'Karosinvest Zrt. Hotel Karos Spa','12955134-2-20','8749','Alma u. 1.','Zalakaros','',1586),(1432,NULL,'Károsodott Újszülöttek Alapítványa','','2000','Kökény u. 4.','Szentendre','',1242),(1433,NULL,'Kaszásné Dr. Vasadi Valéria','','2000','Íjász u. 19.','Szentendre','',405),(1434,NULL,'Kátai Gábor Kórház','','5300','Zöldfa u. 48.','Karcag','',541),(1435,NULL,'Kecskeméti Gyermekosztályért Alapítvány','','6000','Nyíri út 38.','Kecskemét','',1309),(1436,NULL,'Kecskés Ferencné','','1036','Zápor u. 59.','Budapest III. ker.','',757),(1437,NULL,'Kelemen J. A. a Szegedi Daganatgyógyítás','','6720','Korányi fasor 12.','Szeged','',1330),(1438,NULL,'Kelemen János Alapítvány','','6720','Korányi fasor 12.','Szeged','',704),(1439,NULL,'Kemenczei Mária','','1162','Hunyadvár u. 26.','Budapest XVI. ker.','',1436),(1440,NULL,'Kenézy Gyula Kórház és Rendelõintézet','','4031','Bartók Béla út 2-26.','Debrecen','',1256),(1441,NULL,'Kerti Tünde Ildikó','','4032','56-osok tere 7. 5/43.','Debrecen','',748),(1442,NULL,'KÉSZ Hotel és Konferencia M. Kft.','14472707-2-03','6000','Izsáki út 6.','Kecskemét','',1147),(1443,NULL,'KEVEMED Kft.','14439014-1-43','1115','Keveháza u. 10.','Budapest XI. kerület','',586),(1444,NULL,'KIARA 2002 Kft.','','2120','Kolozsvár u. 4.','Dunakeszi','',1648),(1445,NULL,'Király Melinda','','2840','Gönczi F. út 2.','Oroszlány','',1566),(1446,NULL,'Királykõ Bt.','','2120','Ungvár u. 20.','Dunakeszi','',1046),(1447,NULL,'Kisfa 2000 Bt.','','8900','Hegyalja u. 3/b.','Zalaegerszeg','',350),(1448,NULL,'Kisfaludy Pál Alapítvány','','1145','Uzsoki u. 29.','Budapest XIV. ker.','',614),(1449,NULL,'Kiskunhalasi Semmelweis Kórház','','6400','Dr. Monszpart L. u. 1.','Kiskunhalas','',655),(1450,NULL,'Kiss Gyöngyi Katalin','','9030','Fenyõszer út 31.','Gyõr','',739),(1451,NULL,'Kiss-Dala Noémi','','2100','Palota-kert 4.','Gödöllõ','',885),(1452,NULL,'Kissné Galamb Julianna','','6900','Ady E. u. 17.','Makó','',1539),(1453,NULL,'Kl. für Allgemeine Päd, UKSH Campus Kiel','','24105','Arnold-Heller-Str. 3 (Haus 9)','Kiel, Germany','',1508),(1454,NULL,'Kokas Marianna','','9024','Lomnic u. 18.','Gyõr','',763),(1455,NULL,'Koller Kriszta','','3244','Kossuth út 221.','Parádfürdõ','',1098),(1456,NULL,'Komádiné Katona Krisztina','','1193','Szigligeti u. 5. V/13.','Budapest XIX. ker.','',1015),(1457,NULL,'Koncz Judit','','2400','Október 23. tér 7. 2. em. 1.','Dunaújváros','',1519),(1458,NULL,'Konfliktus Bt.','','1121','Agancs út 10.','Budapest XII. ker.','',365),(1459,NULL,'Koraszülöttm. és Gyermekint. Alapítvány','','8900','Zrínyi M. u. 1.','Zalaegerszeg','',1310),(1460,NULL,'Kormosné Török Éva','','3525','Pallos u. 10. 1/3.','Miskolc','',750),(1461,NULL,'Korszerû Sebészetért Alapítvány','','4032','Nyék u. 34.','Debrecen','',694),(1462,NULL,'Kosnacova Jana','','841 05','Jamnického 6','Bratislava, Slovakia','',1499),(1463,NULL,'Kotán Med Bt.','','4031','Gyepûsor u. 26.','Debrecen','',639),(1464,NULL,'Kovács Zsuzsa','','1082','Üllõi út 40. 3/2.','Budapest VIII. ker.','',816),(1465,NULL,'Kovácsné Dr. Balogh Judit','','1137','Szent István park 6.','Budapest XIII. ker.','',424),(1466,NULL,'Kõvári és Radnai Bt.','','7621','Király u. 59.','Pécs','',309),(1467,NULL,'Kõvári Inge','','6727','Csap utca 89.','Szeged','',1515),(1468,NULL,'Kováts Ferenc Alapítvány','19672160-1-43','1125','Diósárok út 1/c.','Budapest XII. ker.','',1127),(1469,NULL,'Kozma és Damján Alapítvány','18355570-1-03','6000','Nyíri út 38.','Kecskemét','',111),(1470,NULL,'KPS Kft.','','1024','Retek u. 34.','Budapest II. kerület','',467),(1471,NULL,'Kratari-Med Bt.','','1213','Erdõsor u. 190.','Budapest XXI. ker.','',103),(1472,NULL,'Krecskainé Keresztes Nagy Ágnes','','6727','Lõvy Sándor u. 45/b.','Szeged','',745),(1473,NULL,'Kritikus Állapotú Gyermekekért Alapítván','','1097','Gyáli út 5-7.','Budapest IX. kerület','',1253),(1474,NULL,'KRKA Magyarország Kereskedelmi Kft.','10886342-2-41','1036','Pacsirtamezõ u. 5. I/3.','Budapest III. ker.','',4),(1475,NULL,'Kulturmed Kft.','24192994-2-41','1138','Róbert Károly krt. 12/c.','Budapest XIII. ker.','',593),(1476,NULL,'Kurucles Tanácsadó Bt.','','1021','Kuruclesi út 17. B. ép.','Budapest II. kerület','',837),(1477,NULL,'Laboratórium Kft.','133461137-2-41','1139','Röppentyû u. 48.','Budapest XIII. ker.','',781),(1478,NULL,'LadeePharma Kft.','','1036','Lajos u. 48-66.','Budapest III. ker.','',263),(1479,NULL,'Lamarmed Kft.','14852477-2-04','5600','Urszinyi Dezsõné utca 16.','Békéscsaba','',1200),(1480,NULL,'Lana Med Bt.','','2840','Vasút sor 1/b.','Oroszlány','',1135),(1481,NULL,'Lana Omerza','','10000','Kutnjacki put 18','Zagreb, Croatia','',1509),(1482,NULL,'Langhammer Szilvia','','7625','Böck János u. 4.','Pécs','',734),(1483,NULL,'LARYNGOMEDIC Kft.','','1063','Munkácsy M. u. 34. I/6.','Budapest VI. kerület','',353),(1484,NULL,'Lehóczki Bettina','','6726','Töltés u. 28.','Szeged','',485),(1485,NULL,'Leila Spa Hotel Kft. Green Hotel Bp.','14681008-2-42','1081','Népszínház u. 55.','Budapest VIII. ker.','',549),(1486,NULL,'Lem-Tréner Kft.','','2627','Kossuth L. u. 1.','Zebegény','',906),(1487,NULL,'Lestár Anna Mária','','8000','Tolnai u. 2. F/3.','Székesfehérvár','',1355),(1488,NULL,'Lilla-Med Bt.','','6726','Marostõi u. 7-9.','Szeged','',662),(1489,NULL,'Lilly Hungária Kft.','10639982-2-42','1075','Madách u. 13-14.','Budapest VII. ker.','',11),(1490,NULL,'Linamed Kft.','','2510','Munkácsy M. u. 1.','Dorog','',672),(1491,NULL,'Line Modin','','5592','Storegade 21','Ejby, DK','',1484),(1492,NULL,'Linea Italiana Kft.','11296627-2-17','7100','Szent László u. 19.','Szekszárd','',1642),(1493,NULL,'Lipolízis Bt.','','4241','Monostori út 26.','Bocskaikert','',953),(1494,NULL,'Lisztérzékenyek Érdképv. Orsz. Egyesület','','1025','Palánta u. 11.','Budapest II. kerület','',503),(1495,NULL,'LK W.N. Abt. für Stahlenth.und Radioonk.','','A-2700','Corvinus Ring 3-5','Wiener Neustadt','',697),(1496,NULL,'Logana Bt.','','1201','Alsóteleki u. 6.','Budapest XX. kerület','',1466),(1497,NULL,'Lorencz Péter','','9700','Katona J. u. 3.','Szombathely','',1540),(1498,NULL,'Lovas Kornélia','','1098','Napfény u. 23.','Budapest IX. kerület','',402),(1499,NULL,'Lovász Éva','','7677','Vadász u. 1/e.','Orfû','',738),(1500,NULL,'LUMB-DOC Bt.','','6000','Alkony u. 65.','Kecskemét','',1199),(1501,NULL,'Luminitza Szociális Szövetkezet','24330301-2-02','7370','Szent Imre u. 14.','Sásd','',983),(1502,NULL,'Lurkó Alapítvány','','9022','Kiss J. u. 27.','Gyõr','',171),(1503,NULL,'Lux Hungária Kft.','11809205-2-42','1145','Jávor u. 5/a.','Budapest XIV. ker.','',675),(1504,NULL,'Luzsomed Kft.','','3529','Perczel Mór u. 38. I/6.','Miskolc','',566),(1505,NULL,'M & Zs Medi-Care Kft.','14439856-2-08','9090','Arany J. u. 39.','Pannonhalma','',224),(1506,NULL,'M-D és a M. Tüdõbetegek Eg. Alapítvány','18442616-1-05','3533','Kórház út 1.','Miskolc','',1398),(1507,NULL,'M. ANNA Bt.','28421577-2-43','1125','Diósárok u. 16/II.','Budapest XII. ker.','',587),(1508,NULL,'M.Ranch Bt.','','7100','Bem József u. 34.','Szekszárd','',214),(1509,NULL,'Macsatti Bt.','20786652-1-43','1097','Vágóhíd u. 23-29. fszt. 88.','Budapest IX. kerület','',668),(1510,NULL,'Madentko Kft.','','9700','Széchenyi u. 4-6.','Szombathely','',292),(1511,NULL,'Magyar Diabetes Társaság','','1013','Feszty Árpád u. 4. IV/15.','Budapest I. kerület','',249),(1512,NULL,'Magyar Endoszkópiáért Alapítvány','','6726','Fakopáncs u. 5.','Szeged','',1064),(1513,NULL,'Magyar Gyermek-gasztoent. Társ. Kh. Egy.','','1083','Bókay u. 53.','Budapest VIII. ker.','',846),(1514,NULL,'Magyar Halászbástya Kft.','14015887-2-42','1014','Halászbástya 1.','Budapest I. kerület','',454),(1515,NULL,'Magyar Kh-i Gyógyszerészetért Alapítvány','','4032','Nagyerdei krt. 98.','Debrecen','',466),(1516,NULL,'Magyar Magán Gasztroent. Társasága','','1103','Noszlopy u. 41/F.','Budapest X. kerület','',471),(1517,NULL,'Magyar Mesterséges Táplálási Társaság','','1094','Tûzoltó u. 7-9.','Budapest IX. kerület','',807),(1518,NULL,'Magyar Mûtõsasszisztensi Társulás','','1074','Rákóczi út 68. I/8.','Budapest VII. ker.','',1427),(1519,NULL,'Magyar Onkológusok Társasága','','1122','Ráth Gy. u. 7-9.','Budapest XII. ker.','',937),(1520,NULL,'Magyar Sebész Társaság','','1082','Üllõi út 78.','Budapest VIII. ker.','',322),(1521,NULL,'Magyariné Muhi Mária','','6044','Kikelet u. 6.','Kcs. - Hetényegyháza','',1362),(1522,NULL,'Magyarországi Jehova Tanúi Egyház','','1163','Kövirózsa u. 1.','Budapest XVI. ker.','',1336),(1523,NULL,'Májbetegek Gyermekekért Alapítvány','','1025','Nagybányai út 5.','Budapest II. kerület','',1547),(1524,NULL,'Mallprinc Bt.','','1094','Tompa u. 7. V/1.','Budapest IX. kerület','',197),(1525,NULL,'Mansion Danube Hungary Kft.','','1052','Apáczai-Csere János u. 12-14.','Budapest V. kerület','',800),(1526,NULL,'MarosváriMed Bt.','','1077','Hevesi S. tér 1.','Budapest VII. ker.','',1649),(1527,NULL,'Masterholding Trust Befektetési Kft.','10960558-2-43','1125','Felhõ u. 16/a.','Budapest XII. ker.','',896),(1528,NULL,'Mastermix Bt.','21106699-2-43','1121','Eötvös u. 47-53. E. ép. 1. em.','Budapest XII. ker.','',956),(1529,NULL,'Mater-Ped Kft.','','7100','Dienes Valéria u. 12. 5/10','Szekszárd','',1625),(1530,NULL,'MAZS Alapítvány','19664651-2-42','1075','Síp u. 12.','Budapest VII. ker.','',60),(1531,NULL,'MD Onco Kft.','','4032','Görgei u. 14. 4/33.','Debrecen','',133),(1532,NULL,'Med Gen-Sol Kft.','22681694-2-13','2030','Alsóvölgyi u. 3.','Érd','',1321),(1533,NULL,'MED-EL Vienna','','','Liechtensteinstr. 22a/1/Mezz/5','A-1090 Wien, Austria','',373),(1534,NULL,'Med-Em Bt.','','2600','Petõfi S. u. 68.','Vác','',273),(1535,NULL,'Med-Fair Kft.','11942689-2-43','1205','Kossuth L. u. 177.','Budapest XX. kerület','',935),(1536,NULL,'Med-Time Bt.','','1204','Rezeda u. 1.','Budapest XX. kerület','',513),(1537,NULL,'Med-Unit Bt.','','8600','Bányász u. 10/a.','Siófok','',630),(1538,NULL,'Meda Pharma Hungary Kft.','13735520-2-41','1138','Váci út 91.','Budapest XIII. ker.','',1441),(1539,NULL,'Medaegrotis Kft.','','7625','Surányi M. u. 18.','Pécs','',321),(1540,NULL,'Medair Bt.','','4031','Vajdahunyad u. 10.','Debrecen','',1036),(1541,NULL,'MedBene Kft.','','1103','Noszlopy u. 41/f.','Budapest X. kerület','',510),(1592,NULL,'Medeszter Bt.','','7635','Jakabhegyi u.80.','Pécs','',795),(1593,NULL,'Medexpert Kft.','10356993-2-41','1037','Törökkõ u. 5-7.','Budapest III. ker.','',1308),(1594,NULL,'Medi-Call Bt.','','2340','Toldi M. u. 12.','Kiskunlacháza','',785),(1595,NULL,'Medi-Draw Kft.','','7100','Bartók Béla út 1.','Szekszárd','',1386),(1596,NULL,'MEDIC SB Kft.','','9400','Lenkey u. 1-3.','Sopron','',1134),(1597,NULL,'Medical Factory Kft.','14221240-2-14','7400','Wigner J. u. 17.','Kaposvár','',223),(1598,NULL,'Medical Group Kft.','13945437-2-13','2351','Északi Ipartelep 1.','Alsónémedi','',333),(1599,NULL,'Medicard 99 Bt.','','3300','Madách u. 8.','Eger','',474),(1600,NULL,'Medicina Kft.','11265722-2-16','5300','Nap u. 2.','Karcag','',1103),(1601,NULL,'Medicina Könyvkiadó Zrt.','','1072','Rákóczi út 16.','Budapest VII. ker.','',439),(1602,NULL,'Medico Ped Kft.','','2134','Szent István u. 23.','Szõd','',817),(1603,NULL,'Medico Uno Kft.','','2051','Viadukt u. 12.','Biatorbágy','',415),(1604,NULL,'Medico-Buda Kft.','','1126','Beethoven u. 10/b.','Budapest XII. ker.','',679),(1605,NULL,'Medico-Digitális Kft.','14153493-2-13','2100','Kossuth L. u. 9.','Gödöllõ','',1425),(1606,NULL,'Medico-Hep Kft.','','6723','Hont Ferenc u. 17/a.','Szeged','',268),(1607,NULL,'Medicons Kft. - Dr. Falk Pharma Képv.','10331512-2-13','2040','Károly király út 39.','Budaörs','',16),(1608,NULL,'Medicopharma Kft.','','1027','Ganz u. 11.','Budapest II. kerület','',478),(1609,NULL,'MEDICOR Kézimûszer Zrt.','11622453-2-09','4032','Füredi u. 98.','Debrecen','',617),(1610,NULL,'Medicus Sz-K Bt.','','2600','Katona Lajos u. 3/a.','Vác','',446),(1611,NULL,'Medifair Kft.','12584187-2-43','1222','Badacsony u. 9.','Budapest XXII. ker.','',1305),(1612,NULL,'MediFood Hungary Kft.','14462203-2-13','2053','Tavasz u. 8.','Herceghalom','',413),(1613,NULL,'Medigemm Hungary Kft.','22979618-2-42','1147','Istvánffy u. 9.','Budapest XIV. ker.','',1185),(1614,NULL,'Medikus Management Egyesület','18166985-1-42','1089','Nagyvárad tér 4.','Budapest VIII. ker.','',59),(1615,NULL,'Medikyr Kft.','','2700','Nyárfa u. 9/a.','Cegléd','',921),(1616,NULL,'Medilomb Kft.','12498334-2-02','7624','Angster J. u. 2/24.','Pécs','',429),(1617,NULL,'Medimprove Kft.','25119875-2-13','2100','Szkíta krt. 10.','Gödöllõ','',1380),(1618,NULL,'Medinon Kft.','','1043','Dugonics u. 11.','Budapest IV. kerület','',1067),(1619,NULL,'Medipulm Bt.','','4032','Tessedik S. u. 95.','Debrecen','',1152),(1620,NULL,'Medirex Zrt.','11909879-2-42','1142','Erzsébet királyné útja 98/b.','Budapest XIV. ker.','',714),(1621,NULL,'Medis Hungary Kft.','14036862-2-13','2045','Dulácska u. 1/a.','Törökbálint','',245),(1622,NULL,'Mediszintech Kft.','10669044-2-43','1097','Timót u. 8.','Budapest IX. kerület','',334),(1623,NULL,'MEDITOP Kft.','','2097','Ady u. 1.','Pilisborosjenõ','',374),(1624,NULL,'MediVitis Háziorvosi Bt.','','1116','Fegyvernek u. 22.','Budapest XI. kerület','',624),(1625,NULL,'Mediway Kft.','14641404-2-41','1054','Alkotmány u. 16. I/5.','Budapest V. kerület','',1070),(1626,NULL,'Mediwings Pharma Kft.','14692060-2-13','2111','Fehérház u. 16.','Szada','',1379),(1627,NULL,'Medline Kft.','10823596-2-13','2040','Petõfi S. u. 60.','Budaörs','',879),(1628,NULL,'Medlines Kft.','11883524-2-13','2314','Óvoda u. 7.','Halásztelek','',1626),(1629,NULL,'MedNetwork Kft.','23965955-2-43','1125','Kútvölgyi út 65/c.','Budapest XII. ker.','',563),(1630,NULL,'MEDOK-DOKI Kft.','','8000','Donát u. 123/a.','Székesfehérvár','',841),(1631,NULL,'Medon 2001 Bt.','20984757-2-03','6000','Futár u. 49.','Kecskemét','',1210),(1632,NULL,'Medorim Kft.','','3532','Pál u. 8.','Miskolc','',1204),(1633,NULL,'Medszabo Eü. Szolg. Kft.','13622813-2-02','7634','Mecsekszentkút hrsz 6067/3','Pécs','',1009),(1634,NULL,'Medtronic Bakken Research Center BV','','6401','Postbus 2949','DK Heerlen','',196),(1635,NULL,'Medtronic Hungária Kft.','12070907-2-43','1113','Bocskai út 134-146.','Budapest XI. kerület','',86),(1636,NULL,'Medtronic International Trading Sarl','','1131','Route du Molliau 31','Tolochenaz - CH','',58),(1637,NULL,'MEDVÖSZ-MZ Kft.','','4002','Pallag tanya 66014/19','Debrecen','',520),(1638,NULL,'Merck Kft.','10587287-2-44','1117','Október huszonharmadika u.6-10','Budapest XI. kerület','',10),(1639,NULL,'MÉRMED Eü. Bt.','','8200','Ördögárok u. 5.','Veszprém','',803),(1640,NULL,'Mersich Ibolya','','9700','Stromfeld A. u. 3.','Szombathely','',760),(1641,NULL,'Mester Medicin Bt.','','8200','Egyetem u. 1/b.','Veszprém','',660),(1642,NULL,'Mészáros Borház Kft.','13770239-2-17','7100','Kossuth L. u. 26.','Szekszárd','',1643),(1643,NULL,'MESZK Fejér M. Ter. Szervezete','','8000','Cserepes köz 1.','Székesfehérvár','',1051),(1644,NULL,'Mészöly Gyõzõné e.v.','53946872-2-39','8220','Bajcsy Zsilinszky u. 42.','Balatonalmádi','',1279),(1645,NULL,'Metachron Bt.','','1085','József krt. 37-39.','Budapest VIII. ker.','',562),(1646,NULL,'METOHÉ Kft.','','9024','Bem tér 14/c.','Gyõr','',1217),(1647,NULL,'MH Honvédkórház','','1134','Róbert Károly krt. 44.','Budapest XIII. ker.','',455),(1648,NULL,'MH Honvédkórház Onkológia','','1062','Podmaniczky u. 111.','Budapest VI. kerület','',460),(1649,NULL,'Micromedical Kft.','10873553-2-42','1152','Szentmihályi út 137.','Budapest XV. kerület','',46),(1650,NULL,'Micskó Éva Mária','','1131','Keszkemõ u. 7.','Budapest XIII. ker.','',759),(1651,NULL,'Mihók Csabáné','','5200','Deák F. u. 2.','Törökszentmiklós','',762),(1652,NULL,'MikroVákuum Kft.','10614927-3-42','1147','Kerékgyártó u. 10.','Budapest XIV. ker.','',115),(1653,NULL,'Mindig Segít Bt.','','6726','Fakopáncs u. 5.','Szeged','',473),(1654,NULL,'Minvasív Alapítvány','','7150','Bajcsy Zsilinszky u. 25.','Bonyhád','',1669),(1655,NULL,'Mirna Natalija Anicic','','10000','Subiceva 25','Zagreb, Croatia','',1494),(1656,NULL,'Miskolczi Lászlóné','','4033','Kishegyesi út 46. 7/54.','Debrecen','',736),(1657,NULL,'Mitra-Pont Kft.','13648408-2-42','1085','Rökk Szilárd u. 17.','Budapest VIII. ker.','',835),(1658,NULL,'MK-Audiológia Kft.','','3600','Béke u. 1-3.','Ózd','',351),(1659,NULL,'MMG Hotels Kft. (Expo)','14924527-2-42','1101','Expo tér 2.','Budapest X. kerület','',1376),(1660,NULL,'Modern Urológiáért Alapítvány','','7621','Munkácsy M. u. 2.','Pécs','',1595),(1661,NULL,'Mohácsi Hallásgondozó Kft.','','7700','Radnóti ltp. 15.','Mohács','',305),(1662,NULL,'MOK Baranya Megyei Területi Szervezete','','7621','Ferencesek u. 7.','Pécs','',1068),(1663,NULL,'MOK Fejér Megyei Szervezete','','8000','Börgöndi út 14.','Székesfehérvár','',340),(1664,NULL,'MOK Veszprém Megyei Ter. Szervezete','','8200','Budapest u. 2.','Veszprém','',993),(1665,NULL,'Molárnér Stockbauer Ilona','','2800','Vadász u. 69. 1/3.','Tatabánya','',1359),(1666,NULL,'Mölnlycke Health Care Kft.','12352476-2-41','1134','Dévai u. 26-28.','Budapest XIII. ker.','',1113),(1667,NULL,'Morauszkiné Nagy Éva','','4432','Pannónia út 99/b.','Nyíregyháza','',1358),(1668,NULL,'MQS Hungary Kft.','','2600','Sas u. 8.','Vác','',1290),(1669,NULL,'MRP-Controll Kft.','','7621','Felsõmalom u. 25.','Pécs','',148),(1670,NULL,'MSD Pharma Hungary Kft.','','1095','Lechner Ödön fasor 8.','Budapest IX. kerület','',193),(1671,NULL,'MTA ATK','','4262','Brunszvik u. 2.','Martonvásár','',1083),(1672,NULL,'MTA TTK','','1117','Magyar Tudósok körútja 2.','Budapest XI. kerület','',1323),(1673,NULL,'MU Dr. Daniel Koronczi','','985 58','','Radzovce 5','',1055),(1674,NULL,'MU Dr. Julius Kiss s.r.o.','ICO 36 796 212','','Postová 2','937 01 Zeliezovce','',869),(1675,NULL,'Mulartz Henrik Sebészeti Alapítvány','','9024','Vasvári P. u. 2.','Gyõr','',623),(1676,NULL,'Munkanap Szociális Szövetkezet','24332561-2-02','7386','Ady Endre u. 833/3.','Gödre','',984),(1677,NULL,'Munkaóra Szociális Szövetkezet','24332578-2-02','7391','Petõfi Sándor u. 39.','Kishajmás','',985),(1678,NULL,'Mupediater Bt.','22463223-1-08','9024','Liezen-Mayer u. 118.','Gyõr','',955),(1679,NULL,'Mylan EPD Kft.','12183511-2-41','1095','Lechner Ödön fasor 7.','Budapest IX. kerület','',37),(1680,NULL,'Nadhera-Jármai Háziorvosi Bt.','28508061-1-43','1112','Törcsvár u. 35.','Budapest XI. kerület','',589),(1681,NULL,'Nagy Anita Erzsébet','','1213','Poprádi u. 4/a.','Budapest XXI. ker.','',756),(1682,NULL,'Nagy Judit','','1096','Mester u. 45.','Budapest IX. kerület','',774),(1683,NULL,'Nagy Rita','','4032','Böszörményi út 68.','Debrecen','',1522),(1684,NULL,'Nagyné Berecz Margit','','4031','Kishegyesi út 38. 9/66.','Debrecen','',741),(1685,NULL,'Nagyné Dr. Lacsny Szilvia','','1165','Koronafürt u. 41/B','Budapest XVI. ker.','',195),(1686,NULL,'Nagyné Jeszenszky Mónika','','2840','Bánki Donát út 16. 9/3.','Oroszlány','',1037),(1687,NULL,'Nagyvillám Vendéglõ Kft.','11184430-2-13','2025','Fekete hegy','Visegrád','',448),(1688,NULL,'Nar-Kan Bt.','','2500','Aulich u. 9.','Esztergom','',1053),(1689,NULL,'Nathu Bt.','','2083','Rozmaring u. 20.','Solymár','',316),(1690,NULL,'Nautis Hotel Kft.','13467528-2-43','2483','Holdfény sétány 9.','Gárdony','',1397),(1741,NULL,'Ne-Ga Bt.','','2120','Szent István u. 96.','Dunakeszi','',1363),(1742,NULL,'Négylevelû Kft. Balneo H. Zsori','13521334-2-05','3400','Fülemüle u. 2.','Mezõkövesd','',428),(1743,NULL,'Nephro Ped Bt.','24280464-1-08','9024','Ikva u. 25.','Gyõr','',987),(1744,NULL,'Nereus Park Hotel Kft.','10375536-2-19','8220','Lóczy tér 3.','Balatonalmádi','',924),(1745,NULL,'Nestlé Hungária Kft.','10571086-2-44','1095','Lechner Ö. fasor 7.','Budapest IX. kerület','',143),(1746,NULL,'Neuped Kft.','','6726','Egressy B. u. 11.','Szeged','',178),(1747,NULL,'Neuréka Kft.','','7634','Korsó u. 23.','Pécs','',521),(1748,NULL,'Neurin Bt.','','3950','Pécsi S. u. 8.','Sárospatak','',502),(1749,NULL,'Neuron 2000 Bt.','21325614-1-05','3915','Fõ út 64.','Tarcal','',892),(1750,NULL,'New Ideas Consulting Kft.','14363678-2-08','9174','Petõfi u. 55.','Dunaszeg','',578),(1751,NULL,'NGS Car Kft.','24961301-2-10','3000','Rákóczi út 97.','Hatvan','',1550),(1752,NULL,'Nihil Nocere Bt.','21320705-2-19','8330','Báróházi u. 10.','Sümeg','',862),(1753,NULL,'Nilnocere Eü. Bt.','','2000','Bükköspart 27.','Szentendre','',1366),(1754,NULL,'Ninung Rose Diana Kusumawati','','','Pleburan V No 8','Semarang, Central Ja','',1488),(1755,NULL,'Novartis Hungária Kft.','10574838-2-44','1114','Bartók Béla út 43-47.','Budapest XI. kerület','',23),(1756,NULL,'Novartis Vaccines Ker. Képv.','','1114','Bartók Béla út 43-47.','Budapest XI. kerület','',166),(1757,NULL,'Novodent 2000 Eü-i Kft.','','3516','Bádogos u. 14.','Miskolc','',282),(1758,NULL,'Novomed Kft.','10609882-2-43','1115','Fraknó u. 4.','Budapest XI. kerület','',1594),(1759,NULL,'Novotrading Medical Kft.','12309526-2-41','1137','Szent István krt. 18.','Budapest XIII. ker.','',900),(1760,NULL,'Nucletron B.V','NL005076511B01','3905','Waardgelder 1','TH Veenendaal','',136),(1761,NULL,'Numil Hungary Kft. - Milupa','10806515-2-41','1134','Váci út 35.','Budapest XIII. ker.','hajnalka.czili@danone.com',68),(1762,NULL,'Nyársapát Község Védõnõi Szolgálat','','2712','József Attila út 47.','Nyársapát','',895),(1763,NULL,'Nycomed Pharma Kft.','13356875-2-42','1138','Népfürdõ u. 22.','Budapest XIII. ker.','',27),(1764,NULL,'Óbuda Hegyvidék Háziorvosi Kkt.','','1037','Bécsi út 268.','Budapest III. ker.','',610),(1765,NULL,'OCULUS Bt.','','8000','Zsolt u. 3.','Székesfehérvár','',82),(1766,NULL,'Oikidon Project Kft.','23476565-2-42','1149','Pillangó park 12/d.','Budapest XIV. ker.','',584),(1767,NULL,'OKEGO Kft.','23980006-2-43','1113','Bocskai út 134-146.','Budapest XI. kerület','',1131),(1768,NULL,'Öko-Park Kft.','','3580','Vegyészek útja 13.','Tiszaújváros','',1246),(1769,NULL,'Ölelõ Kéz Ápolási és Hospice Alapítvány','18346699-2-03','6000','Nyíri u. 38.','Kecskemét','',146),(1770,NULL,'Olympus Czech Group s.r.o.','','16041','Evropska 176','Prague','',929),(1771,NULL,'OMCH Kft.','12483646-2-41','1038','Papírgyár u. 58-59.','Budapest III. ker.','',47),(1772,NULL,'Omega Bázis Kft.','','2051','Budai u. 16.','Biatorbágy','',580),(1773,NULL,'OMOSZ Bt.','','1162','Cékla utca 24.','Budapest XVI. ker.','',1350),(1774,NULL,'Onco Card SRL','RO 30198156','50052','Str. Carierei Nr. 65A','mun. Brasov','',627),(1775,NULL,'Oncopharma Kft.','13665070-2-41','1012','Lovas u. 7.','Budapest I. kerület','',18),(1776,NULL,'ONCORDIA a Daganatos B-ért Alapítvány','18126673-1-41','1026','Orló u. 8. I. em. 7.','Budapest II. kerület','',378),(1777,NULL,'Onkoprax Kft.','','3534','Iván u. 6. I/1.','Miskolc','',1263),(1778,NULL,'Onkorad Hungária Bt.','21113073-1-43','1126','Kakukk út 20. fszt. 1.','Budapest XII. ker.','',609),(1779,NULL,'Onkoterápia Alapítvány','','1122','Ráth Gy. u. 7-9.','Budapest XII. ker.','',76),(1780,NULL,'Onkoterápiás Tudományos Alapítvány','18794463-1-15','4400','Szent István u. 68.','Nyíregyháza','',144),(1781,NULL,'Ónodiné Dr. Bus Mária','','8840','Soltra u. 14.','Csurgó','',833),(1782,NULL,'Opera-Garden Hotel Kft.','','1065','Hajós u. 24.','Budapest VI. kerület','',451),(1783,NULL,'Optik Free Bt.','','1082','Üllõi út 60-62. III/27.','Budapest VIII. ker.','',482),(1784,NULL,'Optimus-QV Kft.','23922925-2-17','7100','Vitéz u. 1.','Szekszárd','',1641),(1785,NULL,'OREX Rt. Gastroenterológiai Alapítvány','18044270-1-41','1136','Balzac u. 54. II. 2.','Budapest XIII. ker.','',95),(1786,NULL,'Orion Diagnostica - organizacni slozka','CZ45769842','169 00','Belohorská 251/57','Praha 6, CZ','',1655),(1787,NULL,'Orion Pharma Kft.','10548079-2-41','1139','Pap Károly u. 4-6.','Budapest XIII. ker.','',1090),(1788,NULL,'ORL Team Kft.','','6727','Irinyi J. u. 2.','Szeged','',361),(1789,NULL,'ORPP Eü Kft.','','4026','Bem tér 14.','Debrecen','',363),(1790,NULL,'Orsz. Sugárbiol-i és Sugáreü-i Kut. Int.','15598794-2-43','1221','Anna u. 5.','Budapest XXII. ker.','',142),(1791,NULL,'Országos Onkológiai Intézet','','1122','Ráth Gy. u. 7-9.','Budapest XII. ker.','',67),(1792,NULL,'Ortoprofil - Mobility Kft.','22677419-2-09','4031','Bartók B. u. 3.','Debrecen','',933),(1793,NULL,'Ortoprofil - Primus Kft.','22677251-2-42','1074','Csengery u. 28.','Budapest VII. ker.','',638),(1794,NULL,'Ortoprofil - Team Kft.','22677505-2-05','3526','Blasalkovich L. u.3086/11 hrsz','Miskolc','',932),(1795,NULL,'Ortoprofil Consulting Kft.','23089545-2-42','1074','Csengery u. 28.','Budapest VII. ker.','',931),(1796,NULL,'OrtoProfil-Alföld Kft.','','6721','Tisza Lajos körút 83.','Szeged','',1574),(1797,NULL,'OrtoProfil-Centrum Kft.','','1074','Csengery u. 28.','Budapest VII. ker.','',1573),(1798,NULL,'OrtoProfil-Magyarország Kft.','23089545-2-42','1074','Csengery u. 28.','Budapest VII. ker.','',1439),(1799,NULL,'OrtoProfil-Mecsek Kft.','','7633','Erkel F. u. 3.','Pécs','',1572),(1800,NULL,'OrtoProfil-West Kft.','11880260-2-42','1074','Csengery u. 28.','Budapest VII. ker.','',934),(1801,NULL,'Orvosokért Alapítvány','','1075','Wesselényi u. 6. I/2.','Budapest VII. ker.','',1326),(1802,NULL,'Összefogás a Hörgõrák Meg.Alapítvány','','4032','Nagyerdei krt. 98.','Debrecen','',1399),(1803,NULL,'Oto-Audio Bt.','','7636','Illyés Gy. u. 18.','Pécs','',318),(1804,NULL,'Otogyn Kft.','','6000','Vadvíz u. 8.','Kecskemét','',376),(1805,NULL,'OTP Travel Kft.','','1061','Andrássy út 29.','Budapest VI. kerület','',1300),(1806,NULL,'OTTÜ Bt.','25678691-2-15','4400','Szarvas u. 2. I/12.','Nyíregyháza','',64),(1807,NULL,'P-Blasi Kft.','11011451-2-02','7632','Bajcsy-Zsilinszki u. 5-7.','Pécs','',1072),(1808,NULL,'Packet Bt.','','6600','Kisér u. 10.','Szentes','',1128),(1809,NULL,'Paed-Care Kft.','23090552-2-09','4034','Holló L. u. 36.','Debrecen','',1014),(1810,NULL,'Pakmed Bt.','','2500','Kistói u. 7.','Esztergom','',450),(1811,NULL,'Pál-Med Kft.','','1165','István király u. 27.','Budapest XVI. ker.','',1059),(1812,NULL,'Palla László','','2143','Semmelweis tér 1.','Kistarcsa','',392),(1813,NULL,'Panakea 2001 Bt.','','6722','Petõfi Sándor sgt. 40/b.','Szeged','',721),(1814,NULL,'Pándy Kálmán Megyei Kórház','','5700','Semmelweis u. 1.','Gyula','',388),(1815,NULL,'Pannon Famulus Kft.','13934059-2-08','9022','Liszt Ferenc u. 42.','Gyõr','',688),(1816,NULL,'Pannon Health Systems Kft.','23469246-2-13','2120','Ábrahám Pál utca 22/2.','Dunakeszi','',1647),(1817,NULL,'Pannon-Party Kft.','12914618-2-41','1029','Feketefej u. 2-4.','Budapest II. kerület','',88),(1818,NULL,'Pannónia Magánorvosi Centrum Kft.','','1136','Pannónia u. 35-37.','Budapest XIII. ker.','',488),(1819,NULL,'Pannonmed Kft.','','8000','Budai út 260.','Székesfehérvár','',65),(1820,NULL,'PannonPharma Kft.','11012517-2-02','7720','Pannonpharma út 1.','Pécsvárad','',699),(1821,NULL,'Pappné Szabó Szilvia','','6100','Fadrusz J. u. 4.','Kiskunfélegyháza','',486),(1822,NULL,'Parczen Eü. Bt.','','6100','Bessenyei u. 4.','Kiskunfélegyháza','',475),(1823,NULL,'Parexel Magyarország Kft.','','1146','Hermina út 17.','Budapest XIV. ker.','',213),(1824,NULL,'Pártos-Med Kft.','','1039','Madzsar József u. 5. II. em. 1','Budapest III. ker.','',1440),(1825,NULL,'Patay Panna','','1084','Német u. 10. II/15.','Budapest VIII. ker.','',876),(1826,NULL,'Paulik Judit','','8000','Seregélyesi u. 3.','Székesfehérvár','',1259),(1827,NULL,'Pazienza Kft.','24274593-1-02','7370','Gárdonyi u. 98.','Sásd','',677),(1828,NULL,'PC-Med Bt.','20193498-1-43','1112','Bordézsma u. 5.','Budapest XI. kerület','',941),(1829,NULL,'Pécsi Tudományegyetem','','7633','Szántó K. J. u. 1.','Pécs','',191),(1830,NULL,'Pécsi Tudományegyetem (Vasvári P.)','15329798-2-02','7622','Vasvári P. u. 4.','Pécs','stier.krisztina@pte.hu',766),(1831,NULL,'Pedi-Prax 8 Bt.','','8800','Sugár út 2.','Nagykanizsa','',1543),(1832,NULL,'Pedia Bt.','','1048','Homoktövis u. 84.','Budapest IV. kerület','',1144),(1833,NULL,'Pediater BB Bt.','25669033-1-15','4501','Móricz Zs. u. 8-10.','Kemecse','',811),(1834,NULL,'Pediatric Praxis 7 Bt.','','8800','Rozgonyi u. 5.','Nagykanizsa','',1537),(1835,NULL,'Pedident Kft.','','3300','Rózsa Károly u. 8.','Eger','',1048),(1836,NULL,'Perfect Image Hungary Kft.','23540095-2-41','1034','Bécsi út 130.','Budapest III. ker.','',705),(1837,NULL,'Pest M. Fül-Orr-Gégészeti Ell.Alapítvány','','1025','Szépvölgyi út 182.','Budapest II. kerület','',352),(1838,NULL,'Pest Megyei Flór Ferenc Kórház','','2143','Semmelweis tér 1.','Kistarcsa','',1162),(1839,NULL,'Pestiné Györki Olga','','7100','Béri Balogh Á. u. 47. 2/9.','Szekszárd','',735),(1890,NULL,'PET-CT Orvosi, Diagnosztikai Kft.','13445470-1-42','4032','Nagyerdei krt. 98.','Debrecen','',112),(1891,NULL,'Petz Aladár Megyei Oktató Kórház','','9023','Vasvári Pál u. 2-4.','Gyõr','',945),(1892,NULL,'Pezsgõház Kft.','','7621','Szent István tér 12.','Pécs','',410),(1893,NULL,'Pfizer Kft.','10591060-2-44','1123','Alkotás u. 53.','Budapest XII. ker.','',21),(1894,NULL,'Pharma Nord Kft.','','1139','Váci út 95.','Budapest XIII. ker.','',1618),(1895,NULL,'Pharma Photo Kft.','','2600','Bácska u. 54.','Vác','',379),(1896,NULL,'Pharmacenter Hungary Kft.','12850187-2-43','1114','Bartók Béla út 15/a.','Budapest XI. kerület','',13),(1897,NULL,'Pharmaceutical Company Jelfa SA','22398266-1-09','4032','Nagy Lajos király tér 5. 3/14.','Debrecen','',92),(1898,NULL,'Pharmacologic Kft.','12709263-2-41','1137','Budai Nagy Antal u. 3.','Budapest XIII. ker.','',28),(1899,NULL,'PharmaSwiss Magyarország Kft.','','1146','Zichy G. u. 5.','Budapest XIV. ker.','',372),(1900,NULL,'Pharmics Kft.','23071414-2-41','1023','Lublói utca 4. 1/2.','Budapest II. kerület','',1299),(1901,NULL,'Physiomed Kft.','','7673','Rákóczi u. 2.','Kõvágószõlõs','',1555),(1902,NULL,'Phytotec Hungária Bt.','21442922-2-41','1026','Szilágyi Erzsébet fasor 61.','Budapest II. kerület','',1474),(1903,NULL,'Pintér Eü. Kkt.','','1016','Zsolt u. 4. V/1.','Budapest I. kerület','',561),(1904,NULL,'Pintér Humán Bt.','','6000','Eper u. 16.','Kecskemét','',221),(1905,NULL,'Pixeloid Szolgáltató Kft.','14552531-2-42','1104','Szõlõhegy u. 7/1. IV. em. 1.','Budapest X. kerület','',1112),(1906,NULL,'Poczi Kft.','','1125','Gyöngyvirág út 10.','Budapest XII. ker.','',1159),(1907,NULL,'POMPOL Consulting Kft.','','2093','Telki út 16.','Budajenõ','',383),(1908,NULL,'Portum Lines Kft.','24938284-2-42','1075','Kazinczy u. 35. I/1.','Budapest VII. ker.','',1315),(1909,NULL,'POTE Csecsemõ és Kisded Alapítvány','','7623','József Attila u. 7.','Pécs','',1633),(1910,NULL,'Potencial Consulting Kft.','','1089','Reguly A. u. 40/a.','Budapest VIII. ker.','',308),(1911,NULL,'Pozitron-Diagnosztika Kft.','13289397-2-43','1117','Hunyadi János út 9.','Budapest XI. kerület','',70),(1912,NULL,'Praktika 2000 Bt.','','2132','Vadvirág u. 27.','Göd','',647),(1913,NULL,'Preiszmed Kft.','','9151','Dózsa Gy. u. 5/a.','Abda','',436),(1914,NULL,'Presolver Kft.','14079036-2-41','1139','Teve u. 7. VII/2.','Budapest XIII. ker.','',48),(1915,NULL,'Prikkel Andrásné','','2100','Szabadság tér 12-13. 2/12.','Gödöllõ','',1353),(1916,NULL,'PRIMA-PROTETIKA Kft.','','5600','Gyulai út 35.','Békéscsaba','',652),(1917,NULL,'Pro Nephrologia Pediatria Alapítvány','','1083','Bókay u. 53.','Budapest VIII. ker.','',1118),(1918,NULL,'Professional Orvosi Kft.','','1037','Bécsi út 85.','Budapest III. ker.','',512),(1919,NULL,'ProGastro Kft.','13252719-2-41','1139','Forgách u. 19.','Budapest XIII. ker.','',49),(1920,NULL,'ProMedico Kft.','','7400','Hegyi u. 19.','Kaposvár','',958),(1921,NULL,'Promenade Orvosi Kommunikáció','','1125','Tusnádi u. 19.','Budapest XII. ker.','',1582),(1922,NULL,'Promenade Publishing House Kft.','12209196-2-43','1122','Pethényi út 7.','Budapest XII. ker.','',382),(1923,NULL,'Prosperitas Sebészeti Alapítvány','','2083','Meredek u. 1.','Solymár','',1302),(1924,NULL,'Protone Audio Kft.','12767928-2-42','1065','Lázás u. 4.','Budapest VI. kerület','',332),(1925,NULL,'Pszi Praxis Bt.','20973692-1-41','1025','Szilfa u. 6. I/2.','Budapest II. kerület','',1071),(1926,NULL,'PTE ÁOK Seb. Oktató és Kutató Int.','','7624','Kodály Zoltán út 20.','Pécs','',50),(1927,NULL,'PTE ÁOK Sebészeti Oktató és Kut. Intézet','','7622','Vasvári Pál u. 4.','Pécs','',686),(1928,NULL,'PTE Egészségtud. Kar Pécsi Képzési Közp.','','7623','Rét u. 4.','Pécs','',77),(1929,NULL,'PTE KK Onkoterápiás Intézet','','7624','Édesanyák útja 17.','Pécs','',715),(1930,NULL,'PTE KK Onkoterápiás Intézet','','7624','Édesanyák u. 17.','Pécs','',1319),(1931,NULL,'PTE Klinikai Közp. I. sz. Belklinika','','7623','Rákóczi u. 2.','Pécs','',420),(1932,NULL,'PulmoCard Eü. Bt.','','7100','Cseri János u. 32.','Szekszárd','',1614),(1933,NULL,'Pulmonológiai Betegekért Alapítvány','','9024','Vasvári Pál u. 2-4.','Gyõr','',1396),(1934,NULL,'Puskás Flóra','','2013','Németh László u. 14.','Pomáz','',1553),(1935,NULL,'PX Consulting Kft.','14356940-2-42','1077','Király u. 87.','Budapest VII. ker.','',127),(1936,NULL,'Qpharma Nutrition Kft.','14619625-2-41','1053','Veres Pálné u. 4-6.','Budapest V. kerület','',1381),(1937,NULL,'Quintess Magyarország Kft.','14462904-2-41','1021','Völgy u. 5.','Budapest II. kerület','',244),(1938,NULL,'Quintess Tudásközpont Kh. Nonprofit Kft.','','1021','Völgy u. 5.','Budapest II. kerület','',571),(1989,NULL,'R+SZ Dental Kft.','','2083','Panoráma u. 76.','Solymár','',907),(1990,NULL,'R-Ing Kft.','14997327-2-42','1071','Városligeti fasor 47-49.','Budapest VII. ker.','',1400),(1991,NULL,'R.W.B. Bottema','','3584EA','Lundlaan 6','Utrecht, NL','',1501),(1992,NULL,'Rábai Gyógyító Bt.','','1157','Zsókavár utca 60. 7/30.','Budapest XV. kerület','',1408),(1993,NULL,'Rábamed Kft.','','9700','Veres Péter utca 17.','Szombathely','',1544),(1994,NULL,'Rácz Hotel Kft.','','7625','Kálvária u. 6.','Pécs','',147),(1995,NULL,'Radfiz Kft.','','5700','Budapest krt. 45. II/7.','Gyula','',1229),(1996,NULL,'Radi Medic Bt.','','2600','Sas u. 4.','Vác','',435),(1997,NULL,'Radi-Med Kft.','14500785-1-41','1043','Munkásotthon u. 8.','Budapest IV. kerület','',113),(1998,NULL,'Radizone Diagnost-X Kft.','14998713-2-43','1116','Sáfrány u. 81.','Budapest XI. kerület','',1605),(1999,NULL,'Rák Ellen az Életért Vas M. Alapítvány','','9700','Markusovszky u. 3.','Szombathely','',78),(2000,NULL,'Rákos Bet.és Bar. Veszp.M. Alapítványa','','8200','Kórház u. 1.','Veszprém','',79),(2001,NULL,'Ratiopharm Hungária Kft.','11764939-2-42','1145','Uzsoki u. 36/a.','Budapest XIV. ker.','',29),(2002,NULL,'RB MED Kft.','10610868-2-13','1105','Gitár u. 10.','Budapest X. kerület','',767),(2003,NULL,'Reál Ambulancia Kft.','','2081','Fenyves u. 019/178 hrsz.','Piliscsaba','',676),(2004,NULL,'Reckitt Benckiser Magyarország Kft.','10596182-2-44','1036','Lajos u. 48-66.','Budapest III. ker.','',284),(2005,NULL,'Recro-Med Kft.','','1125','Kútvölgyi út 49.','Budapest XII. ker.','',1228),(2006,NULL,'Rediet Eü. Szolg. Bt.','','1124','Nárcisz u. 52.','Budapest XII. ker.','',1042),(2007,NULL,'Redl-Med Kft.','11620640-1-09','4032','Tessedik S. u. 80.','Debrecen','',1100),(2008,NULL,'Regionális Onkológiai Alapítvány','18537389-1-06','9025','Simor Püspük tere 5.','Gyõr','',145),(2009,NULL,'Rehab-Centrum Kft.','12397013-2-07','8000','Hunyadi út 36.','Székesfehérvár','',1575),(2010,NULL,'Rehabilitáció és Medica Kft.','14352001-2-43','1085','József krt. 38.','Budapest VIII. ker.','',1580),(2011,NULL,'Rekremed Bt.','','1085','Mária u. 46.','Budapest VIII. ker.','',793),(2012,NULL,'Remete Medical Bt.','','1028','Kertváros u. 36.','Budapest II. kerület','',277),(2013,NULL,'Remete-Medical Bt.','','1028','Kertváros u. 36.','Budapest II. kerület','',375),(2014,NULL,'Renal-Med Kft.','14527704-1-09','4027','Domokos Lajos u. 24. 6/28.','Debrecen','',966),(2015,NULL,'Rendelõ Orvosi Bt.','','8000','Kelemen B. u. 53. 1/3.','Székesfehérvár','',205),(2016,NULL,'Répási Eszter','','1042','Liszt F. u. 8/a. 3/13.','Budapest IV. kerület','',775),(2017,NULL,'ReplantMed Kft.','','1119','Nándorfejérvári út 35.','Budapest XI. kerület','',1311),(2018,NULL,'Reps4Med Kft.','25464869-2-13','2161','Táncsics M. u. 3.','Csomád','',1416),(2019,NULL,'Réthy Pál Kórház és Rendelõintézet','','5600','Gyulai út 18.','Békéscsaba','',1294),(2020,NULL,'Richter Gedeon Nyrt.','10484878-2-44','1103','Gyömrõi út 19-21.','Budapest X. kerület','',9),(2021,NULL,'Ritavon Bt.','20068183-1-02','7624','Rókus u. 5/1.','Pécs','',974),(2022,NULL,'Roche Magyarország Kft.','12176780-2-44','2040','Edison u. 1.','Budaörs','',5),(2023,NULL,'Rókusfalvy Pince Kft.','11969048-2-13','2040','Kossuth Lajos u. 40.','Budaörs','',447),(2024,NULL,'Rombauer és Társa Eü. Kft.','','2400','Liszt Ferenc kert 13.','Dunaújváros','',385),(2025,NULL,'Rónamed Bt.','','1037','Táborhegyi lépcsõ 3/B.','Budapest III. ker.','',1123),(2026,NULL,'Ronin Prexcon Kft.','24705730-2-41','1136','Tátra u. 5/a.','Budapest XIII. ker.','',1656),(2027,NULL,'Rutkai Vera','','9749','Kossuth Lajos utca 2.','Nemesbõd','',1475),(2028,NULL,'S-Med Bt.','','6725','Rákóczi u. 28.','Szeged','',911),(2029,NULL,'S.C. Vifor Pharma Romania S.R.L.','','400467','C. Brancoveanu Str., No. 34','Cluj-Napoca','',495),(2030,NULL,'Sabina Wiecek','','32-500','Wyszynskiego 1/7','Chrzanow, Poland','',1498),(2031,NULL,'Sager Pharma Kft.','13717108-2-41','1026','Pasaréti út 122-124.','Budapest II. kerület','',339),(2032,NULL,'Sahin és Társa Bt.','','1157','Erdõkerülõ u. 10.','Budapest XV. kerület','',910),(2033,NULL,'Sahraoui Sidaliné Schaffer Erzsébet','','2013','Csokonai u. 4.','Pomáz','',680),(2034,NULL,'SAM Kft.','11392369-2-41','1026','Szilágyi Erzsébet fasor 51.','Budapest II. kerület','',36),(2035,NULL,'Sanatio 2000 Bt.','28940555-1-42','1142','Sárrét park 3/c.','Budapest XIV. ker.','',1221),(2036,NULL,'Sanatio Art Kft.','11196280-1-11','2500','Czuczor G. u. 4.','Esztergom','',256),(2037,NULL,'Sandoz Hungária Kft.','12332478-2-43','1114','Bartók Béla út 43-47.','Budapest XI. kerület','',7),(2038,NULL,'Sanguis-Med Bt.','','8200','Rózsa u. 69.','Veszprém','',665),(2039,NULL,'Sanofi-Aventis Zrt.','12191525-2-44','1045','Tó u. 1-5.','Budapest IV. kerület','',19),(2040,NULL,'Sárai és Társa Bt.','','3562','Bem apó u. 38.','Onga','',990),(2041,NULL,'Sárkányné Mészáros Aranka','8331712099','','','','',123),(2042,NULL,'Sáry Bognár Bt.','','6725','Felhõ u. 17. 3/4','Szeged','',1284),(2043,NULL,'SAVIM Hungary Kft.','13776912-2-41','1054','Kálmán Imre u. 19.','Budapest V. kerület','',409),(2044,NULL,'Saxo-Ford Bt.','','4028','Kodály Z. u. 11.','Debrecen','',190),(2045,NULL,'Scanomed Kft.','','1145','Laky Adolf u. 44-46.','Budapest XIV. ker.','',1339),(2046,NULL,'Schering-Plough Hungary Kft.','14440791-2-43','1123','Alkotás u. 53.','Budapest XII. ker.','',85),(2047,NULL,'Schicke & Bagdy Bt.','21361348-2-09','4024','Sumen u. 10. III/11.','Debrecen','',338),(2048,NULL,'Schlick-Szabó Anna Krisztina','','1131','Szent László út 176. fszt 5.','Budapest XIII. ker.','',1432),(2049,NULL,'Scolinea Kft.','','1041','Liszt F. u. 15/a.','Budapest IV. kerület','',188),(2050,NULL,'SE EFIT Alapítvány','','1088','Vas u. 17.','Budapest VIII. ker.','',1659),(2051,NULL,'SE Egy. Gy.  Gyógyszerügyi Szerv. Int.','','1092','Hõgyes E. u. 7-9.','Budapest IX. kerület','',532),(2052,NULL,'SE I. sz. Belgyógyászati Klinika','','1083','Korányi Sándor u. 2/a.','Budapest VIII. ker.','',839),(2053,NULL,'SE I. sz. Gyermekklinika','','1083','Bókay J. u. 53.','Budapest VIII. ker.','',267),(2054,NULL,'SE I. sz. Sebészeti Klinika','','1082','Üllõi út 78.','Budapest VIII. ker.','',546),(2055,NULL,'SE II. Gy.klinika Játszóház Alapítvány','','1094','Tûzoltó u. 7-9.','Budapest IX. kerület','',207),(2056,NULL,'SE II. sz. Belgyógyászati Klinika','','1088','Szentkirályi u. 46.','Budapest VIII. ker.','',489),(2057,NULL,'SE II. sz. Gyermekklinika','','1085','Üllõi út 26.','Budapest VIII. ker.','',173),(2058,NULL,'SE Pulmonológia Klinika','','1125','Diósárok u. 1/c.','Budapest XII. ker.','',1250),(2059,NULL,'SEB-AMB Kft.','','5300','Szövetkezet u. 21.','Karcag','',565),(2060,NULL,'SEB-Med Kft.','','6000','Nyíri út 38.','Kecskemét','',396),(2061,NULL,'Sebtan Kft.','24828635-1-41','1138','Párkány u. 24. 3/21.','Budapest XIII. ker.','',858),(2062,NULL,'Semmelweis Egyetem','','1085','Üllõi út 26.','Budapest VIII. ker.','',172),(2063,NULL,'Sereg Dóra','','1171','Hegyalatti út 8/2.','Budapest XVII. ker.','',821),(2064,NULL,'Seres László Oszkárné','','3200','Ringsted u. 7. 2/15.','Gyöngyös','',751),(2065,NULL,'Servier Hungária Kft.','10926651-2-42','1062','Váci út 1-3.','Budapest VI. kerület','',51),(2066,NULL,'Shalom Szálloda Zrt.','11966739-2-41','1054','Hold u. 5.','Budapest V. kerület','',452),(2067,NULL,'SIAD Hungary Kft.','','3527','Zsigmondy u. 38.','Miskolc','',1382),(2068,NULL,'Siemens Audiológiai Technika Kft.','12076051-2-41','1026','Hûvösvölgyi út 33.','Budapest II. kerület','',335),(2069,NULL,'Siemens Zrt.','10495892-2-44','1143','Gizella u.51-57.','Budapest XIV. ker.','',135),(2070,NULL,'Signo-Med Bt.','','1115','Keveháza u. 10.','Budapest XI. kerület','',615),(2071,NULL,'Siha Gábor Miklósné','','2011','Sas u. 13.','Budakalász','',732),(2072,NULL,'Silmed Research Kft.','','1064','Podmaniczky u. 57. II/14.','Budapest VI. kerület','',1576),(2073,NULL,'Silvanus Hotel Kft.','14381090-2-13','2025','Fekete-hegy 0134 hrsz.','Visegrád','',572),(2074,NULL,'Simon Erika','','4765','Alkotmány u. 13.','Csenger','',818),(2075,NULL,'Singerné Nagy Anikó','','1143','Gizella út 19.','Budapest XIV. ker.','',1559),(2076,NULL,'Sió-Cardiomed Bt.','','8600','Kandó K. 7. I/1','Siófok','',1516),(2077,NULL,'Sipos Sára','','6000','Gát u. 4.','Kecskemét','',730),(2078,NULL,'Sirály Étterem és Szálloda Kft.','12546877-2-13','2025','Rév u. 15.','Visegrád','',573),(2079,NULL,'Sirály Nonprofit Kft.','184853347-2-07','8044','József A. u. 13.','Kincsesbánya','',1029),(2080,NULL,'Solt Bt.','','7191','Fõ u. 13.','Hõgyész','',1607),(2081,NULL,'Solu-Medic Kft.','','1148','Adria Sétány 6/K 3.6.','Budapest XIV. ker.','',1272),(2082,NULL,'Somidoki Kft.','23535929-1-09','4225','Szilegyházi u. 17.','Debrecen','',1034),(2083,NULL,'Somogyi Erika','','6042','2. körzet 26/b.','Fülöpháza','',740),(2084,NULL,'Somogyiné Kolozsvári Mónika','','7636','Malomhegyi u. 8.','Pécs','',742),(2085,NULL,'Soós Istvánné','','1211','Kossuth L. út 75/b.','Budapest XXI. ker.','',752),(2086,NULL,'Sopron és Körny. Újszülöttjeiért Alapítv','','9400','Gyõri út 15.','Sopron','',1148),(2087,NULL,'Soproni Gyógyközpont','','9400','Gyõri u. 15.','Sopron','',1536),(2088,NULL,'SOS Hungary Orvosi Szolgálat','','1039','Szentendrei út 301.','Budapest III. ker.','',771),(2089,NULL,'Sospito Kft.','','7636','Neumann János u. 25.','Pécs','',1558),(2090,NULL,'Speeding Kft.','10705775-2-43','1126','Ugocsa u. 5.','Budapest XII. ker.','',1192),(2091,NULL,'Sport Hotel Lovász Attila e.v.','EB945980','6000','Izsáki út 15/a.','Kecskemét','',1292),(2092,NULL,'St. Jude Medical Kft.','13032229-2-43','1126','Tóth Lõrinc u. 41.','Budapest XII. ker.','',1628),(2093,NULL,'Státusz Med és Biztonsági Bt.','','2100','Munkácsy u. 36.','Gödöllõ','',100),(2094,NULL,'Staudex C2 Kft.','','1121','Mártonhegyi út 29.','Budapest XII. ker.','',825),(2095,NULL,'Steffen Hartleif','','70597','Reutlinger Str. 1','Stuttgart, Germany','',1511),(2096,NULL,'Stomamed Kft.','','2081','József A. u.4.','Piliscsaba','',560),(2097,NULL,'STOXX-Med Bt.','20229137-2-02','7621','János u. 11.','Pécs','',253),(2098,NULL,'Strathmann GmbH & Co KG','DE175956883','22459','Sellhopsweg 1','Hamburg, D','',116),(2099,NULL,'Study-Praxis Kft.','','1094','Balázs Béla u. 41.','Budapest IX. kerület','',681),(2100,NULL,'Subiaco 2005 Bt.','','3300','Olasz út 15. 3/7.','Eger','',506),(2101,NULL,'Surdoc Med Kft.','23703807-1-19','8200','Rómer Flóris u. 45.','Veszprém','',611),(2102,NULL,'SurgiCare Kft.','14001884-2-02','7635','Kisdeindoli út 3.','Pécs','',683),(2103,NULL,'Suzan Warner','','B3 1BJ','Flat 141 / 58 Water Street','Birmingham, UK','',1513),(2104,NULL,'Svanhildur Haflidadottir','','0254','Parkveien 64, leil 212.','Oslo, Norway','',1504),(2105,NULL,'Swedish Orphan Biovitrum AB','','83880','Leverantörsreskontran FE192','Hackas, Sweden','',536),(2106,NULL,'Swedish Orphan Biovitrum sro Mo-i Fiókt.','','1132','Váci u. 22-24.','Budapest XIII. ker.','',706),(2107,NULL,'Swoboda Alexander','','','Corvin sétány 1 B6.16.','Budapest','',887),(2108,NULL,'Synapsis \'96 Kft.','','3036','Aradi u. 10.','Gyöngyöstarján','',551),(2109,NULL,'Synlab Hungary Kft.','14872925-2-42','1065','Bajcsy-Zsilinszky út 53. I.em.','Budapest VI. kerület','',927),(2110,NULL,'Syntonderm Kft.','24962546-2-05','3530','Erzsébet tér 4.','Miskolc','',1303),(2111,NULL,'Sz-Sz-B M. Kórházak és Egy. Okt.kórház','','4400','Szent István u. 68.','Nyíregyháza','',1038),(2112,NULL,'Szabados Katalin','','5000','Meder út 6/a.','Szolnok','',1369),(2113,NULL,'Szabó Sándor','','1091','Üllõi út 171.','Budapest IX. kerület','',1527),(2114,NULL,'SZAKDR Bt.','','1065','Podmaniczky u. 17.','Budapest VI. kerület','',1212),(2115,NULL,'Szalók Holding Ingatlanfejlesztõ Zrt.','13585545-2-10','3394','Forrás út 4.','Egerszalók','',261),(2116,NULL,'Szandante Gastro Kft.','','9176','Dózsa u. 48.','Mecsér','',1056),(2117,NULL,'Szász és Társa Bt.','20322388-3-07','8000','Radványi út 4/b.','Székesfehérvár','',1027),(2118,NULL,'SZAT MED-INFO Kft.','25090228-2-41','1029','Gyöngyvér utca 15/B.','Budapest II. kerület','',1445),(2119,NULL,'Szebellédi Szilvia','','1024','Baka u. 4. fszt. 1.','Budapest II. kerület','',1277),(2120,NULL,'Szegedi Gaszroent. Magánalapítvány','','6720','Korányi fasor 8-10.','Szeged','',38),(2121,NULL,'Szegedi Tudományegyetem','15329815-2-06','6720','Dugonics tér 13.','Szeged','',174),(2122,NULL,'Szegedi Tudományegyetem','','6720','Korányi fasor 8-10.','Szeged','',296),(2123,NULL,'Szekeres Klaudia','','3254','Szabadság út 40.','Váraszó','',1514),(2124,NULL,'Szemes Kata','','7100','Illyés Gy. u. 5.','Szekszárd','',1218),(2125,NULL,'Szent Borbála Kórház','','2800','Dózsa Gy. út 77.','Tatabánya','',582),(2126,NULL,'Szent László Õssejt Alapítvány','','1224','Csóványos u. 9/a.','Budapest XXII. ker.','',581),(2127,NULL,'Szent Margit Kórház','','1032','Bécsi út 132.','Budapest III. ker.','',1003),(2128,NULL,'Szent Márton Gyermekmentõ Sz. Kh. A.','','1137','Katona J. u. 22.','Budapest XIII. ker.','',1306),(2129,NULL,'Szentannay és Társa Bt.','','6000','Egyetértés u. 57.','Kecskemét','',1117),(2130,NULL,'Szép Kert Bt.','22098739-2-17','7100','Rákóczi u. 158.','Szekszárd','',1635),(2131,NULL,'Szigeti Erika','','6727','Csap u. 89.','Szeged','',1530),(2132,NULL,'Szigeti és Társa Med Bt.','','1029','Ördögárok u. 178.','Budapest II. kerület','',556),(2133,NULL,'Sziklavári Zsolt','','93186','Prüfeninger Str. 86','Regensburg','',1158),(2134,NULL,'Szilágyi Nikoletta','','6727','Fürst Sándor u. 14.','Szeged','',1170),(2135,NULL,'Szili László Alapítvány','','7700','Szepesi tér 7.','Mohács','',1065),(2136,NULL,'Szinapszis 21 Kft.','','5000','Bimbó u. 15.','Szolnok','',669),(2137,NULL,'Szöllõsi Mónika','','2750','Tabán u. 1.','Nagykõrös','',500),(2138,NULL,'Szombathelyiek Egészségéért Egyesület','','9700','Nádasdy F. u. 4.','Szombathely','',844),(2139,NULL,'SZTE ÁOK Gyermekgyógyászati Klinika','','6720','Tisza Lajos krt. 107.','Szeged','',175),(2140,NULL,'SZTE ÁOK Onkoterápiás Klinika','','6720','Korányi fasor 12.','Szeged','',1329),(2141,NULL,'SZTE ÁOK Sebészeti Klinika','','6720','Szõkefalvi-Nagy Béla u. 6.','Szeged','',443),(2142,NULL,'SZTE ÁOK Sebészeti Mûtéttani Intézet','','6720','Szõkefalvi-Nagy B. u. 6.','Szeged','',1334),(2143,NULL,'SZTE Gyermekgyógyászati Klinika','','6725','Korányi fasor 14-15.','Szeged','',416),(2144,NULL,'SZTE Gyermekklinika B','','6726','Temesvári krt. 35.','Szeged','',944),(2145,NULL,'SZTE Gyermekklinika és Gyermekeü. Közp.','','6725','Korányi fasor 14-15.','Szeged','',445),(2146,NULL,'SZTE I. sz. Belgyógyászati Klinika','','6720','Korányi fasor 8-10.','Szeged','',567),(2147,NULL,'SZTE SZAKK Áp.vez. és Szakdolg. Okt. Ig.','','6725','Tisza Lajos krt. 107.','Szeged','',787),(2148,NULL,'Szûcsné Nagy Hajnalka','','2144','Alföldi u. 57.','Kerepes','',1354),(2149,NULL,'Szunyóka Egészségügyi Szolgáltató Bt.','','3200','Platán u. 21.','Gyöngyös','',557),(2150,NULL,'T-Systems Magyarország Zrt.','','1117','Budafoki út 56.','Budapest XI. kerület','',938),(2151,NULL,'T. M. Balassa János Kórház','','7100','Béri Balogh Ádám u. 5-7.','Szekszárd','',1585),(2152,NULL,'Takeda Pharma Kft.','13356875-2-41','1138','Népfürdõ u. 22.','Budapest XIII. ker.','',653),(2153,NULL,'Takler Kúria Kft.','23435685-2-17','7100','Bem u. 13.','Szekszárd','',1640),(2154,NULL,'Tam-Dorek Bt.','20767088-2-17','7100','Kisbödõ-hegy u. 15.','Szekszárd','',1043),(2155,NULL,'Tannenbaum-Consult Bt.','','1132','Visegrádi u. 76.','Budapest XIII. ker.','',218),(2156,NULL,'Tanyacsárda Kft.','10330425-2-03','6050','Bene 625','Lajosmizse','',1322),(2157,NULL,'Tarasco Kft.','12829361-2-13','2161','Templom u. 5.','Csomád','',1624),(2158,NULL,'Teljes Skála Kft.','','2660','József A. u. 6.','Balassagyarmat','',345),(2159,NULL,'Tenius Bt.','','6771','Sarkantyú u. 60.','Szeged','',1608),(2160,NULL,'Terény-Szanda Egészségügyi Társulás','','2696','Arany J. út 21.','Terény','',1122),(2161,NULL,'TERUMO EUROPE','BE 0408 270 327','B-3001','Interleuvenlaan 40','Leuven, Belgium','',1637),(2162,NULL,'TEVA Gyógyszergyár Zrt.','10318353-2-09','4042','Pallagi út 13.','Debrecen','',35),(2163,NULL,'The Three Corners Europe H. M. Kft.','24223638-2-42','1081','Kenyérmezõ u. 4.','Budapest VIII. ker.','',819),(2164,NULL,'Thermal H. Aquincum Hotel Zrt.','12675818-2-41','1036','Árpád fejedelem útja 94.','Budapest III. ker.','',577),(2165,NULL,'THOMAS Management and Expert Kft.','23108783-2-43','1094','Liliom u. 44.','Budapest IX. kerület','',1340),(2166,NULL,'Thor Laboratories Kft.','24083559-2-07','8000','Raktár u. 2.','Székesfehérvár','',1670),(2167,NULL,'Tidemedic Kft.','','5561','Bajcsy-Zsilinszky u. 52.','Békésszentandrás','',670),(2168,NULL,'Tó Hotel Kft.','13645089-2-43','1185','Rimaszombat u. 11.','Budapest XVIII. ker.','',210),(2169,NULL,'Toldy Ferenc Kórház - Rendelõintézet','','2700','Törteli út 1-3.','Cegléd','',920),(2170,NULL,'Tolna M. Gyull. Bélbetegekért Alapítvány','','7100','Wosinszky ltp. 36.','Szekszárd','',231),(2171,NULL,'TOM-MED Kft.','','4400','Leffler Sámuel u. 15.','Nyíregyháza','',528),(2172,NULL,'Tooth Franciska','','1048','Jármûtelep u. 12.','Budapest IV. kerület','',1469),(2173,NULL,'Topendo Kkt.','','2921','Fok u. 61.','Komárom','',217),(2174,NULL,'Tósokiné Zsigmond Réka','76494266-1-39','8237','Aranyház u. 32.','Tihany','',708),(2175,NULL,'Tóth Andrea','','8230','Petõfi Sándor u. 66/a.','Balatonfüred','',889),(2176,NULL,'Tóth Beáta Katalin','','4400','Fazekas J. tér 22.','Nyíregyháza','',754),(2177,NULL,'Tóth Sebastian','','7632','Lahti u. 26.','Pécs','',1344),(2178,NULL,'Tóth Szilárd','43562114-2-22','7815','Corvin u. 11.','Harkány','',1672),(2179,NULL,'Tóth-Rabóczki Kft.','25020256-2-41','1046','Benczúr u. 10.','Budapest IV. kerület','',928),(2180,NULL,'Tóthné Kálóczi Renáta','','1188','Bagamér u. 28/b.','Budapest XVIII. ker.','',965),(2181,NULL,'Tóthné Lestár Anna Mária','','8000','Tolnai u. 2.','Székesfehérvár','',731),(2182,NULL,'Tóthné Piszmán Klára','','6000','Lánchíd u. 30.','Kecskemét','',972),(2183,NULL,'Tóthné Resetár Tünde','','6723','Retek u. 14.','Szeged','',483),(2184,NULL,'Transzplant. és Seb. Klinika Alapítvány','','1082','Baross u. 23.','Budapest VIII. ker.','',34),(2185,NULL,'Transzplant. és Seb. Klinika Alapítvány','','1082','Baross u. 23-25.','Budapest VIII. ker.','',151),(2186,NULL,'Treasurer Section of Surgery','','','Egghölzliweg 4a','3074 Muri, Schweiz','',152),(2187,NULL,'Tridermis Kft.','23159662-1-42','1141','Szugló utca 125/D.','Budapest XIV. ker.','',1412),(2188,NULL,'Trifolium Kft.','','1137','Szent István park 6.','Budapest XIII. ker.','',1662),(2189,NULL,'TriGránit Zrt.','22926139-2-42','1062','Váci út 3.','Budapest VI. kerület','',1385),(2190,NULL,'Trimus Kft.','12376870-2-42','1156','Páskomliget u. 69. fszt. 3.','Budapest XV. kerület','',1260),(2191,NULL,'TRIO Medicina Kft.','13362519-2-42','1145','Thököly út 118.','Budapest XIV. ker.','',588),(2192,NULL,'Tüdõ- és Szívbetegek Min. Ell. Kh. Al.','','6772','Alkotmány u. 36.','Deszk','',1545),(2193,NULL,'Tudomány Kiadó Kft.','12014756-2-42','1146','Hermina út 57-59.','Budapest XIV. ker.','',33),(2194,NULL,'Tûzoltó utcai Gy.kl. Betegeiért A.','18252422-1-43','1094','Tûzoltó u. 7-9.','Budapest IX. kerület','',1081),(2195,NULL,'U-ROS Kft.','','9400','Felsõlõvér u. 53.','Sopron','',1266),(2196,NULL,'UCB Magyarország Kft.','10547085-2-41','1023','Árpád fejedelem útja 26-28.','Budapest II. kerület','',192),(2197,NULL,'Újszülött-ért, Koraszül-ért Alapítvány','','4032','Nagyerdei krt. 98.','Debrecen','',1584),(2198,NULL,'Unilever Magyarország Ker. Kft.','10584473-2-44','1138','Váci út 182.','Budapest XIII. ker.','',57),(2199,NULL,'Univ. Hosp. Hradec K. Dept. Onc.a.Radth.','','','Rokitanského 62','CZ50003 Hradec Kr.','',703),(2200,NULL,'University Pittsburgh Medical Center','','90133','Via Discesa Dei Giudici 4','Palermo, Italy','',1512),(2201,NULL,'Urológiai Betegellátásért Alapítvány','','9700','Bodányi Ödön u. 13.','Szombathely','',1593),(2202,NULL,'Vágnerné Hennel Tünde','','4400','Búza tér 7/a. 7/28.','Nyíregyháza','',963),(2203,NULL,'Vaidotas Urbonas','','08410','Santariskiu 4','Vilnius, Lithuania','',1481),(2204,NULL,'Vajda Lászlóné','','8000','Seregélyesi u. 3.','Székesfehérvár','',1278),(2205,NULL,'Valeant Pharma Magyarország Kft.','13157377-2-41','1025','Csatárka u. 82-84.','Budapest II. kerület','',234),(2206,NULL,'Valetudo Bt.','','3525','Dóczy József u. 4. fszt. 8.','Miskolc','',1125),(2207,NULL,'Varázsmanó Kft.','','2096','Rákóczi u. 66.','Üröm','',1133),(2208,NULL,'Vargáné Dr. Völgyi Ildikó','','8000','Távirda u. 4.','Székesfehérvár','',1088),(2209,NULL,'Vargáné Gyurkó Ágnes Erzsébet','','5100','Jákóhalmi út 14.','Jászberény','',743),(2210,NULL,'Vargha Edit','','3580','Szederkényi út 19. I/1.','Tiszaújváros','',1476),(2211,NULL,'Varian Medical Systems Hungary Kft.','23567818-2-43','1124','Csörsz u. 45.','Budapest XII. ker.','',710),(2212,NULL,'Variomedic Kft.','12171998-2-4311','1119','Andor u. 8.','Budapest XI. kerület','',880),(2213,NULL,'Varjú Péter','','7355','Petõfi u. 47.','Nagymányok','',1244),(2214,NULL,'Várkonyi és Társa 2001 Bt.','','6725','Szivárvány u. 26.','Szeged','',248),(2215,NULL,'Vascular Venture Kft.','14153589-2-43','1095','Lechner Ödön fasor 3. B/3.','Budapest IX. kerület','',1644),(2216,NULL,'Vaskó Gergõ','','4400','Fazekas János tér 14.10/83.','Nyíregyháza','',1178),(2217,NULL,'Vasútegészségügyi Nonprofit Kh. Kft.','','6726','Csanádi u. 34/a.','Szeged','',1063),(2218,NULL,'Vaszary B. Kórházal. Emlékére Alapítvány','','2500','Petõfi S. u. 26-28.','Esztergom','',232),(2219,NULL,'VEL-Citolabor Kft.','','1123','Greguss u. 7. mf. 4.','Budapest XII. ker.','',1419),(2220,NULL,'Veldia Bt.','','6000','Akadémia krt. 32. I/31.','Kecskemét','',200),(2221,NULL,'Velence Termál Kft.','13259314-2-42','1106','Keresztúri út 39-41.','Budapest X. kerület','',367),(2222,NULL,'Velkey Kinga Margit','','3530','Tulipán u. 15.','Miskolc','',1472),(2223,NULL,'VENTIV Tanácsadó és Szolgáltató Kft.','12061624-2-41','1027','Henger u. 2/b.','Budapest II. kerület','',444),(2224,NULL,'Viajes El Corte Ingles','','28008','Calle Princesa 47','Madrid, Spain','',1490),(2225,NULL,'Viajes Pacifico, SA','A-08644932','08036','C/Muntaner, 112','Barcelona, Spain','',1492),(2226,NULL,'ViBeCo Kft.','','1161','Templom u. 30.','Budapest XVI. ker.','',360),(2227,NULL,'Vibeke Brix Christensen','','2100','Blegdamsvej 9, afd 4271','Copenhagen, Denmark','',1482),(2228,NULL,'Victofon Kft.','','1068','Szondi u. 98/a.','Budapest VI. kerület','',371),(2229,NULL,'Vidékfejlesztési Minisztérium','','1055','Kossuth Lajos tér 11.','Budapest V. kerület','',925),(2230,NULL,'Vilandné Horányi Andrea','','2071','Kossuth L. u. 1.','Páty','',1357),(2231,NULL,'Villa Millennium Kft.','24068862-2-41','1026','Lotz Károly u. 16.','Budapest II. kerület','',1549),(2232,NULL,'Vinedumed Kft.','','7632','Lomb u. 5.','Pécs','',1609),(2233,NULL,'Virág Krisztina','','3533','Mányoki Ádám u. 52.','Miskolc','',964),(2234,NULL,'Vis Medicina Bt.','20907796-1-09','4031','Kálmán u. 25/1.','Debrecen','',290),(2235,NULL,'Vitalitas Savariae Bt.','20946540-2-18','9700','11-es Huszár út 19.','Szombathely','',865),(2236,NULL,'VitaminKosár Kft.','','1117','Nádorliget u. 7/c.','Budapest XI. kerület','',164),(2237,NULL,'Viva Pharma Kft.','13355623-2-06','6726','Gébics u. 21.','Szeged','',105),(2259,NULL,'VMD Kórházi Technológiai Zrt.','13215613-2-07','2400','Petõfi S. u. 63.','Dunaújváros','',1328),(2260,NULL,'VOU, a.s. - Dr. Pavol Dubinsky','','041 91','Rastislavova 43','Kosice, Slovakia','',1146),(2261,NULL,'VYC-Med Bt.','','1036','Dereglye u. 5. II/3.','Budapest III. ker.','',547),(2262,NULL,'Wendy van der Woerd','','3871','Prinsenhof 15','Hoevelaken, Netherla','',1487),(2263,NULL,'West End Szállodaüzemeltetõ Kft.','11996516-2-42','1062','Váci út 1-3.','Budapest VI. kerület','',1653),(2264,NULL,'Westsik Vilmos Alapítvány','','4400','Westsik Vilmos u. 4-6.','Nyíregyháza','',625),(2265,NULL,'Worldmed Kft.','','1063','Munkácsy M. u. 23.','Budapest VI. kerület','',243),(2266,NULL,'Wossala Hotels Kft.','12892972-2-19','8220','Bajcsy-Zsilinszky u. 14.','Balatonalmádi','',54),(2267,NULL,'Wyeth Kft.','11995694-2-41','1036','Lajos u. 78.','Budapest III. ker.','',91),(2268,NULL,'XIII. ker. Eü-i Szolg. Közh. Nonp. Kft.','','1139','Szegedi út 17.','Budapest XIII. ker.','',377),(2269,NULL,'XXL Catering Kft.','13039659-2-41','1039','Kelta u. 2.','Budapest III. ker.','',1332),(2270,NULL,'Z T Szolg. és Ker. Bt.','22426127-2-08','9027','Kandó K. u. 13/3','Gyõr','',1388),(2271,NULL,'Zala Megyei Kórház Belgyógyászati Osztályáért Alapítvány','18957457-1-20','8900','Zrínyi M. u. 1.','Zalaegerszeg','szeker.lilla@gmail.com',559),(2272,NULL,'Zana Bt.','','1171','Nagyszentmiklós u. 19.','Budapest XVII. ker.','',389),(2273,NULL,'ZÉ-MED Kft.','10908129-2-42','1165','Margit u. 114.','Budapest XVI. ker.','',119),(2274,NULL,'Zipper Kft.','11798026-2-43','1095','Lechner Ödön fasor 1. V/517.','Budapest IX. kerület','',1578),(2275,NULL,'ZK Hotel Szállodaipari Kft.','23424379-2-20','8749','Gyógyfürdõ tér 8.','Zalakaros','',1587),(2276,NULL,'Zoba-Trend Kft.','14462124-2-02','7633','Kerényi K. u. 8/c.','Pécs','',1087),(2277,NULL,'Zoloxi Kft.','','6900','Bárány u. 57.','Makó','',643),(2278,NULL,'Zsanda Emília','','4002','Gyékény u. 8.','Debrecen','',1611),(2279,NULL,'Gesztesi László','.','1031','Amfiteátrum u,. 26','Budapest','laszlogesztesi@freemail.hu',0),(2280,NULL,'Antalffy Katalin','0','9400','Csata u.21.','Sopron','kate_antalffy@yahoo.com',NULL),(2281,NULL,'Beke Andrea','0','4320','Nagykálló','Katona József út 12.','andi.beke88@gmail.com',NULL),(2282,NULL,'Biomedix Pharma Hungary Kft.','26156929-2-42','1143','Szobránc u. 16. 1/4.','Budapest','halasi@biomedix.co.uk',NULL),(2283,NULL,'Dr. Halmen Kft.','14103546-1-10','3200','Belváros tér 1. 3.em 5 ajtó','Gyöngyös','halmenmaria@yahoo.com',NULL),(2284,NULL,'Flór Ferenc Kórház a Lakosságért Közalapítvány','18677911-1-13','2143','Semmelweis tér 1.','Kistarcsa','gemesi@florhosp.hu',NULL),(2285,NULL,'Kovács Zsuzsanna','42157865-1-41','1034','Szőlő u. 10.','Budapest','drkovacszsuzsa@gmail.com',NULL),(2286,NULL,'Szabó Andrea','65560048-3-04','5525','Dobó utca 11.','Füzesgyarmat','szabo.andrea.gyula@gmail.com',NULL),(2287,NULL,'Simon Edina Eü. Szolg. Kft.','-','9011','Lehár F. u. 67/A','Győr','drse72@gmail.com',NULL),(2288,NULL,'MEDI-CALL Kft.','25943920-1-12','3100','Füleki út 39. I. em. 1.','Salgótarján','attila@medi-call.hu',NULL),(2289,NULL,'Lőrinczi Jolán','-','3525','Fábián u. 4.','Miskolc','jolan.lorinczi@yahoo.com',NULL),(2290,NULL,'Dr. Szabó András','-','2094','Kaszáló utca 30.','Nagykovácsi','szabo.andras@med.semmelweis-univ.hu',NULL),(2291,NULL,'Dr. Kercsó Annamária','-','1024','Keleti K. u. 11/a. IV/19.','Budapest','kercso@peto.hu',NULL),(2292,NULL,'Dr. Szabó Hajnalka','8360000247','8000','Seregélyesi út. 3.','Székesfehérvár','hszabo@mail.fmkorhaz.hu',NULL),(2293,NULL,'Dr. Harmat György','-','1125','Istenhegyi út 64.','Budapest','gyharmat1951@gmail.com',NULL),(2294,NULL,'Medibis Kft.','10939440243','1126','Szendrő utca 57.','Budapest','adam.balogh@medibis.hu',NULL),(2295,NULL,'BE-ZO Gyermekorvos Szolg. Bt.','22258919-1-09','4100','Népliget u. 3.','Berettyóújfalu','kissmk14@gmail.com',NULL),(2296,NULL,'Dr. Moreh Zsuzsanna','-','540004','Budai Nagy Antal','Marosvásárhely','morehzsuzsanna@gmail.com',NULL),(2297,NULL,'Mediolen Kft.','25976762113','2011','Klisovác u. 56/A','Budakalász','d.tordas@gmail.com',NULL),(2298,NULL,'Dr. Nagy Rita','-','4400','Kéz utca 58. sz.','Nyíregyháza','dnagyrita@hotmail.com',NULL),(2299,NULL,'Ambrus Flóra','-','4031','Kishegyesi út 42, 9/69','Debrecen','flora99991@hotmail.com',NULL),(2300,NULL,'Dr. Sümegi Edina','-','1173','Kövirigó u. 64.','Budapest','sumegi.edina@gmail.com',NULL),(2301,NULL,'Dr. Bus Mária','49256415-1-34','8440','Soltra u. 14.','Csurgó','onodi-bus@t-online.hu',NULL),(2302,NULL,'ADPH Kft.','13440073-2-43','Bu','Budapest, Hungary 1092 Ráday utca 58. 4. em.','Budapest','papp.csilla@supremex.hu',NULL),(2303,NULL,'Ewopharma Hungary KFT','25102628-2-41','1021','Budakeszi út 73\\f','Budapest','k.karadi@ewopharma.hu',NULL),(2304,NULL,'Csemeteműhely Kft','23964301-2-42','1085','Budapest, József krt 25.','Budapest','katalin.kutas@gmail.com',NULL),(2305,NULL,'adc asdcasdc','-','asdcasdc','casdcasdc','asdcasd','asdc@asdcasdc.hu',NULL),(2306,NULL,'Mis & Bos Kft.','13545185-2-42','1149','Pillangó park 7. fszt. 1-2.','Budapest','barbara.tihanyi@misandbos.hu',NULL),(2307,NULL,'Pixeloid Kft.','10806515-2-41','1149','Pillangó park 7. Fszt. 1-2.','Budapest','vanessa.lupkovics@misandbos.hu',NULL),(2308,NULL,'Mis & Bos Kft.','13545185-2-42','1149','Pillangó park 7. fszt. 1-2.','Budapest','barbara.tihanyi@misandbos.hu',NULL),(2309,NULL,'Fehér Sólyom Bt.','22204082-1-13','2367','Fő út 26','Újhartyán','akos.kovacs@gmail.com',NULL),(2310,NULL,'Supremex Kft.','25805912-2-13','2096','Kormorán utca 15.','Üröm','laki.krisztina@supremex.hu',NULL),(2311,NULL,'Numil Hungary Kft. - Nutricia','10806515-2-41','1134','Váci út 35.','Budapest','katalin.harman@nutricia.com',NULL),(2312,NULL,'Jet Travel Kft.','10274837-2-43','1113','1113 Budapest, Bocskai út 77-79','Budapest','barinka.bianka@jettravel.hu',NULL),(2313,NULL,'Korcsok Anikó','-','6725','Liliom u. 13. IV. em. 8.','Szeged','korcsokaniko@gmail.com',NULL),(2314,NULL,'Dr. Harkai-MED Kft.','14423143-1-13','2700','Szép u. 37.','Cegléd','nikolettharkai@gmail.com',NULL),(2315,NULL,'STADA HUNGARY  Kft.','26298916-2-41','1134','Tomori u. 34','Budapest','erzsebet.papp@stada-hungary.com',NULL),(2316,NULL,'Nemzeti Népegészségügyi Központ','15598787-2-43','1097','Albert Flórián út 2-6.','Budapest','balazskatus2@gmail.com',NULL),(2317,NULL,'Gyenesdiás Nagyközség Önkormányzata','15734491-2-20','8315','Csokonai köz 2.','Gyenesdiás','eszter.vilagos@gmail.com',NULL),(2318,NULL,'Variotrade Kft','10529539241','1133','Dráva u.11.','Budapest','variotrade@variotrade.hu',NULL),(2320,NULL,'Miskolcon Sugárkezelt Betegekért Alapítvány','18299463-1-05','3526','Szentpéteri kapu 72-76.','Miskolc','annamari.onkorad@bazmkorhaz.hu',NULL),(2321,NULL,'MEDICOPUS NONPROFIT KFT.','23443778-2-14','7400','Tallián Gyula utca 20-32.','Kaposvár','info@medicopus.hu',NULL),(2322,NULL,'Nestlé Hungária Kft.','10571086-2-44','2100','Lomb u. 29.','Gödöllő','kiss.a@freemail.hu',NULL),(2323,NULL,'Viszlai Aida','8453964009','3744','Jókai Mór út 32','Múcsony','v.ajdika@gmail.com',NULL);

--
-- Table structure for table `Cv`
--

CREATE TABLE `Cv` (
  `id` int(11) NOT NULL AUTO_INCREMENT,
  `presentation_id` int(11) DEFAULT NULL,
  `name` varchar(100) COLLATE utf8_unicode_ci NOT NULL,
  `body` longtext COLLATE utf8_unicode_ci NOT NULL,
  `photo` varchar(255) COLLATE utf8_unicode_ci DEFAULT NULL,
  `eventRegistration_id` int(11) DEFAULT NULL,
  PRIMARY KEY (`id`),
  UNIQUE KEY `UNIQ_23EBDA308C55A21` (`eventRegistration_id`),
  UNIQUE KEY `UNIQ_23EBDA30AB627E8B` (`presentation_id`),
  CONSTRAINT `FK_23EBDA308C55A21` FOREIGN KEY (`eventRegistration_id`) REFERENCES `EventRegistration` (`id`),
  CONSTRAINT `FK_23EBDA30AB627E8B` FOREIGN KEY (`presentation_id`) REFERENCES `Presentation` (`id`)
) ENGINE=InnoDB DEFAULT CHARSET=utf8 COLLATE=utf8_unicode_ci;

--
-- Dumping data for table `Cv`
--


--
-- Table structure for table `Dining`
--

CREATE TABLE `Dining` (
  `id` int(11) NOT NULL AUTO_INCREMENT,
  `event_id` int(11) DEFAULT NULL,
  `dining_type_id` int(11) DEFAULT NULL,
  `price` decimal(10,0) NOT NULL,
  `hidden` tinyint(1) NOT NULL,
  PRIMARY KEY (`id`),
  KEY `IDX_57E3EA871F7E88B` (`event_id`),
  KEY `IDX_57E3EA845CD4C1` (`dining_type_id`),
  CONSTRAINT `FK_57E3EA845CD4C1` FOREIGN KEY (`dining_type_id`) REFERENCES `DiningType` (`id`),
  CONSTRAINT `FK_57E3EA871F7E88B` FOREIGN KEY (`event_id`) REFERENCES `Event` (`id`)
) ENGINE=InnoDB AUTO_INCREMENT=9 DEFAULT CHARSET=utf8 COLLATE=utf8_unicode_ci;

--
-- Dumping data for table `Dining`
--

INSERT INTO `Dining` VALUES (1,1,1,5400,0),(2,1,3,5400,0),(3,2,1,5400,0),(4,2,3,5400,0),(5,3,2,6400,0),(6,3,11,8000,0),(7,4,1,5600,0),(8,5,1,5600,0);

--
-- Table structure for table `DiningDate`
--

CREATE TABLE `DiningDate` (
  `id` int(11) NOT NULL AUTO_INCREMENT,
  `dining_id` int(11) DEFAULT NULL,
  `date` date NOT NULL,
  PRIMARY KEY (`id`),
  KEY `IDX_6D50C1C3C5A30C08` (`dining_id`),
  CONSTRAINT `FK_6D50C1C3C5A30C08` FOREIGN KEY (`dining_id`) REFERENCES `Dining` (`id`)
) ENGINE=InnoDB AUTO_INCREMENT=14 DEFAULT CHARSET=utf8 COLLATE=utf8_unicode_ci;

--
-- Dumping data for table `DiningDate`
--

INSERT INTO `DiningDate` VALUES (1,1,'2019-11-09'),(2,2,'2019-11-08'),(3,3,'2019-11-16'),(4,4,'2019-11-15'),(5,5,'2020-03-06'),(6,5,'2020-03-07'),(7,7,'2020-03-27'),(8,7,'2020-03-28'),(9,7,'2020-03-29'),(10,8,'2020-03-27'),(11,8,'2020-03-28'),(12,8,'2020-03-29'),(13,6,'2020-03-06');

--
-- Table structure for table `DiningReservation`
--

CREATE TABLE `DiningReservation` (
  `id` int(11) NOT NULL AUTO_INCREMENT,
  `special` varchar(100) COLLATE utf8_unicode_ci DEFAULT NULL,
  `eventRegistration_id` int(11) DEFAULT NULL,
  PRIMARY KEY (`id`),
  UNIQUE KEY `UNIQ_895139278C55A21` (`eventRegistration_id`),
  CONSTRAINT `FK_895139278C55A21` FOREIGN KEY (`eventRegistration_id`) REFERENCES `EventRegistration` (`id`)
) ENGINE=InnoDB AUTO_INCREMENT=11 DEFAULT CHARSET=utf8 COLLATE=utf8_unicode_ci;

--
-- Dumping data for table `DiningReservation`
--

INSERT INTO `DiningReservation` VALUES (1,'veggggaaaa',1),(2,'hhgjhkj',2),(3,'hhjh',3),(4,NULL,4),(5,NULL,5),(6,NULL,6),(7,NULL,7),(8,NULL,8),(9,NULL,9),(10,'veggggaaaa',10);

--
-- Table structure for table `DiningReservationItem`
--

CREATE TABLE `DiningReservationItem` (
  `id` int(11) NOT NULL AUTO_INCREMENT,
  `sponsoration_id` int(11) DEFAULT NULL,
  `checkinDate` datetime DEFAULT NULL,
  `diningReservation_id` int(11) DEFAULT NULL,
  `diningDate_id` int(11) DEFAULT NULL,
  PRIMARY KEY (`id`),
  KEY `IDX_9EB294295357290F` (`diningReservation_id`),
  KEY `IDX_9EB29429FF5C114A` (`diningDate_id`),
  KEY `IDX_9EB2942929024657` (`sponsoration_id`),
  CONSTRAINT `FK_9EB2942929024657` FOREIGN KEY (`sponsoration_id`) REFERENCES `EventRegistrationSponsoration` (`id`),
  CONSTRAINT `FK_9EB294295357290F` FOREIGN KEY (`diningReservation_id`) REFERENCES `DiningReservation` (`id`),
  CONSTRAINT `FK_9EB29429FF5C114A` FOREIGN KEY (`diningDate_id`) REFERENCES `DiningDate` (`id`)
) ENGINE=InnoDB AUTO_INCREMENT=8 DEFAULT CHARSET=utf8 COLLATE=utf8_unicode_ci;

--
-- Dumping data for table `DiningReservationItem`
--

INSERT INTO `DiningReservationItem` VALUES (1,NULL,NULL,1,2),(2,NULL,NULL,6,4),(3,NULL,NULL,8,4),(4,NULL,NULL,9,3),(5,NULL,NULL,10,5),(6,NULL,NULL,10,6),(7,NULL,NULL,10,13);

--
-- Table structure for table `DiningType`
--

CREATE TABLE `DiningType` (
  `id` int(11) NOT NULL AUTO_INCREMENT,
  `name` varchar(100) COLLATE utf8_unicode_ci NOT NULL,
  PRIMARY KEY (`id`)
) ENGINE=InnoDB AUTO_INCREMENT=24 DEFAULT CHARSET=utf8 COLLATE=utf8_unicode_ci;

--
-- Dumping data for table `DiningType`
--

INSERT INTO `DiningType` VALUES (1,'Ebéd'),(2,'Svédasztalos ebéd'),(3,'Vacsora'),(4,'Gálavacsora'),(5,'Vacsora nem szállóvendégek részére*'),(6,'Bankett vacsora nem szállóvendégek részére*'),(7,'Bankett vacsora'),(8,'Svédasztalos vacsora'),(9,'Gálavacsora Hotel Freya szállóvendégei számára'),(10,'Gálavacsora nem Hotel Freya szállóvendégei számára'),(11,'Vacsora kísérők részére'),(12,'Lunch'),(13,'Dinner'),(14,'Gala dinner'),(15,'Nyitófogadás'),(16,'Vacsora nem szállóvendégek részére'),(17,'Vacsora - Hotel Azúr'),(18,'Vacsora - Residence Balaton & Wellness Hotel'),(19,'Vacsora - Hotel Yacht Wellness & Business'),(20,'Vacsora - Balaton Hotel Siófok'),(21,'Ebéd - Hotel Azúr'),(22,'Vacsora - CE Napfény Hotel'),(23,'Szendvicsebéd');

--
-- Table structure for table `Event`
--

CREATE TABLE `Event` (
  `id` int(11) NOT NULL AUTO_INCREMENT,
  `accomodation_id` int(11) DEFAULT NULL,
  `contact_person_id` int(11) DEFAULT NULL,
  `sponsoration_person_id` int(11) DEFAULT NULL,
  `program_pdf_id` int(11) DEFAULT NULL,
  `image_large_id` int(11) DEFAULT NULL,
  `image_square_id` int(11) DEFAULT NULL,
  `domain` varchar(100) COLLATE utf8_unicode_ci NOT NULL,
  `template` varchar(100) COLLATE utf8_unicode_ci DEFAULT NULL,
  `locale` varchar(10) COLLATE utf8_unicode_ci DEFAULT NULL,
  `name` varchar(255) COLLATE utf8_unicode_ci NOT NULL,
  `start` datetime NOT NULL,
  `end` datetime NOT NULL,
  `deadline` datetime DEFAULT NULL,
  `abstract_deadline` date DEFAULT NULL,
  `cancelation_deadline` date DEFAULT NULL,
  `registration_deadline` date NOT NULL,
  `tagline` varchar(255) COLLATE utf8_unicode_ci DEFAULT NULL,
  `tagline_short` varchar(255) COLLATE utf8_unicode_ci DEFAULT NULL,
  `location` varchar(255) COLLATE utf8_unicode_ci DEFAULT NULL,
  `slug` varchar(20) COLLATE utf8_unicode_ci DEFAULT NULL,
  `email` varchar(255) COLLATE utf8_unicode_ci NOT NULL,
  `contactphone` varchar(255) COLLATE utf8_unicode_ci DEFAULT NULL,
  `contactname` varchar(255) COLLATE utf8_unicode_ci DEFAULT NULL,
  `enable_cv` tinyint(1) DEFAULT NULL,
  `enable_abstract` tinyint(1) DEFAULT NULL,
  `issuu` varchar(255) COLLATE utf8_unicode_ci DEFAULT NULL,
  `fb_eventid` varchar(255) COLLATE utf8_unicode_ci DEFAULT NULL,
  `note_registration` longtext COLLATE utf8_unicode_ci,
  `note_dining` longtext COLLATE utf8_unicode_ci,
  `note_accommodation` longtext COLLATE utf8_unicode_ci,
  `enable_program` tinyint(1) NOT NULL,
  PRIMARY KEY (`id`),
  UNIQUE KEY `UNIQ_FA6F25A3989D9B62` (`slug`),
  KEY `IDX_FA6F25A3FD70509C` (`accomodation_id`),
  KEY `IDX_FA6F25A34F8A983C` (`contact_person_id`),
  KEY `IDX_FA6F25A366F664B5` (`sponsoration_person_id`),
  KEY `IDX_FA6F25A355FF748` (`program_pdf_id`),
  KEY `IDX_FA6F25A3B857BFE0` (`image_large_id`),
  KEY `IDX_FA6F25A3FC4D2A2B` (`image_square_id`),
  CONSTRAINT `FK_FA6F25A34F8A983C` FOREIGN KEY (`contact_person_id`) REFERENCES `TeamMember` (`id`),
  CONSTRAINT `FK_FA6F25A355FF748` FOREIGN KEY (`program_pdf_id`) REFERENCES `media__media` (`id`),
  CONSTRAINT `FK_FA6F25A366F664B5` FOREIGN KEY (`sponsoration_person_id`) REFERENCES `TeamMember` (`id`),
  CONSTRAINT `FK_FA6F25A3B857BFE0` FOREIGN KEY (`image_large_id`) REFERENCES `media__media` (`id`),
  CONSTRAINT `FK_FA6F25A3FC4D2A2B` FOREIGN KEY (`image_square_id`) REFERENCES `media__media` (`id`),
  CONSTRAINT `FK_FA6F25A3FD70509C` FOREIGN KEY (`accomodation_id`) REFERENCES `Accomodation` (`id`)
) ENGINE=InnoDB AUTO_INCREMENT=6 DEFAULT CHARSET=utf8 COLLATE=utf8_unicode_ci;

--
-- Dumping data for table `Event`
--

INSERT INTO `Event` VALUES (1,92,4,NULL,NULL,NULL,NULL,'mee2019',NULL,'hu','Modrovich Emil Emlékülés 11. Kazuisztikai Fórum','2019-11-08 11:00:00','2019-11-09 14:00:00','2019-11-08 00:00:00',NULL,'2019-10-25','2019-11-09','Modrovich Emil Emlékülés 11. Kazuisztikai Fórum','Modrovich Emil Emlékülés',NULL,NULL,'barbara.tihanyi@timelessevent.hu',NULL,NULL,0,0,NULL,NULL,'A regisztrációs díjból bruttó 2.000,-Ft regisztrációhoz kapcsolódó étkezésként kerül számlázásra (27%-os ÁFA tartalommal).','Az étkezés díja 5 %-os ÁFA-t tartalmaz.','A szállás díja 18 %-os ÁFA-t tartalmaz.',0),(2,1,4,NULL,NULL,NULL,NULL,'mle2019',NULL,'hu','Mihóczy László Emlékülés 8. Kazuisztikai Fórum','2019-11-15 11:00:00','2019-11-16 14:00:00','2019-11-15 00:00:00',NULL,'2019-10-25','2019-11-16','Mihóczy László Emlékülés 8. Kazuisztikai Fórum','Mihóczy László Emlékülés',NULL,NULL,'barbara.tihanyi@timelessevent.hu',NULL,NULL,0,0,NULL,NULL,'A regisztrációs díjból bruttó 2.000,-Ft regisztrációhoz kapcsolódó étkezésként kerül számlázásra (27%-os ÁFA tartalommal).','Az étkezés díja 5 %-os ÁFA-t tartalmaz.','A szállás díja 18 %-os ÁFA-t tartalmaz.',1),(3,57,5,4,NULL,NULL,NULL,'colon2020',NULL,'hu','COLON2020','2020-03-06 10:00:00','2020-03-07 15:00:00','2020-01-15 00:00:00','2020-02-01','2020-01-30','2020-03-07','Magyar Gasztroenterológiai Társaság Colon Szekció 2020. évi Tudományos Ülése és Semmelweis Egyetem Általános Orvostudományi Kar I. sz. Sebészeti Klinika Továbbképző Tanfolyama','MGT Colon Szekció 2020',NULL,NULL,'colon@timelessevent.hu',NULL,NULL,0,1,NULL,NULL,'A regisztrációs díj tartalmazza a vacsorát bruttó 7.600 Ft értékben (5 %-os ÁFA tartalommal). A nyugdíjasoknak, orvostanhallgatóknak szóló, valamint a napijegyes regisztráció nem tartalmaz vacsorát! Az árak tartalmazzák az általános forgalmi adót. (Regisztráció: 27%, étkezések: 5%, szállás: 5%)','Az árak tartalmazzák az általános forgalmi adót (regisztráció: 27%, étkezések: 5%, szállás: 5%).','Az árak tartalmazzák az általános forgalmi adót (regisztráció: 27%, étkezések: 5%, szállás: 5%).',1),(4,24,5,4,NULL,NULL,NULL,'fisesz2020',NULL,'hu','fisesz2020','2020-03-27 09:00:00','2020-03-29 14:00:00','2020-01-20 00:00:00',NULL,'2020-01-31','2020-03-29','Magyar Sebész Társaság Fiatal Sebészek Szekciójának VIII. Kongresszusa','FISESZ VIII. Kongresszusa',NULL,NULL,'fisesz@timelessevent.hu',NULL,NULL,0,0,NULL,NULL,'A regisztrációs díj tartalmazza a tudományos programon való részvételt, a kiállítás megtekintését, a kongresszusi anyagokat és a kávészüneti ellátást napi bruttó 450 Ft értékben , 27%-os ÁFA tartalommal.','Az árak tartalmazzák az általános forgalmi adót.','Az árak tartalmazzák az általános forgalmi adót. (szállás, étkezés: 5%). A szállás díjából bruttó 7.600 Ft/fő/éj étkezésként kerül kiszámlázásra, 5 %-os ÁFA tartalommal.',1),(5,24,5,4,NULL,NULL,NULL,'figamu2020',NULL,'hu','FIGAMU2020','2020-03-27 09:00:00','2020-03-29 14:00:00','2020-01-20 00:00:00','2020-02-10','2020-01-31','2020-03-29','Fiatal Gasztroenterológusok Munkacsoportjának (FIGAMU) XV. Kongresszusa','FIGAMU XV. Kongresszusa',NULL,NULL,'figamu@timelessevent.hu',NULL,NULL,0,1,NULL,NULL,'A regisztrációs díj tartalmazza a tudományos programon való részvételt, a kiállítás megtekintését, a kongresszusi anyagokat és a kávészüneti ellátást napi bruttó 450 Ft értékben , 27%-os ÁFA tartalommal.','Az árak tartalmazzák az általános forgalmi adót.','Az árak tartalmazzák az általános forgalmi adót. (szállás, étkezés: 5%). A szállás díjából bruttó 7.600 Ft/fő/éj étkezésként kerül kiszámlázásra, 5 %-os ÁFA tartalommal.',1);

--
-- Table structure for table `EventRegistration`
--

CREATE TABLE `EventRegistration` (
  `id` int(11) NOT NULL AUTO_INCREMENT,
  `event_id` int(11) DEFAULT NULL,
  `user_id` int(11) DEFAULT NULL,
  `state_id` int(11) DEFAULT NULL,
  `firstname` varchar(255) COLLATE utf8_unicode_ci NOT NULL,
  `lastname` varchar(255) COLLATE utf8_unicode_ci NOT NULL,
  `title` varchar(10) COLLATE utf8_unicode_ci DEFAULT NULL,
  `institution` varchar(255) COLLATE utf8_unicode_ci NOT NULL,
  `country` varchar(100) COLLATE utf8_unicode_ci NOT NULL,
  `address` varchar(255) COLLATE utf8_unicode_ci NOT NULL,
  `city` varchar(255) COLLATE utf8_unicode_ci NOT NULL,
  `phone` varchar(20) COLLATE utf8_unicode_ci NOT NULL,
  `fax` varchar(20) COLLATE utf8_unicode_ci DEFAULT NULL,
  `code` varchar(100) COLLATE utf8_unicode_ci DEFAULT NULL,
  `email` varchar(100) COLLATE utf8_unicode_ci NOT NULL,
  `postal` varchar(10) COLLATE utf8_unicode_ci NOT NULL,
  `regnumber` varchar(50) COLLATE utf8_unicode_ci DEFAULT NULL,
  `paymentmethod` varchar(255) COLLATE utf8_unicode_ci DEFAULT NULL,
  `invoiceType_sponsored` varchar(255) COLLATE utf8_unicode_ci DEFAULT NULL,
  `billingName_sponsored` varchar(255) COLLATE utf8_unicode_ci DEFAULT NULL,
  `billingAddress_sponsored` varchar(255) COLLATE utf8_unicode_ci DEFAULT NULL,
  `billingContactPerson_sponsored` varchar(255) COLLATE utf8_unicode_ci DEFAULT NULL,
  `billingContactEmail_sponsored` varchar(255) COLLATE utf8_unicode_ci DEFAULT NULL,
  `billingName_transfer` varchar(255) COLLATE utf8_unicode_ci DEFAULT NULL,
  `billingAddress_transfer` varchar(255) COLLATE utf8_unicode_ci DEFAULT NULL,
  `billingVat_transfer` varchar(255) COLLATE utf8_unicode_ci DEFAULT NULL,
  `billingEmail_transfer` varchar(255) COLLATE utf8_unicode_ci DEFAULT NULL,
  `created` datetime NOT NULL,
  `invoice_created_date` date DEFAULT NULL,
  `payment_received_date` date DEFAULT NULL,
  `status` tinyint(1) DEFAULT NULL,
  `discount` int(11) DEFAULT NULL,
  `notes` longtext COLLATE utf8_unicode_ci,
  `registrantTypeEvent_id` int(11) DEFAULT NULL,
  PRIMARY KEY (`id`),
  KEY `IDX_A10E2FDBE58C40D8` (`registrantTypeEvent_id`),
  KEY `IDX_A10E2FDB71F7E88B` (`event_id`),
  KEY `IDX_A10E2FDBA76ED395` (`user_id`),
  KEY `IDX_A10E2FDB5D83CC1` (`state_id`),
  CONSTRAINT `FK_A10E2FDB5D83CC1` FOREIGN KEY (`state_id`) REFERENCES `EventRegistrationStatus` (`id`),
  CONSTRAINT `FK_A10E2FDB71F7E88B` FOREIGN KEY (`event_id`) REFERENCES `Event` (`id`),
  CONSTRAINT `FK_A10E2FDBA76ED395` FOREIGN KEY (`user_id`) REFERENCES `SiteUser` (`id`),
  CONSTRAINT `FK_A10E2FDBE58C40D8` FOREIGN KEY (`registrantTypeEvent_id`) REFERENCES `RegistrantTypeEvent` (`id`)
) ENGINE=InnoDB AUTO_INCREMENT=11 DEFAULT CHARSET=utf8 COLLATE=utf8_unicode_ci;

--
-- Dumping data for table `EventRegistration`
--

INSERT INTO `EventRegistration` VALUES (1,1,3,NULL,'h','h',NULL,'h','Magyarország','j','j','j',NULL,'7220aa8d89dc867f7401fa6a3592953d','bernadett.szabo@misandbos.hu','j','hh','transfer',NULL,'h h',NULL,'j','bernadett.szabo@misandbos.hu','h h','j j, j','-','bernadett.szabo@misandbos.hu','2019-11-05 00:00:00',NULL,NULL,1,NULL,NULL,1),(2,1,3,NULL,'h','h',NULL,'h','Magyarország','hh','h','jh',NULL,'805319ca6bdbf1f044d0d0fc5258caa2','bernadett.szabo@misandbos.hu','h','h','transfer',NULL,'h h',NULL,'jh','bernadett.szabo@misandbos.hu','h h','h h, hh','-','bernadett.szabo@misandbos.hu','2019-11-05 00:00:00',NULL,NULL,1,NULL,NULL,1),(3,1,3,NULL,'gh','zu',NULL,'zuu','Magyarország','gg','fft','dff',NULL,'6f18662796514ece5d284aa80ed8812a','bernadett.szabo@misandbos.hu','gg','fg','transfer',NULL,'gh zu',NULL,'dff','bernadett.szabo@misandbos.hu','gh zu','gg fft, gg','-','bernadett.szabo@misandbos.hu','2019-11-05 00:00:00',NULL,NULL,1,NULL,NULL,1),(4,1,3,NULL,'fff','rrf',NULL,'rr','ggg','t','rrr','hhh',NULL,'e96613fc6514700dedf3b3f7226cf2ff','bernadett.szabo@misandbos.hu','fff','hjj','transfer',NULL,'fff rrf',NULL,'hhh','bernadett.szabo@misandbos.hu','fff rrf','fff rrr, t','-','bernadett.szabo@misandbos.hu','2019-11-05 00:00:00',NULL,NULL,1,NULL,NULL,1),(5,2,3,NULL,'jgjh','hjhj',NULL,'hh','4','5','5','556',NULL,'fe151945626a8786b587211e083b4b4e','bernadett.szabo@misandbos.hu','45','bjhhj','transfer',NULL,'jgjh hjhj',NULL,'556','bernadett.szabo@misandbos.hu','jgjh hjhj','45 5, 5','-','bernadett.szabo@misandbos.hu','2019-11-11 00:00:00',NULL,NULL,1,NULL,NULL,2),(6,2,4,NULL,'asdc','asdcsa',NULL,'adasdc','Magyarország','123123','123123','123123123123',NULL,'238ca6893cbedf7de35af305f0c86125','olah.gergely@pixeloid.hu','123','as','transfer',NULL,'asdc asdcsa',NULL,'123123123123','olah.gergely@pixeloid.hu','asdc asdcsa','123 123123, 123123','-','olah.gergely@pixeloid.hu','2019-11-12 00:00:00',NULL,NULL,1,NULL,NULL,2),(7,2,4,NULL,'dqwedqwe','edfqwe',NULL,'qwedqwedq','Magyarország','3123','12312312','123123',NULL,'c220ee2d1ee38d3c24be8fa20abd00da','olah.gergely@pixeloid.hu','123','qweqw','transfer',NULL,'dqwedqwe edfqwe',NULL,'123123','olah.gergely@pixeloid.hu','dqwedqwe edfqwe','123 12312312, 3123','-','olah.gergely@pixeloid.hu','2019-11-12 00:00:00',NULL,NULL,1,NULL,NULL,2),(8,2,5,NULL,'asdcas','dcasdc',NULL,'dcas','Magyarország','231231','23123','12312312',NULL,'6744c01579790587b32177efc1d4e266','info@pixeloid.hu','31231','asdcas','transfer',NULL,'asdcas dcasdc',NULL,'12312312','info@pixeloid.hu','asdcas dcasdc','31231 23123, 231231','-','info@pixeloid.hu','2019-11-12 00:00:00',NULL,NULL,1,NULL,NULL,2),(9,2,3,NULL,'b','b',NULL,'b','Magyarország','5','5','555',NULL,'7043081bb9af3a052a316b958bcc758c','bernadett.szabo@misandbos.hu','5050','bb00','transfer',NULL,'b b',NULL,'555','bernadett.szabo@misandbos.hu','b b','5050 5, 5','-','bernadett.szabo@misandbos.hu','2019-11-13 00:00:00',NULL,NULL,1,NULL,NULL,2),(10,3,2,NULL,'1100','1','Md.','hfhkjktelr00','Magyarország','jsfjfhdkrjtke','hukerkj0','123456',NULL,'7a53f90c133c625b8efb4129e2910e44','bernadett.szabo@timelessevent.hu','1234','111111','transfer',NULL,'kjjg0jkjkk00',NULL,'jkjj','jjmklth@jiefjek.hu','kjklgél1','njjk','gjhkk','mklth@jiefjek.hu','2019-12-16 00:00:00',NULL,NULL,1,NULL,NULL,5);

--
-- Table structure for table `EventRegistrationSponsoration`
--

CREATE TABLE `EventRegistrationSponsoration` (
  `id` int(11) NOT NULL AUTO_INCREMENT,
  `customer_id` int(11) DEFAULT NULL,
  `po_id` int(11) DEFAULT NULL,
  `isRegistrationSponsored` tinyint(1) NOT NULL,
  `isAccommodationSponsored` tinyint(1) NOT NULL,
  `eventRegistration_id` int(11) DEFAULT NULL,
  PRIMARY KEY (`id`),
  KEY `IDX_F9AEF15F8C55A21` (`eventRegistration_id`),
  KEY `IDX_F9AEF15F9395C3F3` (`customer_id`),
  KEY `IDX_F9AEF15FC5B5ECA5` (`po_id`),
  CONSTRAINT `FK_F9AEF15F8C55A21` FOREIGN KEY (`eventRegistration_id`) REFERENCES `EventRegistration` (`id`),
  CONSTRAINT `FK_F9AEF15F9395C3F3` FOREIGN KEY (`customer_id`) REFERENCES `Customer` (`id`),
  CONSTRAINT `FK_F9AEF15FC5B5ECA5` FOREIGN KEY (`po_id`) REFERENCES `PurchaseOrder` (`id`)
) ENGINE=InnoDB DEFAULT CHARSET=utf8 COLLATE=utf8_unicode_ci;

--
-- Dumping data for table `EventRegistrationSponsoration`
--


--
-- Table structure for table `EventRegistrationStatus`
--

CREATE TABLE `EventRegistrationStatus` (
  `id` int(11) NOT NULL AUTO_INCREMENT,
  `name` varchar(255) COLLATE utf8_unicode_ci NOT NULL,
  PRIMARY KEY (`id`)
) ENGINE=InnoDB AUTO_INCREMENT=8 DEFAULT CHARSET=utf8 COLLATE=utf8_unicode_ci;

--
-- Dumping data for table `EventRegistrationStatus`
--

INSERT INTO `EventRegistrationStatus` VALUES (1,'Ellenőrzés alatt'),(2,'Egyeztetést igényel'),(3,'Jóváhagyva, számlázható'),(4,'Számla kiállítva'),(5,'Fizetve'),(6,'Lemondva'),(7,'PO-ra vár');

--
-- Table structure for table `ExtraProgram`
--

CREATE TABLE `ExtraProgram` (
  `id` int(11) NOT NULL AUTO_INCREMENT,
  `name` varchar(255) COLLATE utf8_unicode_ci NOT NULL,
  `price_before` decimal(10,0) NOT NULL,
  `price_after` decimal(10,0) NOT NULL,
  `description` varchar(255) COLLATE utf8_unicode_ci DEFAULT NULL,
  `sort` int(11) DEFAULT NULL,
  `status` tinyint(1) NOT NULL,
  `extraProgramGroup_id` int(11) DEFAULT NULL,
  PRIMARY KEY (`id`),
  KEY `IDX_6A7E4ACB38C39911` (`extraProgramGroup_id`),
  CONSTRAINT `FK_6A7E4ACB38C39911` FOREIGN KEY (`extraProgramGroup_id`) REFERENCES `ExtraProgramGroup` (`id`)
) ENGINE=InnoDB DEFAULT CHARSET=utf8 COLLATE=utf8_unicode_ci;

--
-- Dumping data for table `ExtraProgram`
--


--
-- Table structure for table `ExtraProgramGroup`
--

CREATE TABLE `ExtraProgramGroup` (
  `id` int(11) NOT NULL AUTO_INCREMENT,
  `event_id` int(11) DEFAULT NULL,
  `name` varchar(255) COLLATE utf8_unicode_ci NOT NULL,
  `description` longtext COLLATE utf8_unicode_ci,
  `empty_text` varchar(255) COLLATE utf8_unicode_ci DEFAULT NULL,
  `status` tinyint(1) NOT NULL,
  PRIMARY KEY (`id`),
  KEY `IDX_710CC2571F7E88B` (`event_id`),
  CONSTRAINT `FK_710CC2571F7E88B` FOREIGN KEY (`event_id`) REFERENCES `Event` (`id`)
) ENGINE=InnoDB DEFAULT CHARSET=utf8 COLLATE=utf8_unicode_ci;

--
-- Dumping data for table `ExtraProgramGroup`
--


--
-- Table structure for table `ExtraProgramReservation`
--

CREATE TABLE `ExtraProgramReservation` (
  `id` int(11) NOT NULL AUTO_INCREMENT,
  `eventRegistration_id` int(11) DEFAULT NULL,
  PRIMARY KEY (`id`),
  UNIQUE KEY `UNIQ_B60E5EEB8C55A21` (`eventRegistration_id`),
  CONSTRAINT `FK_B60E5EEB8C55A21` FOREIGN KEY (`eventRegistration_id`) REFERENCES `EventRegistration` (`id`)
) ENGINE=InnoDB DEFAULT CHARSET=utf8 COLLATE=utf8_unicode_ci;

--
-- Dumping data for table `ExtraProgramReservation`
--


--
-- Table structure for table `Invoice`
--

CREATE TABLE `Invoice` (
  `id` int(11) NOT NULL AUTO_INCREMENT,
  `customer_id` int(11) DEFAULT NULL,
  `date` date NOT NULL,
  `invoicenumber` varchar(30) COLLATE utf8_unicode_ci DEFAULT NULL,
  `eventRegistration_id` int(11) DEFAULT NULL,
  PRIMARY KEY (`id`),
  KEY `IDX_5FD82ED88C55A21` (`eventRegistration_id`),
  KEY `IDX_5FD82ED89395C3F3` (`customer_id`),
  CONSTRAINT `FK_5FD82ED88C55A21` FOREIGN KEY (`eventRegistration_id`) REFERENCES `EventRegistration` (`id`),
  CONSTRAINT `FK_5FD82ED89395C3F3` FOREIGN KEY (`customer_id`) REFERENCES `Customer` (`id`)
) ENGINE=InnoDB DEFAULT CHARSET=utf8 COLLATE=utf8_unicode_ci;

--
-- Dumping data for table `Invoice`
--


--
-- Table structure for table `InvoiceItem`
--

CREATE TABLE `InvoiceItem` (
  `id` int(11) NOT NULL AUTO_INCREMENT,
  `invoice_id` int(11) DEFAULT NULL,
  `name` varchar(255) COLLATE utf8_unicode_ci NOT NULL,
  `amount` int(11) NOT NULL,
  `qty` int(11) NOT NULL,
  `vat` double NOT NULL,
  PRIMARY KEY (`id`),
  KEY `IDX_DC2F73CE2989F1FD` (`invoice_id`),
  CONSTRAINT `FK_DC2F73CE2989F1FD` FOREIGN KEY (`invoice_id`) REFERENCES `Invoice` (`id`)
) ENGINE=InnoDB DEFAULT CHARSET=utf8 COLLATE=utf8_unicode_ci;

--
-- Dumping data for table `InvoiceItem`
--


--
-- Table structure for table `LectureHall`
--

CREATE TABLE `LectureHall` (
  `id` int(11) NOT NULL AUTO_INCREMENT,
  `accomodation_id` int(11) DEFAULT NULL,
  `name` varchar(100) COLLATE utf8_unicode_ci NOT NULL,
  PRIMARY KEY (`id`),
  KEY `IDX_FE7EA49DFD70509C` (`accomodation_id`),
  CONSTRAINT `FK_FE7EA49DFD70509C` FOREIGN KEY (`accomodation_id`) REFERENCES `Accomodation` (`id`)
) ENGINE=InnoDB AUTO_INCREMENT=20 DEFAULT CHARSET=utf8 COLLATE=utf8_unicode_ci;

--
-- Dumping data for table `LectureHall`
--

INSERT INTO `LectureHall` VALUES (1,59,'Bálterem (első emelet)'),(2,59,'Szekcióterem 402. (második emelet)'),(3,59,'Szekcióterem 403. (második emelet)'),(4,59,'Különterem (Hotel Lycium)'),(5,59,'Foyer (földszint)'),(6,59,'Átrium Étterem (földszint)'),(7,59,'Nagyterem (földszint)'),(8,59,'Szekcióterem 404. (második emelet)'),(9,59,'Szekcióterem 405. (második emelet)'),(10,51,'Zsolnay I.+II.'),(11,51,'Zsolnay III.'),(12,24,'Tramontana II.'),(13,24,'Tramontana I-II.'),(14,24,'Nevera I-II.'),(16,24,'Tramontana I.'),(17,24,'Étterem'),(18,24,'Sky Lounge és Board Room (12. emelet)'),(19,24,'Kiállítói terület');

--
-- Table structure for table `NewsletterSubscription`
--

CREATE TABLE `NewsletterSubscription` (
  `id` int(11) NOT NULL AUTO_INCREMENT,
  `user_id` int(11) DEFAULT NULL,
  `event_id` int(11) DEFAULT NULL,
  `created` datetime NOT NULL,
  PRIMARY KEY (`id`),
  KEY `IDX_5B3BC0D9A76ED395` (`user_id`),
  KEY `IDX_5B3BC0D971F7E88B` (`event_id`),
  CONSTRAINT `FK_5B3BC0D971F7E88B` FOREIGN KEY (`event_id`) REFERENCES `Event` (`id`),
  CONSTRAINT `FK_5B3BC0D9A76ED395` FOREIGN KEY (`user_id`) REFERENCES `SiteUser` (`id`)
) ENGINE=InnoDB AUTO_INCREMENT=2 DEFAULT CHARSET=utf8 COLLATE=utf8_unicode_ci;

--
-- Dumping data for table `NewsletterSubscription`
--

INSERT INTO `NewsletterSubscription` VALUES (1,2,3,'2019-12-16 09:52:44');

--
-- Table structure for table `Presentation`
--

CREATE TABLE `Presentation` (
  `id` int(11) NOT NULL AUTO_INCREMENT,
  `cv_id` int(11) DEFAULT NULL,
  `event_id` int(11) DEFAULT NULL,
  `section_id` int(11) DEFAULT NULL,
  `media_id` int(11) DEFAULT NULL,
  `email` varchar(100) COLLATE utf8_unicode_ci DEFAULT NULL,
  `firstname` varchar(255) COLLATE utf8_unicode_ci DEFAULT NULL,
  `lastname` varchar(255) COLLATE utf8_unicode_ci DEFAULT NULL,
  `title` varchar(255) COLLATE utf8_unicode_ci DEFAULT NULL,
  `body1` longtext COLLATE utf8_unicode_ci,
  `status` tinyint(1) DEFAULT NULL,
  `public` tinyint(1) DEFAULT NULL,
  `start` datetime DEFAULT NULL,
  `end` datetime DEFAULT NULL,
  `presentationType_id` int(11) DEFAULT NULL,
  `eventRegistration_id` int(11) DEFAULT NULL,
  PRIMARY KEY (`id`),
  UNIQUE KEY `UNIQ_8357336B8C55A21` (`eventRegistration_id`),
  UNIQUE KEY `UNIQ_8357336BCFE419E2` (`cv_id`),
  KEY `IDX_8357336B52F5A409` (`presentationType_id`),
  KEY `IDX_8357336B71F7E88B` (`event_id`),
  KEY `IDX_8357336BD823E37A` (`section_id`),
  KEY `IDX_8357336BEA9FDD75` (`media_id`),
  CONSTRAINT `FK_8357336B52F5A409` FOREIGN KEY (`presentationType_id`) REFERENCES `PresentationType` (`id`),
  CONSTRAINT `FK_8357336B71F7E88B` FOREIGN KEY (`event_id`) REFERENCES `Event` (`id`),
  CONSTRAINT `FK_8357336B8C55A21` FOREIGN KEY (`eventRegistration_id`) REFERENCES `EventRegistration` (`id`),
  CONSTRAINT `FK_8357336BCFE419E2` FOREIGN KEY (`cv_id`) REFERENCES `Cv` (`id`),
  CONSTRAINT `FK_8357336BD823E37A` FOREIGN KEY (`section_id`) REFERENCES `PresentationSection` (`id`),
  CONSTRAINT `FK_8357336BEA9FDD75` FOREIGN KEY (`media_id`) REFERENCES `media__media` (`id`)
) ENGINE=InnoDB AUTO_INCREMENT=28 DEFAULT CHARSET=utf8 COLLATE=utf8_unicode_ci;

--
-- Dumping data for table `Presentation`
--

INSERT INTO `Presentation` VALUES (1,NULL,3,2,NULL,NULL,NULL,NULL,'A gastrointestinalis ökoszisztéma (mikrobiom, mikobiom és virom) felépítése és kapcsolata a gazdaszervezet immunrendszerével',NULL,1,1,'2020-03-06 09:30:00','2020-03-06 09:45:00',NULL,NULL),(2,NULL,3,2,NULL,NULL,NULL,NULL,'A mikrobiom, mikobiom és virom vizsgálati módszerei és az eredmények értelmezése',NULL,1,1,'2020-03-06 09:45:00','2020-03-06 10:00:00',NULL,NULL),(3,NULL,3,2,NULL,NULL,NULL,NULL,'A széklet transzplantáció lehetséges szerepe a bélbetegségek kezelésében a Clostrioides difficile fertőzés kezelésén túl',NULL,1,1,'2020-03-06 10:00:00','2020-03-06 10:10:00',NULL,NULL),(4,NULL,3,2,NULL,NULL,NULL,NULL,'Széklet transzplantáció - gyakorlati útmutató - az új magyar ajánlás',NULL,1,1,'2020-03-06 10:10:00','2020-03-06 10:20:00',NULL,NULL),(5,NULL,3,2,NULL,NULL,NULL,NULL,'Probiotikumok, vékonybél kontamináció, bélnyálkahártya védelem a bizonyítékok tükrében',NULL,1,1,'2020-03-06 10:20:00','2020-03-06 10:32:00',NULL,NULL),(6,NULL,3,2,NULL,NULL,NULL,NULL,'A mikrobiom és befolyásolásának hatása egyes gyógyszercsoportok hatékonyságára',NULL,1,1,'2020-03-06 10:32:00','2020-03-06 10:44:00',NULL,NULL),(7,NULL,3,2,NULL,NULL,NULL,NULL,'Diszkusszió',NULL,1,1,'2020-03-06 10:44:00','2020-03-06 11:00:00',NULL,NULL),(8,NULL,3,7,NULL,NULL,NULL,NULL,'Magánszférában',NULL,1,1,'2020-03-06 14:00:00','2020-03-06 14:12:00',NULL,NULL),(9,NULL,3,7,NULL,NULL,NULL,NULL,'II/A. progresszivitású szinten',NULL,1,1,'2020-03-06 14:12:00','2020-03-06 14:24:00',NULL,NULL),(10,NULL,3,7,NULL,NULL,NULL,NULL,'II/B. progresszivitású szinten',NULL,1,1,'2020-03-06 14:24:00','2020-03-06 14:36:00',NULL,NULL),(11,NULL,3,7,NULL,NULL,NULL,NULL,'III. progresszivitású szinten',NULL,1,1,'2020-03-06 14:36:00','2020-03-06 14:48:00',NULL,NULL),(12,NULL,3,7,NULL,NULL,NULL,NULL,'III. progresszivitású, klinikai szinten',NULL,1,1,'2020-03-06 14:48:00','2020-03-06 15:00:00',NULL,NULL),(13,NULL,3,7,NULL,NULL,NULL,NULL,'Gyermekgasztroenterológián',NULL,1,1,'2020-03-06 15:00:00','2020-03-06 15:12:00',NULL,NULL),(14,NULL,3,7,NULL,NULL,NULL,NULL,'Diszkusszió',NULL,1,1,'2020-03-06 15:12:00','2020-03-06 15:30:00',NULL,NULL),(15,NULL,3,10,NULL,NULL,NULL,NULL,'Beszámoló',NULL,1,1,'2020-03-06 16:45:00','2020-03-06 17:00:00',NULL,NULL),(16,NULL,3,10,NULL,NULL,NULL,NULL,'Az új SZMSZ',NULL,1,1,'2020-03-06 17:00:00','2020-03-06 17:15:00',NULL,NULL),(17,NULL,3,15,NULL,NULL,NULL,NULL,'Válogatott colonopathiák szövődményei (diverticulosis, diverticulitis, ischaemia)',NULL,1,1,'2020-03-07 09:30:00','2020-03-07 09:40:00',NULL,NULL),(18,NULL,3,15,NULL,NULL,NULL,NULL,'A gyulladásos bélbetegség gyógyszeres kezelésének haematológiai szövődményei (vénás és artériás thrombosis, lymphoma rizikó)',NULL,1,1,'2020-03-07 09:40:00','2020-03-07 09:50:00',NULL,NULL),(19,NULL,3,15,NULL,NULL,NULL,NULL,'A gyulladásos bélbetegség gyógyszeres kezelésének infektológiai szövődményei (bakteriális és vírusfertőzések, opportunista fertőzések)',NULL,1,1,'2020-03-07 09:50:00','2020-03-07 10:00:00',NULL,NULL),(20,NULL,3,15,NULL,NULL,NULL,NULL,'Az Intervenciós radiológiai technikák szövődményeinek megelőzése és elhárítása (angiographia, embolisatio)',NULL,1,1,'2020-03-07 10:00:00','2020-03-07 10:10:00',NULL,NULL),(21,NULL,3,15,NULL,NULL,NULL,NULL,'A colonoscopos előkészítés megválasztása a társbetegségek kapcsán várható szövődmények megelőzésére (diabetes mellitus, cardiopulmonalis és renalis insuffitientia, stb.)',NULL,1,1,'2020-03-07 10:10:00','2020-03-07 10:20:00',NULL,NULL),(22,NULL,3,15,NULL,NULL,NULL,NULL,'Szisztémás szövődmények colonoscopos beavatkozások során (postcolonoscopiás infectiok, postpolypectomiás elektrocoagulációs syndroma, gázrobbanás, cardiopulmonalis szövődmények)',NULL,1,1,'2020-03-07 10:20:00','2020-03-07 10:30:00',NULL,NULL),(23,NULL,3,15,NULL,NULL,NULL,NULL,'Speciális colonoscopos intervenciók során kialakuló szövődmények (tattoo, stent, vérzéscsillapítás, idegentest, tágítás, stb)',NULL,1,1,'2020-03-07 10:30:00','2020-03-07 10:40:00',NULL,NULL),(24,NULL,3,15,NULL,NULL,NULL,NULL,'Diszkusszió',NULL,1,1,'2020-03-07 10:40:00','2020-03-07 11:00:00',NULL,NULL),(25,NULL,3,NULL,NULL,NULL,NULL,NULL,'Hibák és buktatók a vastagbélrákszűrő programban – gyakorlati útmutató',NULL,0,0,'2020-03-06 12:30:00','2020-03-06 12:45:00',NULL,NULL),(26,NULL,3,NULL,NULL,NULL,NULL,NULL,'CRC szűrési stratégia Kanadában',NULL,0,0,'2020-03-06 12:45:00','2020-03-06 13:00:00',NULL,NULL),(27,NULL,3,NULL,NULL,'bernadett.szabo@timelessevent.hu','1100','1','gfkuthgihtr','kjbékutp                 <p><b>\r\n                 Cél\r\n                 </b></p>\r\n                 <p></p>\r\n                 <p><b>\r\n                 Anyag és módszer\r\n                 </b></p>\r\n                 <p></p>\r\n                 <p><b>\r\n                 Eredmények\r\n                 </b></p>\r\n                 <p></p>\r\n                 <p><b>\r\n                 Következtetés\r\n                 </b></p>\r\n                 <p></p>',1,0,NULL,NULL,1,10);

--
-- Table structure for table `PresentationReview`
--

CREATE TABLE `PresentationReview` (
  `id` int(11) NOT NULL AUTO_INCREMENT,
  `presentation_id` int(11) DEFAULT NULL,
  `user_id` int(11) DEFAULT NULL,
  PRIMARY KEY (`id`),
  KEY `IDX_4FF42BFDAB627E8B` (`presentation_id`),
  KEY `IDX_4FF42BFDA76ED395` (`user_id`),
  CONSTRAINT `FK_4FF42BFDA76ED395` FOREIGN KEY (`user_id`) REFERENCES `SiteUser` (`id`),
  CONSTRAINT `FK_4FF42BFDAB627E8B` FOREIGN KEY (`presentation_id`) REFERENCES `Presentation` (`id`)
) ENGINE=InnoDB DEFAULT CHARSET=utf8 COLLATE=utf8_unicode_ci;

--
-- Dumping data for table `PresentationReview`
--


--
-- Table structure for table `PresentationReviewCriteria`
--

CREATE TABLE `PresentationReviewCriteria` (
  `id` int(11) NOT NULL AUTO_INCREMENT,
  `event_id` int(11) DEFAULT NULL,
  `name` varchar(255) COLLATE utf8_unicode_ci NOT NULL,
  PRIMARY KEY (`id`),
  KEY `IDX_B21D01BD71F7E88B` (`event_id`),
  CONSTRAINT `FK_B21D01BD71F7E88B` FOREIGN KEY (`event_id`) REFERENCES `Event` (`id`)
) ENGINE=InnoDB DEFAULT CHARSET=utf8 COLLATE=utf8_unicode_ci;

--
-- Dumping data for table `PresentationReviewCriteria`
--


--
-- Table structure for table `PresentationReviewCriteriaOption`
--

CREATE TABLE `PresentationReviewCriteriaOption` (
  `id` int(11) NOT NULL AUTO_INCREMENT,
  `criteria_id` int(11) DEFAULT NULL,
  `value_id` int(11) DEFAULT NULL,
  `point` int(11) NOT NULL,
  PRIMARY KEY (`id`),
  KEY `IDX_A2B789A1990BEA15` (`criteria_id`),
  KEY `IDX_A2B789A1F920BBA2` (`value_id`),
  CONSTRAINT `FK_A2B789A1990BEA15` FOREIGN KEY (`criteria_id`) REFERENCES `PresentationReviewCriteria` (`id`),
  CONSTRAINT `FK_A2B789A1F920BBA2` FOREIGN KEY (`value_id`) REFERENCES `PresentationReviewCriteriaValue` (`id`)
) ENGINE=InnoDB DEFAULT CHARSET=utf8 COLLATE=utf8_unicode_ci;

--
-- Dumping data for table `PresentationReviewCriteriaOption`
--


--
-- Table structure for table `PresentationReviewCriteriaValue`
--

CREATE TABLE `PresentationReviewCriteriaValue` (
  `id` int(11) NOT NULL AUTO_INCREMENT,
  `name` varchar(255) COLLATE utf8_unicode_ci NOT NULL,
  PRIMARY KEY (`id`)
) ENGINE=InnoDB DEFAULT CHARSET=utf8 COLLATE=utf8_unicode_ci;

--
-- Dumping data for table `PresentationReviewCriteriaValue`
--


--
-- Table structure for table `PresentationReviewItem`
--

CREATE TABLE `PresentationReviewItem` (
  `id` int(11) NOT NULL AUTO_INCREMENT,
  `option_id` int(11) DEFAULT NULL,
  `review_id` int(11) DEFAULT NULL,
  PRIMARY KEY (`id`),
  KEY `IDX_698E95E3A7C41D6F` (`option_id`),
  KEY `IDX_698E95E33E2E969B` (`review_id`),
  CONSTRAINT `FK_698E95E33E2E969B` FOREIGN KEY (`review_id`) REFERENCES `PresentationReview` (`id`),
  CONSTRAINT `FK_698E95E3A7C41D6F` FOREIGN KEY (`option_id`) REFERENCES `PresentationReviewCriteriaOption` (`id`)
) ENGINE=InnoDB DEFAULT CHARSET=utf8 COLLATE=utf8_unicode_ci;

--
-- Dumping data for table `PresentationReviewItem`
--


--
-- Table structure for table `PresentationSection`
--

CREATE TABLE `PresentationSection` (
  `id` int(11) NOT NULL AUTO_INCREMENT,
  `event_id` int(11) DEFAULT NULL,
  `lecturehall_id` int(11) DEFAULT NULL,
  `tree_root` int(11) DEFAULT NULL,
  `parent_id` int(11) DEFAULT NULL,
  `name` varchar(255) COLLATE utf8_unicode_ci NOT NULL,
  `description` varchar(255) COLLATE utf8_unicode_ci DEFAULT NULL,
  `chairs` tinytext COLLATE utf8_unicode_ci,
  `start` datetime DEFAULT NULL,
  `end` datetime DEFAULT NULL,
  `lft` int(11) NOT NULL,
  `lvl` int(11) NOT NULL,
  `rgt` int(11) NOT NULL,
  PRIMARY KEY (`id`),
  KEY `IDX_9C4E246171F7E88B` (`event_id`),
  KEY `IDX_9C4E2461EC858AFF` (`lecturehall_id`),
  KEY `IDX_9C4E2461A977936C` (`tree_root`),
  KEY `IDX_9C4E2461727ACA70` (`parent_id`),
  CONSTRAINT `FK_9C4E246171F7E88B` FOREIGN KEY (`event_id`) REFERENCES `Event` (`id`),
  CONSTRAINT `FK_9C4E2461727ACA70` FOREIGN KEY (`parent_id`) REFERENCES `PresentationSection` (`id`) ON DELETE CASCADE,
  CONSTRAINT `FK_9C4E2461A977936C` FOREIGN KEY (`tree_root`) REFERENCES `PresentationSection` (`id`) ON DELETE CASCADE,
  CONSTRAINT `FK_9C4E2461EC858AFF` FOREIGN KEY (`lecturehall_id`) REFERENCES `LectureHall` (`id`)
) ENGINE=InnoDB AUTO_INCREMENT=24 DEFAULT CHARSET=utf8 COLLATE=utf8_unicode_ci;

--
-- Dumping data for table `PresentationSection`
--

INSERT INTO `PresentationSection` VALUES (1,3,NULL,1,NULL,'Megnyitó',NULL,'Kristóf Tünde, Miheller Pál','2020-03-06 09:15:00','2020-03-06 09:30:00',1,0,2),(2,3,NULL,2,NULL,'MIKROBIOM',NULL,'Üléselnök: Farkas Klaudia, Herszényi László, Banai János','2020-03-06 09:30:00','2020-03-06 11:00:00',1,0,2),(3,3,NULL,3,NULL,'Kávészünet',NULL,NULL,'2020-03-06 11:00:00','2020-03-06 11:30:00',1,0,2),(4,3,NULL,4,NULL,'Szimpózium',NULL,NULL,'2020-03-06 11:30:00','2020-03-06 12:00:00',1,0,2),(5,3,NULL,5,NULL,'Szimpózium',NULL,NULL,'2020-03-06 12:00:00','2020-03-06 12:30:00',1,0,2),(6,3,NULL,6,NULL,'Ebédszünet',NULL,NULL,'2020-03-06 13:00:00','2020-03-06 14:00:00',1,0,2),(7,3,NULL,7,NULL,'KOLONOSZKÓPIA A NAPI RUTINTÓL A SIKERÉLMÉNYIG',NULL,'Üléselnök: Miheller Pál, Gurzó Zoltán, Vincze Áron','2020-03-06 14:00:00','2020-03-06 15:30:00',1,0,2),(8,3,NULL,8,NULL,'Kávészünet',NULL,NULL,'2020-03-06 15:30:00','2020-03-06 16:00:00',1,0,2),(9,3,NULL,9,NULL,'PRÓNAY EMLÉKELŐADÁS',NULL,NULL,'2020-03-06 16:00:00','2020-03-06 16:45:00',1,0,2),(10,3,NULL,10,NULL,'Közgyűlés',NULL,NULL,'2020-03-06 16:45:00','2020-03-06 17:15:00',1,0,2),(11,3,NULL,11,NULL,'Szimpózium',NULL,NULL,'2020-03-06 17:15:00','2020-03-06 17:45:00',1,0,2),(12,3,NULL,12,NULL,'Szimpózium',NULL,NULL,'2020-03-06 17:45:00','2020-03-06 18:15:00',1,0,2),(13,3,NULL,13,NULL,'Szabadon bejelentett előadások I.',NULL,NULL,'2020-03-07 08:30:00','2020-03-07 09:30:00',1,0,2),(14,3,NULL,14,NULL,'Szabadon bejelentett előadások II.',NULL,NULL,'2020-03-07 11:30:00','2020-03-07 12:30:00',1,0,2),(15,3,NULL,15,NULL,'ALSÓ TÁPCSATORNAI BETEGSÉGEK ÉS BEAVATKOZÁSOK SZÖVŐDMÉNYEI',NULL,'Üléselnök: Sarlós Patrícia, Kristóf Tünde, Altorjay István','2020-03-07 09:30:00','2020-03-07 11:00:00',1,0,2),(16,3,NULL,16,NULL,'Kávészünet',NULL,NULL,'2020-03-07 11:00:00','2020-03-07 11:30:00',1,0,2),(17,3,NULL,17,NULL,'Szimpózium',NULL,NULL,'2020-03-07 12:30:00','2020-03-07 13:00:00',1,0,2),(18,3,NULL,18,NULL,'Tesztírás, konferencia zárása',NULL,NULL,'2020-03-07 13:45:00','2020-03-07 14:00:00',1,0,2),(19,3,NULL,19,NULL,'Ebéd',NULL,NULL,'2020-03-07 14:00:00','2020-03-07 15:00:00',1,0,2),(20,3,NULL,20,NULL,'AZ IBD BIOLÓGIAI TERÁPIÁJÁNAK LEGÚJABB FINANSZÍROZÁSI PROTOKOLLJA',NULL,'Molnár Tamás','2020-03-07 13:00:00','2020-03-07 13:30:00',1,0,2),(21,3,NULL,21,NULL,'A 2020. ÉVI ÚJSZÁSZY DÍJ ÁTADÁSA',NULL,NULL,'2020-03-07 13:30:00','2020-03-07 13:45:00',1,0,2),(22,3,NULL,22,NULL,'Hibák és buktatók a vastagbélrákszűrő programban – gyakorlati útmutató',NULL,'Szepes Zoltán','2020-03-06 12:30:00','2020-03-06 12:45:00',1,0,2),(23,3,NULL,23,NULL,'CRC szűrési stratégia Kanadában',NULL,'Lakatos Péter László','2020-03-06 12:45:00','2020-03-06 13:00:00',1,0,2);

--
-- Table structure for table `PresentationType`
--

CREATE TABLE `PresentationType` (
  `id` int(11) NOT NULL AUTO_INCREMENT,
  `name` varchar(100) COLLATE utf8_unicode_ci NOT NULL,
  PRIMARY KEY (`id`)
) ENGINE=InnoDB AUTO_INCREMENT=3 DEFAULT CHARSET=utf8 COLLATE=utf8_unicode_ci;

--
-- Dumping data for table `PresentationType`
--

INSERT INTO `PresentationType` VALUES (1,'Szóbeli prezentáció'),(2,'Poszter');

--
-- Table structure for table `PurchaseOrder`
--

CREATE TABLE `PurchaseOrder` (
  `id` int(11) NOT NULL AUTO_INCREMENT,
  `customer_id` int(11) DEFAULT NULL,
  `reference_number` varchar(255) COLLATE utf8_unicode_ci NOT NULL,
  `date` date NOT NULL,
  PRIMARY KEY (`id`),
  KEY `IDX_AA004F119395C3F3` (`customer_id`),
  CONSTRAINT `FK_AA004F119395C3F3` FOREIGN KEY (`customer_id`) REFERENCES `Customer` (`id`)
) ENGINE=InnoDB DEFAULT CHARSET=utf8 COLLATE=utf8_unicode_ci;

--
-- Dumping data for table `PurchaseOrder`
--


--
-- Table structure for table `Quiz`
--

CREATE TABLE `Quiz` (
  `id` int(11) NOT NULL AUTO_INCREMENT,
  `event_id` int(11) DEFAULT NULL,
  `name` varchar(255) COLLATE utf8_unicode_ci NOT NULL,
  `description` longtext COLLATE utf8_unicode_ci,
  `minutes` int(11) NOT NULL,
  PRIMARY KEY (`id`),
  KEY `IDX_42055AC71F7E88B` (`event_id`),
  CONSTRAINT `FK_42055AC71F7E88B` FOREIGN KEY (`event_id`) REFERENCES `Event` (`id`)
) ENGINE=InnoDB DEFAULT CHARSET=utf8 COLLATE=utf8_unicode_ci;

--
-- Dumping data for table `Quiz`
--


--
-- Table structure for table `QuizAnswer`
--

CREATE TABLE `QuizAnswer` (
  `id` int(11) NOT NULL AUTO_INCREMENT,
  `question_id` int(11) DEFAULT NULL,
  `name` varchar(255) COLLATE utf8_unicode_ci NOT NULL,
  `is_correct` tinyint(1) NOT NULL,
  PRIMARY KEY (`id`),
  KEY `IDX_E467D9DF1E27F6BF` (`question_id`),
  CONSTRAINT `FK_E467D9DF1E27F6BF` FOREIGN KEY (`question_id`) REFERENCES `QuizQuestion` (`id`)
) ENGINE=InnoDB DEFAULT CHARSET=utf8 COLLATE=utf8_unicode_ci;

--
-- Dumping data for table `QuizAnswer`
--


--
-- Table structure for table `QuizQuestion`
--

CREATE TABLE `QuizQuestion` (
  `id` int(11) NOT NULL AUTO_INCREMENT,
  `quiz_id` int(11) DEFAULT NULL,
  `name` varchar(255) COLLATE utf8_unicode_ci NOT NULL,
  PRIMARY KEY (`id`),
  KEY `IDX_31A2BC3D853CD175` (`quiz_id`),
  CONSTRAINT `FK_31A2BC3D853CD175` FOREIGN KEY (`quiz_id`) REFERENCES `Quiz` (`id`)
) ENGINE=InnoDB DEFAULT CHARSET=utf8 COLLATE=utf8_unicode_ci;

--
-- Dumping data for table `QuizQuestion`
--


--
-- Table structure for table `QuizResult`
--

CREATE TABLE `QuizResult` (
  `id` int(11) NOT NULL AUTO_INCREMENT,
  `name` varchar(255) COLLATE utf8_unicode_ci NOT NULL,
  `identification` varchar(50) COLLATE utf8_unicode_ci NOT NULL,
  `email` varchar(255) COLLATE utf8_unicode_ci NOT NULL,
  `result` longtext COLLATE utf8_unicode_ci NOT NULL,
  PRIMARY KEY (`id`)
) ENGINE=InnoDB DEFAULT CHARSET=utf8 COLLATE=utf8_unicode_ci;

--
-- Dumping data for table `QuizResult`
--


--
-- Table structure for table `RegistrantType`
--

CREATE TABLE `RegistrantType` (
  `id` int(11) NOT NULL AUTO_INCREMENT,
  `name` varchar(255) COLLATE utf8_unicode_ci NOT NULL,
  PRIMARY KEY (`id`)
) ENGINE=InnoDB AUTO_INCREMENT=98 DEFAULT CHARSET=utf8 COLLATE=utf8_unicode_ci;

--
-- Dumping data for table `RegistrantType`
--

INSERT INTO `RegistrantType` VALUES (1,'ESPGHAN members'),(2,'Non members'),(3,'Orvos'),(4,'Szakdolgozó, asszisztens'),(5,'Cégképviselő'),(6,'Napijegy'),(7,'Orvostanhallgató (hallgatói jogviszony igazolása esetén)'),(8,'Nyugdíjas'),(9,'FISESZ tag (40 év alatti)'),(10,'FISESZ pártoló tag (40 év feletti)'),(11,'Nem tag'),(12,'Kiállító'),(13,'FIGAMU tag (40 év alatti)'),(14,'FIGAMU pártoló tag (40 év feletti)'),(15,'MAGYOT tag'),(17,'Szakdolgozó'),(18,'MGYT Tag - 35 év alatt'),(19,'MGYT Tag - 35 év felett'),(20,'Nem MGYT Tag'),(22,'Rezidens'),(23,'Szakdolgozó'),(24,'MGYGT tag (befizetett tagdíj esetén)'),(25,'Nem MGYGT tag'),(26,'Nappali PhD hallgató (hallgatói jogviszony igazolása esetén)'),(27,'Orvos MMTT tag'),(28,'Orvos nem MMTT tag'),(29,'Gyógyszerész'),(30,'Dietetikus'),(31,'Asszisztens'),(32,'Kísérő'),(33,'Hivatásukat nem gyakorló nyugdíjasok'),(34,'35 év alatti orvos'),(35,'35 év feletti orvos'),(36,'Diplomás MST tag'),(37,'35 év alatti Diplomás MST tag'),(38,'Asszisztens MST tag'),(40,'Gasztroenterológus szakorvos jelölt'),(41,'Endoszkópos szakasszisztens'),(42,'Előadó'),(43,'Vezetőségi tag'),(44,'Registration fee'),(45,'Reduced registration fee for members of MGT, MGYT, and medical assistants'),(46,'Registration fee for members of HUPIR'),(49,'Egyéni regisztráció'),(50,'Közszférában dolgozók részére  (nem META tag) 2 napos regisztráció'),(51,'Közszférában dolgozók részére  (META tag) 2 napos regisztráció'),(52,'Versenyszférában dolgozók részére  (nem META tag) 2 napos regisztráció'),(53,'Nappali tagozatos egyetemisták részére  (nem META tag) 2 napos regisztráció'),(54,'Nappali tagozatos egyetemisták részére  (META tag) 2 napos regisztráció'),(55,'Közszférában dolgozók részére  (nem META tag) 1 napos regisztráció (2018.05.09.)'),(56,'Közszférában dolgozók részére  (nem META tag) 1 napos regisztráció (2018.05.10.)'),(57,'Közszférában dolgozók részére  (META tag) 1 napos regisztráció (2018.05.09.)'),(58,'Közszférában dolgozók részére  (META tag) 1 napos regisztráció (2018.05.10.)'),(59,'Versenyszférában dolgozók részére  (nem META tag) 1 napos regisztráció (2018.05.09.)'),(60,'Versenyszférában dolgozók részére  (nem META tag) 1 napos regisztráció (2018.05.10.)'),(61,'Nappali tagozatos egyetemisták részére  (nem META tag) 1 napos regisztráció (2018.05.09.)'),(62,'Nappali tagozatos egyetemisták részére  (nem META tag) 1 napos regisztráció (2018.05.10.)'),(63,'Nappali tagozatos egyetemisták részére  (META tag) 1 napos regisztráció (2018.05.09.)'),(64,'Nappali tagozatos egyetemisták részére  (META tag) 1 napos regisztráció (2018.05.10.)'),(65,'Versenyszférában dolgozók részére  (META tag) 2 napos regisztráció'),(66,'Versenyszférában dolgozók részére  (META tag) 1 napos regisztráció (2018.05.09.)'),(67,'Versenyszférában dolgozók részére  (META tag) 1 napos regisztráció (2018.05.10.)'),(68,'Napijegy - 2018. május 17.'),(69,'Nem MGYT Tag - 35 év alatt'),(70,'Nem MGYT Tag - 35 év felett'),(71,'Részvételi díj'),(72,'Díjmentes regisztráció'),(74,'30 év alatti orvos - díjmentes regisztráció'),(75,'Napi regisztráció (2020. január 31.)'),(76,'Napi regisztráció (2020. február 1.)'),(77,'Közszférában dolgozók részére  (nem META tag)'),(78,'Közszférában dolgozók részére  (META tag)'),(79,'Versenyszférában dolgozók részére  (nem META tag)'),(80,'Versenyszférában dolgozók részére  (META tag)'),(81,'Nappali tagozatos egyetemisták részére  (META tag)'),(82,'Nappali tagozatos egyetemisták részére  (nem META tag)'),(83,'Nyugdíjasok részére (nem META tag)'),(84,'Nyugdíjasok részére (META tag)'),(85,'HGYE tag*'),(86,'nem HGYE tag'),(87,'Rezidens/szakorvos jelölt'),(88,'Védőnő'),(89,'Felkért előadó'),(90,'Medical student'),(91,'AEPC junior member'),(92,'AEPC member'),(93,'non AEPC member'),(94,'Egyedi kedvezményes regisztráció'),(95,'Faculty member'),(96,'Regisztráció'),(97,'Colon Szekció tag');

--
-- Table structure for table `RegistrantTypeEvent`
--

CREATE TABLE `RegistrantTypeEvent` (
  `id` int(11) NOT NULL AUTO_INCREMENT,
  `registranttype_id` int(11) DEFAULT NULL,
  `event_id` int(11) DEFAULT NULL,
  `price_before` int(11) NOT NULL,
  `price_after` int(11) NOT NULL,
  `price_included_dining` int(11) NOT NULL,
  `position` int(11) NOT NULL,
  `need_membership` tinyint(1) NOT NULL,
  `hidden` tinyint(1) NOT NULL,
  PRIMARY KEY (`id`),
  KEY `IDX_208AE2559D497D04` (`registranttype_id`),
  KEY `IDX_208AE25571F7E88B` (`event_id`),
  CONSTRAINT `FK_208AE25571F7E88B` FOREIGN KEY (`event_id`) REFERENCES `Event` (`id`),
  CONSTRAINT `FK_208AE2559D497D04` FOREIGN KEY (`registranttype_id`) REFERENCES `RegistrantType` (`id`)
) ENGINE=InnoDB AUTO_INCREMENT=24 DEFAULT CHARSET=utf8 COLLATE=utf8_unicode_ci;

--
-- Dumping data for table `RegistrantTypeEvent`
--

INSERT INTO `RegistrantTypeEvent` VALUES (1,96,1,30000,30000,2000,1,0,0),(2,96,2,30000,30000,2000,1,0,0),(3,97,3,30000,35000,7600,1,0,0),(4,11,3,35000,40000,7600,2,0,0),(5,5,3,35000,40000,7600,3,0,0),(6,4,3,25000,30000,7600,4,0,0),(7,6,3,20000,20000,0,5,0,0),(8,7,3,0,0,0,6,0,0),(9,33,3,0,0,0,7,0,0),(10,9,4,0,8000,1350,1,0,0),(11,10,4,8000,12000,1350,2,0,0),(12,11,4,15000,18000,1350,3,0,0),(13,5,4,18000,23000,1350,4,0,0),(14,4,4,0,0,0,5,0,0),(15,7,4,0,0,0,6,0,0),(16,33,4,0,0,0,7,0,0),(17,13,5,0,8000,1350,1,0,0),(18,14,5,8000,12000,1350,2,0,0),(19,11,5,15000,18000,1350,3,0,0),(20,5,5,18000,23000,1350,4,0,0),(21,4,5,0,0,0,5,0,0),(22,7,5,0,0,0,6,0,0),(23,33,5,0,0,0,7,0,0);

--
-- Table structure for table `Room`
--

CREATE TABLE `Room` (
  `id` int(11) NOT NULL AUTO_INCREMENT,
  `event_id` int(11) DEFAULT NULL,
  `roomtype_id` int(11) DEFAULT NULL,
  `accomodation_id` int(11) DEFAULT NULL,
  `price` double NOT NULL,
  `extra_price` double DEFAULT NULL,
  `number_of_beds` int(11) NOT NULL,
  `total_number` int(11) NOT NULL,
  `price_included_dining` int(11) NOT NULL,
  `status` tinyint(1) NOT NULL,
  `hidden` tinyint(1) NOT NULL,
  `breakfastType_id` int(11) DEFAULT NULL,
  PRIMARY KEY (`id`),
  KEY `IDX_D2ADFEA571F7E88B` (`event_id`),
  KEY `IDX_D2ADFEA57D31ADD1` (`roomtype_id`),
  KEY `IDX_D2ADFEA58EB69B2B` (`breakfastType_id`),
  KEY `IDX_D2ADFEA5FD70509C` (`accomodation_id`),
  CONSTRAINT `FK_D2ADFEA571F7E88B` FOREIGN KEY (`event_id`) REFERENCES `Event` (`id`),
  CONSTRAINT `FK_D2ADFEA57D31ADD1` FOREIGN KEY (`roomtype_id`) REFERENCES `RoomType` (`id`),
  CONSTRAINT `FK_D2ADFEA58EB69B2B` FOREIGN KEY (`breakfastType_id`) REFERENCES `BreakfastType` (`id`),
  CONSTRAINT `FK_D2ADFEA5FD70509C` FOREIGN KEY (`accomodation_id`) REFERENCES `Accomodation` (`id`)
) ENGINE=InnoDB AUTO_INCREMENT=25 DEFAULT CHARSET=utf8 COLLATE=utf8_unicode_ci;

--
-- Dumping data for table `Room`
--

INSERT INTO `Room` VALUES (1,1,11,92,27000,0,1,100,0,1,0,NULL),(2,1,12,92,19000,0,2,100,0,1,0,NULL),(3,2,11,1,26000,0,1,100,0,1,0,NULL),(4,2,12,1,16000,0,2,100,0,1,0,NULL),(5,3,11,57,27000,NULL,1,100,0,1,0,NULL),(6,3,12,57,18000,NULL,2,70,0,1,0,NULL),(7,4,9,24,31000,NULL,1,60,7600,1,0,NULL),(8,4,10,24,23000,NULL,2,40,7600,1,0,NULL),(9,4,9,11,27000,NULL,1,7,7600,1,0,NULL),(10,4,10,11,21000,NULL,2,7,7600,1,0,NULL),(11,4,9,12,28500,NULL,1,7,7600,1,0,NULL),(12,4,10,12,23000,NULL,2,7,7600,1,0,NULL),(13,4,9,68,31000,NULL,1,3,7600,1,0,NULL),(14,4,10,68,24000,NULL,2,3,7600,1,0,NULL),(15,4,10,49,24000,NULL,2,3,7600,1,0,NULL),(16,5,9,24,31000,NULL,1,70,7600,1,0,NULL),(17,5,10,24,23000,NULL,2,30,7600,1,0,NULL),(18,5,9,11,27000,NULL,1,7,7600,1,0,NULL),(19,5,10,11,21000,NULL,2,7,7600,1,0,NULL),(20,5,9,12,28500,NULL,1,7,7600,1,0,NULL),(21,5,10,12,23000,NULL,2,7,7600,1,0,NULL),(22,5,9,41,25000,NULL,1,5,7600,1,0,NULL),(23,5,10,41,19000,NULL,2,4,7600,1,0,NULL),(24,5,10,49,2400,NULL,2,2,7600,1,0,NULL);

--
-- Table structure for table `RoomMate`
--

CREATE TABLE `RoomMate` (
  `id` int(11) NOT NULL AUTO_INCREMENT,
  `name` varchar(100) COLLATE utf8_unicode_ci NOT NULL,
  `roomReservation_id` int(11) DEFAULT NULL,
  `eventRegistration_id` int(11) DEFAULT NULL,
  PRIMARY KEY (`id`),
  UNIQUE KEY `UNIQ_C13F117FB3B61FF7` (`roomReservation_id`),
  UNIQUE KEY `UNIQ_C13F117F8C55A21` (`eventRegistration_id`),
  CONSTRAINT `FK_C13F117F8C55A21` FOREIGN KEY (`eventRegistration_id`) REFERENCES `EventRegistration` (`id`),
  CONSTRAINT `FK_C13F117FB3B61FF7` FOREIGN KEY (`roomReservation_id`) REFERENCES `RoomReservation` (`id`)
) ENGINE=InnoDB DEFAULT CHARSET=utf8 COLLATE=utf8_unicode_ci;

--
-- Dumping data for table `RoomMate`
--


--
-- Table structure for table `RoomReservation`
--

CREATE TABLE `RoomReservation` (
  `id` int(11) NOT NULL AUTO_INCREMENT,
  `room_id` int(11) DEFAULT NULL,
  `parent_id` int(11) DEFAULT NULL,
  `persons` smallint(6) DEFAULT NULL,
  `check_in` date DEFAULT NULL,
  `check_out` date DEFAULT NULL,
  `roommate` varchar(255) COLLATE utf8_unicode_ci DEFAULT NULL,
  `hidden` tinyint(1) NOT NULL,
  `eventRegistration_id` int(11) DEFAULT NULL,
  PRIMARY KEY (`id`),
  UNIQUE KEY `UNIQ_1B2878788C55A21` (`eventRegistration_id`),
  KEY `IDX_1B28787854177093` (`room_id`),
  KEY `IDX_1B287878727ACA70` (`parent_id`),
  CONSTRAINT `FK_1B28787854177093` FOREIGN KEY (`room_id`) REFERENCES `Room` (`id`),
  CONSTRAINT `FK_1B287878727ACA70` FOREIGN KEY (`parent_id`) REFERENCES `RoomReservation` (`id`),
  CONSTRAINT `FK_1B2878788C55A21` FOREIGN KEY (`eventRegistration_id`) REFERENCES `EventRegistration` (`id`)
) ENGINE=InnoDB AUTO_INCREMENT=11 DEFAULT CHARSET=utf8 COLLATE=utf8_unicode_ci;

--
-- Dumping data for table `RoomReservation`
--

INSERT INTO `RoomReservation` VALUES (1,1,NULL,1,'2019-11-08','2019-11-09',NULL,0,1),(2,1,NULL,1,'2019-11-08','2019-11-09',NULL,0,2),(3,1,NULL,1,'2019-11-08','2019-11-09',NULL,0,3),(4,1,NULL,1,'2019-11-08','2019-11-09',NULL,0,4),(5,3,NULL,1,'2019-11-15','2019-11-16',NULL,0,5),(6,NULL,NULL,1,'2019-11-15','2019-11-16',NULL,0,6),(7,NULL,NULL,1,'2019-11-15','2019-11-16',NULL,0,7),(8,4,NULL,1,'2019-11-15','2019-11-16',NULL,0,8),(9,3,NULL,1,'2019-11-15','2019-11-16',NULL,0,9),(10,6,NULL,1,'2020-03-06','2020-03-07','jxg hkfdh',0,10);

--
-- Table structure for table `RoomType`
--

CREATE TABLE `RoomType` (
  `id` int(11) NOT NULL AUTO_INCREMENT,
  `name` varchar(100) COLLATE utf8_unicode_ci NOT NULL,
  PRIMARY KEY (`id`)
) ENGINE=InnoDB AUTO_INCREMENT=42 DEFAULT CHARSET=utf8 COLLATE=utf8_unicode_ci;

--
-- Dumping data for table `RoomType`
--

INSERT INTO `RoomType` VALUES (1,'Single room'),(2,'Double room'),(3,'Apartman 2 fő részére'),(4,'Apartman 3 fő részére'),(5,'Lakosztály 2 fő részére'),(6,'Lakosztály 3 fő részére'),(7,'Lakosztály 4 fő részére'),(8,'Pótágy'),(9,'Egyágyas szoba félpanzióval'),(10,'Kétágyas szoba félpanzióval'),(11,'Egyágyas szoba reggelivel'),(12,'Kétágyas szoba reggelivel'),(13,'Kétágyas szoba  (két szobához 1 fürdő tartozik) '),(14,'Kétágyas szoba  (2 db emeletes ágy alsó szintjei)'),(15,'Négyágyas szoba  (szimpla ágyak)'),(16,'Egyágyas szoba'),(17,'Kétágyas szoba'),(18,'Háromágyas szoba'),(19,'Háromágyas szoba reggelivel'),(20,'Egyágyas szoba hideg, bővített kontinentális reggelivel'),(21,'Kétágyas szoba hideg, bővített kontinentális reggelivel'),(22,'Háromágyas szoba hideg, bővített kontinentális reggelivel'),(23,'Standard - Egyágyas szoba reggelivel'),(24,'Standard - Kétágyas szoba reggelivel'),(25,'Superior - Egyágyas szoba reggelivel'),(26,'Superior - Kétágyas szoba reggelivel'),(27,'Single room with breakfast'),(28,'Double room with breakfast'),(29,'Háromágyas szoba félpanzióval'),(30,'Egyágyas szoba reggelivel - Economy'),(31,'Kétágyas szoba reggelivel - Economy'),(32,'Egyágyas szoba reggelivel - Standard'),(33,'Kétágyas szoba reggelivel - Standard'),(34,'Parkolás'),(35,'Négyágyas bungalló reggelivel'),(36,'Prémium egyágyas szoba, reggelivel'),(37,'Prémium kétágyas szoba reggelivel'),(38,'Prémium egyágyas szoba reggelivel'),(39,'Prémium junior suit egyágyas reggelivel'),(40,'Prémium junior suit kétágyas reggelivel'),(41,'Kétágyas szoba + pótágy, reggelivel');

--
-- Table structure for table `SiteUser`
--

CREATE TABLE `SiteUser` (
  `id` int(11) NOT NULL AUTO_INCREMENT,
  `username` varchar(180) COLLATE utf8_unicode_ci NOT NULL,
  `username_canonical` varchar(180) COLLATE utf8_unicode_ci NOT NULL,
  `email` varchar(180) COLLATE utf8_unicode_ci NOT NULL,
  `email_canonical` varchar(180) COLLATE utf8_unicode_ci NOT NULL,
  `enabled` tinyint(1) NOT NULL,
  `salt` varchar(255) COLLATE utf8_unicode_ci DEFAULT NULL,
  `password` varchar(255) COLLATE utf8_unicode_ci NOT NULL,
  `last_login` datetime DEFAULT NULL,
  `confirmation_token` varchar(180) COLLATE utf8_unicode_ci DEFAULT NULL,
  `password_requested_at` datetime DEFAULT NULL,
  `roles` longtext COLLATE utf8_unicode_ci NOT NULL COMMENT '(DC2Type:array)',
  PRIMARY KEY (`id`),
  UNIQUE KEY `UNIQ_6D2133FB92FC23A8` (`username_canonical`),
  UNIQUE KEY `UNIQ_6D2133FBA0D96FBF` (`email_canonical`),
  UNIQUE KEY `UNIQ_6D2133FBC05FB297` (`confirmation_token`)
) ENGINE=InnoDB AUTO_INCREMENT=6 DEFAULT CHARSET=utf8 COLLATE=utf8_unicode_ci;

--
-- Dumping data for table `SiteUser`
--

INSERT INTO `SiteUser` VALUES (1,'barbara.tihanyi@timelessevent.hu','barbara.tihanyi@timelessevent.hu','barbara.tihanyi@timelessevent.hu','barbara.tihanyi@timelessevent.hu',1,'RilPDhO2vSuI3NAHhSQ0nMuhJtf9z89xfeSvoyzrucM','Tspt9HWQGG2xn9MCsVTblEbaO6JGDSWkqGJpHbEHZWIGeRMgDprgvNuVFNKubDpuqlO101A9laXoxFaClXHTgw==','2019-10-18 13:02:16',NULL,NULL,'a:2:{i:0;s:10:\"ROLE_ADMIN\";i:1;s:16:\"ROLE_SUPER_ADMIN\";}'),(2,'bernadett.szabo@timelessevent.hu','bernadett.szabo@timelessevent.hu','bernadett.szabo@timelessevent.hu','bernadett.szabo@timelessevent.hu',1,'ma07tPVQ6Dnmz9O/E3qYDUNCCi5ZMGGTqCcC6TggFds','IcJm0VfNhaSkmjtPuPZwqDdYBX26LgpOgLCiFZbbg1B787eZgG+fNeXiXoA14iLLORriobqrBdcNb7TSfSTcpw==','2019-12-16 12:10:42',NULL,NULL,'a:2:{i:0;s:10:\"ROLE_ADMIN\";i:1;s:16:\"ROLE_SUPER_ADMIN\";}'),(3,'bernadett.szabo@misandbos.hu','bernadett.szabo@misandbos.hu','bernadett.szabo@misandbos.hu','bernadett.szabo@misandbos.hu',1,'PJbDnTZy4YtWE7XXTRgUXRe9SJD5r6tLmJOIdxpK2tE','D6AXXfhev/6M3qrU6LayiCR9BEi7v7c52/R0ZSQf6F41/CL8qatMyN2OzCJdI6qJKP6l15gabGIFjryHSRhqZw==',NULL,NULL,NULL,'a:0:{}'),(4,'olah.gergely@pixeloid.hu','olah.gergely@pixeloid.hu','olah.gergely@pixeloid.hu','olah.gergely@pixeloid.hu',1,'754pdGl2tSaTy.3nUYoDoD5TQTh4B9VjOWaL9QQebP8','bsuYyaY8Ud6zhH5dE3T4mNSo2LqgbcnjkQhUes3/W+eekVA6AFHbuDNI/oADuoY4XhVPgQ6W5ynOKGl0+7gNyw==',NULL,NULL,NULL,'a:0:{}'),(5,'info@pixeloid.hu','info@pixeloid.hu','info@pixeloid.hu','info@pixeloid.hu',1,'PbfKXRlqhUx31RKQ2LZhD44apPJiuoM9cUucuLih710','KyZCnN1n2CIi44FS1FezjaQBZ+DdTJsdmDv/wdCxz/wVJf5AVGt+NKVVcIkar2+liwzrL299TfiitLENvs1R9Q==',NULL,NULL,NULL,'a:0:{}');

--
-- Table structure for table `TeamMember`
--

CREATE TABLE `TeamMember` (
  `id` int(11) NOT NULL AUTO_INCREMENT,
  `name` varchar(255) COLLATE utf8_unicode_ci NOT NULL,
  `email` varchar(255) COLLATE utf8_unicode_ci NOT NULL,
  `phone` varchar(255) COLLATE utf8_unicode_ci NOT NULL,
  PRIMARY KEY (`id`)
) ENGINE=InnoDB AUTO_INCREMENT=6 DEFAULT CHARSET=utf8 COLLATE=utf8_unicode_ci;

--
-- Dumping data for table `TeamMember`
--

INSERT INTO `TeamMember` VALUES (1,'Veres Emese','emese.veres@ementin.hu','+36 20 419 9219'),(3,'Lupkovics Vanessa','vanessa.lupkovics@ementin.hu','+36 1 999 0784'),(4,'Tihanyi Barbara','barbara.tihanyi@timelessevent.hu','+36 20 419 8988'),(5,'Szabó Bernadett','bernadett.szabo@timelessevent.hu','+36 1 999 0781');

--
-- Table structure for table `Transfer`
--

CREATE TABLE `Transfer` (
  `id` int(11) NOT NULL AUTO_INCREMENT,
  `name` varchar(255) COLLATE utf8_unicode_ci NOT NULL,
  `departure` varchar(255) COLLATE utf8_unicode_ci NOT NULL,
  `eventRegistration_id` int(11) DEFAULT NULL,
  PRIMARY KEY (`id`),
  KEY `IDX_B942C1968C55A21` (`eventRegistration_id`),
  CONSTRAINT `FK_B942C1968C55A21` FOREIGN KEY (`eventRegistration_id`) REFERENCES `EventRegistration` (`id`)
) ENGINE=InnoDB DEFAULT CHARSET=utf8 COLLATE=utf8_unicode_ci;

--
-- Dumping data for table `Transfer`
--


--
-- Table structure for table `TransferEvent`
--

CREATE TABLE `TransferEvent` (
  `id` int(11) NOT NULL AUTO_INCREMENT,
  `event_id` int(11) DEFAULT NULL,
  `price` varchar(255) COLLATE utf8_unicode_ci NOT NULL,
  `departure` varchar(255) COLLATE utf8_unicode_ci NOT NULL,
  `date` datetime NOT NULL,
  PRIMARY KEY (`id`),
  KEY `IDX_2CC1322F71F7E88B` (`event_id`),
  CONSTRAINT `FK_2CC1322F71F7E88B` FOREIGN KEY (`event_id`) REFERENCES `Event` (`id`)
) ENGINE=InnoDB DEFAULT CHARSET=utf8 COLLATE=utf8_unicode_ci;

--
-- Dumping data for table `TransferEvent`
--


--
-- Table structure for table `TransferEventReservation`
--

CREATE TABLE `TransferEventReservation` (
  `id` int(11) NOT NULL AUTO_INCREMENT,
  `transfer_event_id` int(11) DEFAULT NULL,
  `eventRegistration_id` int(11) DEFAULT NULL,
  PRIMARY KEY (`id`),
  UNIQUE KEY `UNIQ_BC538F848C55A21` (`eventRegistration_id`),
  KEY `IDX_BC538F849046C5E1` (`transfer_event_id`),
  CONSTRAINT `FK_BC538F848C55A21` FOREIGN KEY (`eventRegistration_id`) REFERENCES `EventRegistration` (`id`),
  CONSTRAINT `FK_BC538F849046C5E1` FOREIGN KEY (`transfer_event_id`) REFERENCES `TransferEvent` (`id`)
) ENGINE=InnoDB DEFAULT CHARSET=utf8 COLLATE=utf8_unicode_ci;

--
-- Dumping data for table `TransferEventReservation`
--


--
-- Table structure for table `acl_classes`
--

CREATE TABLE `acl_classes` (
  `id` int(10) unsigned NOT NULL AUTO_INCREMENT,
  `class_type` varchar(200) COLLATE utf8_unicode_ci NOT NULL,
  PRIMARY KEY (`id`),
  UNIQUE KEY `UNIQ_69DD750638A36066` (`class_type`)
) ENGINE=InnoDB AUTO_INCREMENT=8 DEFAULT CHARSET=utf8 COLLATE=utf8_unicode_ci;

--
-- Dumping data for table `acl_classes`
--

INSERT INTO `acl_classes` VALUES (5,'Pixeloid\\AppBundle\\Entity\\Accomodation'),(2,'Pixeloid\\AppBundle\\Entity\\DiningType'),(1,'Pixeloid\\AppBundle\\Entity\\Event'),(4,'Pixeloid\\AppBundle\\Entity\\Presentation'),(3,'Pixeloid\\AppBundle\\Entity\\PresentationSection'),(6,'Pixeloid\\AppBundle\\Entity\\RegistrantType'),(7,'Pixeloid\\AppBundle\\Entity\\TeamMember');

--
-- Table structure for table `acl_entries`
--

CREATE TABLE `acl_entries` (
  `id` int(10) unsigned NOT NULL AUTO_INCREMENT,
  `class_id` int(10) unsigned NOT NULL,
  `object_identity_id` int(10) unsigned DEFAULT NULL,
  `security_identity_id` int(10) unsigned NOT NULL,
  `field_name` varchar(50) COLLATE utf8_unicode_ci DEFAULT NULL,
  `ace_order` smallint(5) unsigned NOT NULL,
  `mask` int(11) NOT NULL,
  `granting` tinyint(1) NOT NULL,
  `granting_strategy` varchar(30) COLLATE utf8_unicode_ci NOT NULL,
  `audit_success` tinyint(1) NOT NULL,
  `audit_failure` tinyint(1) NOT NULL,
  PRIMARY KEY (`id`),
  UNIQUE KEY `UNIQ_46C8B806EA000B103D9AB4A64DEF17BCE4289BF4` (`class_id`,`object_identity_id`,`field_name`,`ace_order`),
  KEY `IDX_46C8B806EA000B103D9AB4A6DF9183C9` (`class_id`,`object_identity_id`,`security_identity_id`),
  KEY `IDX_46C8B806EA000B10` (`class_id`),
  KEY `IDX_46C8B8063D9AB4A6` (`object_identity_id`),
  KEY `IDX_46C8B806DF9183C9` (`security_identity_id`),
  CONSTRAINT `FK_46C8B8063D9AB4A6` FOREIGN KEY (`object_identity_id`) REFERENCES `acl_object_identities` (`id`) ON DELETE CASCADE ON UPDATE CASCADE,
  CONSTRAINT `FK_46C8B806DF9183C9` FOREIGN KEY (`security_identity_id`) REFERENCES `acl_security_identities` (`id`) ON DELETE CASCADE ON UPDATE CASCADE,
  CONSTRAINT `FK_46C8B806EA000B10` FOREIGN KEY (`class_id`) REFERENCES `acl_classes` (`id`) ON DELETE CASCADE ON UPDATE CASCADE
) ENGINE=InnoDB AUTO_INCREMENT=102 DEFAULT CHARSET=utf8 COLLATE=utf8_unicode_ci;

--
-- Dumping data for table `acl_entries`
--

INSERT INTO `acl_entries` VALUES (1,1,NULL,1,NULL,0,64,1,'all',0,0),(2,1,NULL,2,NULL,1,32,1,'all',0,0),(3,1,NULL,3,NULL,2,4,1,'all',0,0),(4,1,NULL,4,NULL,3,1,1,'all',0,0),(5,1,1,5,NULL,1,128,1,'all',0,0),(6,2,NULL,6,NULL,0,64,1,'all',0,0),(7,2,NULL,7,NULL,1,32,1,'all',0,0),(8,2,NULL,8,NULL,2,4,1,'all',0,0),(9,2,NULL,9,NULL,3,1,1,'all',0,0),(10,2,2,10,NULL,0,128,1,'all',0,0),(11,1,3,10,NULL,1,128,1,'all',0,0),(12,3,NULL,11,NULL,0,64,1,'all',0,0),(13,3,NULL,12,NULL,1,32,1,'all',0,0),(14,3,NULL,13,NULL,2,4,1,'all',0,0),(15,3,NULL,14,NULL,3,1,1,'all',0,0),(16,3,4,10,NULL,1,128,1,'all',0,0),(17,3,5,10,NULL,1,128,1,'all',0,0),(18,4,NULL,15,NULL,0,64,1,'all',0,0),(19,4,NULL,16,NULL,1,32,1,'all',0,0),(20,4,NULL,17,NULL,2,4,1,'all',0,0),(21,4,NULL,18,NULL,3,1,1,'all',0,0),(22,4,6,10,NULL,1,128,1,'all',0,0),(23,4,7,10,NULL,1,128,1,'all',0,0),(24,4,8,10,NULL,1,128,1,'all',0,0),(25,3,9,10,NULL,1,128,1,'all',0,0),(26,3,10,10,NULL,1,128,1,'all',0,0),(27,4,11,10,NULL,1,128,1,'all',0,0),(28,4,12,10,NULL,1,128,1,'all',0,0),(29,4,13,10,NULL,1,128,1,'all',0,0),(30,4,14,10,NULL,1,128,1,'all',0,0),(31,1,1,19,NULL,0,128,1,'all',0,0),(32,5,NULL,20,NULL,0,64,1,'all',0,0),(33,5,NULL,21,NULL,1,32,1,'all',0,0),(34,5,NULL,22,NULL,2,4,1,'all',0,0),(35,5,NULL,23,NULL,3,1,1,'all',0,0),(36,5,15,19,NULL,0,128,1,'all',0,0),(37,6,NULL,24,NULL,0,64,1,'all',0,0),(38,6,NULL,25,NULL,1,32,1,'all',0,0),(39,6,NULL,26,NULL,2,4,1,'all',0,0),(40,6,NULL,27,NULL,3,1,1,'all',0,0),(41,6,16,19,NULL,0,128,1,'all',0,0),(42,1,3,19,NULL,0,128,1,'all',0,0),(43,7,NULL,28,NULL,0,64,1,'all',0,0),(44,7,NULL,29,NULL,1,32,1,'all',0,0),(45,7,NULL,30,NULL,2,4,1,'all',0,0),(46,7,NULL,31,NULL,3,1,1,'all',0,0),(47,7,17,19,NULL,0,128,1,'all',0,0),(48,7,18,19,NULL,0,128,1,'all',0,0),(49,1,19,19,NULL,0,128,1,'all',0,0),(50,6,20,19,NULL,0,128,1,'all',0,0),(51,3,4,19,NULL,0,128,1,'all',0,0),(52,3,5,19,NULL,0,128,1,'all',0,0),(53,3,9,19,NULL,0,128,1,'all',0,0),(54,3,10,19,NULL,0,128,1,'all',0,0),(55,3,21,19,NULL,0,128,1,'all',0,0),(56,3,22,19,NULL,0,128,1,'all',0,0),(57,3,23,19,NULL,0,128,1,'all',0,0),(58,3,24,19,NULL,0,128,1,'all',0,0),(59,3,25,19,NULL,0,128,1,'all',0,0),(60,3,26,19,NULL,0,128,1,'all',0,0),(61,3,27,19,NULL,0,128,1,'all',0,0),(62,3,28,19,NULL,0,128,1,'all',0,0),(63,3,29,19,NULL,0,128,1,'all',0,0),(64,3,30,19,NULL,0,128,1,'all',0,0),(65,3,31,19,NULL,0,128,1,'all',0,0),(66,3,32,19,NULL,0,128,1,'all',0,0),(67,3,33,19,NULL,0,128,1,'all',0,0),(68,3,34,19,NULL,0,128,1,'all',0,0),(69,3,35,19,NULL,0,128,1,'all',0,0),(70,4,6,19,NULL,0,128,1,'all',0,0),(71,4,7,19,NULL,0,128,1,'all',0,0),(72,4,8,19,NULL,0,128,1,'all',0,0),(73,4,11,19,NULL,0,128,1,'all',0,0),(74,4,12,19,NULL,0,128,1,'all',0,0),(75,4,13,19,NULL,0,128,1,'all',0,0),(76,4,14,19,NULL,0,128,1,'all',0,0),(77,4,36,19,NULL,0,128,1,'all',0,0),(78,4,37,19,NULL,0,128,1,'all',0,0),(79,4,38,19,NULL,0,128,1,'all',0,0),(80,4,39,19,NULL,0,128,1,'all',0,0),(81,4,40,19,NULL,0,128,1,'all',0,0),(82,4,41,19,NULL,0,128,1,'all',0,0),(83,4,42,19,NULL,0,128,1,'all',0,0),(84,4,43,19,NULL,0,128,1,'all',0,0),(85,4,44,19,NULL,0,128,1,'all',0,0),(86,4,45,19,NULL,0,128,1,'all',0,0),(87,4,46,19,NULL,0,128,1,'all',0,0),(88,4,47,19,NULL,0,128,1,'all',0,0),(89,4,48,19,NULL,0,128,1,'all',0,0),(90,4,49,19,NULL,0,128,1,'all',0,0),(91,4,50,19,NULL,0,128,1,'all',0,0),(92,4,51,19,NULL,0,128,1,'all',0,0),(93,4,52,19,NULL,0,128,1,'all',0,0),(94,4,53,19,NULL,0,128,1,'all',0,0),(95,4,54,19,NULL,0,128,1,'all',0,0),(96,3,55,19,NULL,0,128,1,'all',0,0),(97,3,56,19,NULL,0,128,1,'all',0,0),(98,3,57,19,NULL,0,128,1,'all',0,0),(99,3,58,19,NULL,0,128,1,'all',0,0),(100,1,59,19,NULL,0,128,1,'all',0,0),(101,1,60,19,NULL,0,128,1,'all',0,0);

--
-- Table structure for table `acl_object_identities`
--

CREATE TABLE `acl_object_identities` (
  `id` int(10) unsigned NOT NULL AUTO_INCREMENT,
  `parent_object_identity_id` int(10) unsigned DEFAULT NULL,
  `class_id` int(10) unsigned NOT NULL,
  `object_identifier` varchar(100) COLLATE utf8_unicode_ci NOT NULL,
  `entries_inheriting` tinyint(1) NOT NULL,
  PRIMARY KEY (`id`),
  UNIQUE KEY `UNIQ_9407E5494B12AD6EA000B10` (`object_identifier`,`class_id`),
  KEY `IDX_9407E54977FA751A` (`parent_object_identity_id`),
  CONSTRAINT `FK_9407E54977FA751A` FOREIGN KEY (`parent_object_identity_id`) REFERENCES `acl_object_identities` (`id`)
) ENGINE=InnoDB AUTO_INCREMENT=61 DEFAULT CHARSET=utf8 COLLATE=utf8_unicode_ci;

--
-- Dumping data for table `acl_object_identities`
--

INSERT INTO `acl_object_identities` VALUES (1,NULL,1,'1',1),(2,NULL,2,'23',1),(3,NULL,1,'2',1),(4,NULL,3,'1',1),(5,NULL,3,'2',1),(6,NULL,4,'1',1),(7,NULL,4,'2',1),(8,NULL,4,'3',1),(9,NULL,3,'3',1),(10,NULL,3,'4',1),(11,NULL,4,'4',1),(12,NULL,4,'5',1),(13,NULL,4,'6',1),(14,NULL,4,'7',1),(15,NULL,5,'92',1),(16,NULL,6,'96',1),(17,NULL,7,'4',1),(18,NULL,7,'5',1),(19,NULL,1,'3',1),(20,NULL,6,'97',1),(21,NULL,3,'5',1),(22,NULL,3,'6',1),(23,NULL,3,'7',1),(24,NULL,3,'8',1),(25,NULL,3,'9',1),(26,NULL,3,'10',1),(27,NULL,3,'11',1),(28,NULL,3,'12',1),(29,NULL,3,'13',1),(30,NULL,3,'14',1),(31,NULL,3,'15',1),(32,NULL,3,'16',1),(33,NULL,3,'17',1),(34,NULL,3,'18',1),(35,NULL,3,'19',1),(36,NULL,4,'8',1),(37,NULL,4,'9',1),(38,NULL,4,'10',1),(39,NULL,4,'11',1),(40,NULL,4,'12',1),(41,NULL,4,'13',1),(42,NULL,4,'14',1),(43,NULL,4,'15',1),(44,NULL,4,'16',1),(45,NULL,4,'17',1),(46,NULL,4,'18',1),(47,NULL,4,'19',1),(48,NULL,4,'20',1),(49,NULL,4,'21',1),(50,NULL,4,'22',1),(51,NULL,4,'23',1),(52,NULL,4,'24',1),(53,NULL,4,'25',1),(54,NULL,4,'26',1),(55,NULL,3,'20',1),(56,NULL,3,'21',1),(57,NULL,3,'22',1),(58,NULL,3,'23',1),(59,NULL,1,'4',1),(60,NULL,1,'5',1);

--
-- Table structure for table `acl_object_identity_ancestors`
--

CREATE TABLE `acl_object_identity_ancestors` (
  `object_identity_id` int(10) unsigned NOT NULL,
  `ancestor_id` int(10) unsigned NOT NULL,
  PRIMARY KEY (`object_identity_id`,`ancestor_id`),
  KEY `IDX_825DE2993D9AB4A6` (`object_identity_id`),
  KEY `IDX_825DE299C671CEA1` (`ancestor_id`),
  CONSTRAINT `FK_825DE2993D9AB4A6` FOREIGN KEY (`object_identity_id`) REFERENCES `acl_object_identities` (`id`) ON DELETE CASCADE ON UPDATE CASCADE,
  CONSTRAINT `FK_825DE299C671CEA1` FOREIGN KEY (`ancestor_id`) REFERENCES `acl_object_identities` (`id`) ON DELETE CASCADE ON UPDATE CASCADE
) ENGINE=InnoDB DEFAULT CHARSET=utf8 COLLATE=utf8_unicode_ci;

--
-- Dumping data for table `acl_object_identity_ancestors`
--

INSERT INTO `acl_object_identity_ancestors` VALUES (1,1),(2,2),(3,3),(4,4),(5,5),(6,6),(7,7),(8,8),(9,9),(10,10),(11,11),(12,12),(13,13),(14,14),(15,15),(16,16),(17,17),(18,18),(19,19),(20,20),(21,21),(22,22),(23,23),(24,24),(25,25),(26,26),(27,27),(28,28),(29,29),(30,30),(31,31),(32,32),(33,33),(34,34),(35,35),(36,36),(37,37),(38,38),(39,39),(40,40),(41,41),(42,42),(43,43),(44,44),(45,45),(46,46),(47,47),(48,48),(49,49),(50,50),(51,51),(52,52),(53,53),(54,54),(55,55),(56,56),(57,57),(58,58),(59,59),(60,60);

--
-- Table structure for table `acl_security_identities`
--

CREATE TABLE `acl_security_identities` (
  `id` int(10) unsigned NOT NULL AUTO_INCREMENT,
  `identifier` varchar(200) COLLATE utf8_unicode_ci NOT NULL,
  `username` tinyint(1) NOT NULL,
  PRIMARY KEY (`id`),
  UNIQUE KEY `UNIQ_8835EE78772E836AF85E0677` (`identifier`,`username`)
) ENGINE=InnoDB AUTO_INCREMENT=32 DEFAULT CHARSET=utf8 COLLATE=utf8_unicode_ci;

--
-- Dumping data for table `acl_security_identities`
--

INSERT INTO `acl_security_identities` VALUES (19,'Pixeloid\\UserBundle\\Entity\\User-bernadett.szabo@timelessevent.hu',1),(5,'Pixeloid\\UserBundle\\Entity\\User-emese',1),(10,'Pixeloid\\UserBundle\\Entity\\User-emese.veres@ementin.hu',1),(20,'ROLE_PIXELOID_APP_ADMIN_ACCOMODATION_ADMIN',0),(21,'ROLE_PIXELOID_APP_ADMIN_ACCOMODATION_EDITOR',0),(23,'ROLE_PIXELOID_APP_ADMIN_ACCOMODATION_GUEST',0),(22,'ROLE_PIXELOID_APP_ADMIN_ACCOMODATION_STAFF',0),(6,'ROLE_PIXELOID_APP_ADMIN_DINING_TYPE_ADMIN',0),(7,'ROLE_PIXELOID_APP_ADMIN_DINING_TYPE_EDITOR',0),(9,'ROLE_PIXELOID_APP_ADMIN_DINING_TYPE_GUEST',0),(8,'ROLE_PIXELOID_APP_ADMIN_DINING_TYPE_STAFF',0),(1,'ROLE_PIXELOID_APP_ADMIN_EVENT_ADMIN',0),(2,'ROLE_PIXELOID_APP_ADMIN_EVENT_EDITOR',0),(4,'ROLE_PIXELOID_APP_ADMIN_EVENT_GUEST',0),(3,'ROLE_PIXELOID_APP_ADMIN_EVENT_STAFF',0),(15,'ROLE_PIXELOID_APP_ADMIN_PRESENTATION_ADMIN',0),(16,'ROLE_PIXELOID_APP_ADMIN_PRESENTATION_EDITOR',0),(18,'ROLE_PIXELOID_APP_ADMIN_PRESENTATION_GUEST',0),(11,'ROLE_PIXELOID_APP_ADMIN_PRESENTATION_SECTION_ADMIN',0),(12,'ROLE_PIXELOID_APP_ADMIN_PRESENTATION_SECTION_EDITOR',0),(14,'ROLE_PIXELOID_APP_ADMIN_PRESENTATION_SECTION_GUEST',0),(13,'ROLE_PIXELOID_APP_ADMIN_PRESENTATION_SECTION_STAFF',0),(17,'ROLE_PIXELOID_APP_ADMIN_PRESENTATION_STAFF',0),(24,'ROLE_PIXELOID_APP_ADMIN_REGISTRANT_TYPE_ADMIN',0),(25,'ROLE_PIXELOID_APP_ADMIN_REGISTRANT_TYPE_EDITOR',0),(27,'ROLE_PIXELOID_APP_ADMIN_REGISTRANT_TYPE_GUEST',0),(26,'ROLE_PIXELOID_APP_ADMIN_REGISTRANT_TYPE_STAFF',0),(28,'ROLE_PIXELOID_APP_ADMIN_TEAM_MEMBER_ADMIN',0),(29,'ROLE_PIXELOID_APP_ADMIN_TEAM_MEMBER_EDITOR',0),(31,'ROLE_PIXELOID_APP_ADMIN_TEAM_MEMBER_GUEST',0),(30,'ROLE_PIXELOID_APP_ADMIN_TEAM_MEMBER_STAFF',0);

--
-- Table structure for table `calendar`
--

CREATE TABLE `calendar` (
  `id` int(11) NOT NULL AUTO_INCREMENT,
  `datefield` date DEFAULT NULL,
  PRIMARY KEY (`id`)
) ENGINE=InnoDB DEFAULT CHARSET=utf8 COLLATE=utf8_unicode_ci;

--
-- Dumping data for table `calendar`
--


--
-- Table structure for table `classification__category`
--

CREATE TABLE `classification__category` (
  `id` int(11) NOT NULL AUTO_INCREMENT,
  `parent_id` int(11) DEFAULT NULL,
  `context` varchar(255) COLLATE utf8_unicode_ci DEFAULT NULL,
  `media_id` int(11) DEFAULT NULL,
  `name` varchar(255) COLLATE utf8_unicode_ci NOT NULL,
  `enabled` tinyint(1) NOT NULL,
  `slug` varchar(255) COLLATE utf8_unicode_ci NOT NULL,
  `description` varchar(255) COLLATE utf8_unicode_ci DEFAULT NULL,
  `position` int(11) DEFAULT NULL,
  `created_at` datetime NOT NULL,
  `updated_at` datetime NOT NULL,
  PRIMARY KEY (`id`),
  KEY `IDX_43629B36727ACA70` (`parent_id`),
  KEY `IDX_43629B36E25D857E` (`context`),
  KEY `IDX_43629B36EA9FDD75` (`media_id`),
  CONSTRAINT `FK_43629B36727ACA70` FOREIGN KEY (`parent_id`) REFERENCES `classification__category` (`id`) ON DELETE CASCADE,
  CONSTRAINT `FK_43629B36E25D857E` FOREIGN KEY (`context`) REFERENCES `classification__context` (`id`),
  CONSTRAINT `FK_43629B36EA9FDD75` FOREIGN KEY (`media_id`) REFERENCES `media__media` (`id`) ON DELETE SET NULL
) ENGINE=InnoDB AUTO_INCREMENT=2 DEFAULT CHARSET=utf8 COLLATE=utf8_unicode_ci;

--
-- Dumping data for table `classification__category`
--

INSERT INTO `classification__category` VALUES (1,NULL,'default',NULL,'default',1,'default','default',NULL,'2019-10-13 19:32:14','2019-10-13 19:32:14');

--
-- Table structure for table `classification__collection`
--

CREATE TABLE `classification__collection` (
  `id` int(11) NOT NULL AUTO_INCREMENT,
  `context` varchar(255) COLLATE utf8_unicode_ci DEFAULT NULL,
  `media_id` int(11) DEFAULT NULL,
  `name` varchar(255) COLLATE utf8_unicode_ci NOT NULL,
  `enabled` tinyint(1) NOT NULL,
  `slug` varchar(255) COLLATE utf8_unicode_ci NOT NULL,
  `description` varchar(255) COLLATE utf8_unicode_ci DEFAULT NULL,
  `created_at` datetime NOT NULL,
  `updated_at` datetime NOT NULL,
  PRIMARY KEY (`id`),
  UNIQUE KEY `tag_collection` (`slug`,`context`),
  KEY `IDX_A406B56AE25D857E` (`context`),
  KEY `IDX_A406B56AEA9FDD75` (`media_id`),
  CONSTRAINT `FK_A406B56AE25D857E` FOREIGN KEY (`context`) REFERENCES `classification__context` (`id`),
  CONSTRAINT `FK_A406B56AEA9FDD75` FOREIGN KEY (`media_id`) REFERENCES `media__media` (`id`) ON DELETE SET NULL
) ENGINE=InnoDB DEFAULT CHARSET=utf8 COLLATE=utf8_unicode_ci;

--
-- Dumping data for table `classification__collection`
--


--
-- Table structure for table `classification__context`
--

CREATE TABLE `classification__context` (
  `id` varchar(255) COLLATE utf8_unicode_ci NOT NULL,
  `name` varchar(255) COLLATE utf8_unicode_ci NOT NULL,
  `enabled` tinyint(1) NOT NULL,
  `created_at` datetime NOT NULL,
  `updated_at` datetime NOT NULL,
  PRIMARY KEY (`id`)
) ENGINE=InnoDB DEFAULT CHARSET=utf8 COLLATE=utf8_unicode_ci;

--
-- Dumping data for table `classification__context`
--

INSERT INTO `classification__context` VALUES ('default','default',1,'2019-10-13 19:32:14','2019-10-13 19:32:14');

--
-- Table structure for table `classification__tag`
--

CREATE TABLE `classification__tag` (
  `id` int(11) NOT NULL AUTO_INCREMENT,
  `context` varchar(255) COLLATE utf8_unicode_ci DEFAULT NULL,
  `name` varchar(255) COLLATE utf8_unicode_ci NOT NULL,
  `enabled` tinyint(1) NOT NULL,
  `slug` varchar(255) COLLATE utf8_unicode_ci NOT NULL,
  `created_at` datetime NOT NULL,
  `updated_at` datetime NOT NULL,
  PRIMARY KEY (`id`),
  UNIQUE KEY `tag_context` (`slug`,`context`),
  KEY `IDX_CA57A1C7E25D857E` (`context`),
  CONSTRAINT `FK_CA57A1C7E25D857E` FOREIGN KEY (`context`) REFERENCES `classification__context` (`id`)
) ENGINE=InnoDB DEFAULT CHARSET=utf8 COLLATE=utf8_unicode_ci;

--
-- Dumping data for table `classification__tag`
--


--
-- Table structure for table `ext_log_entries`
--

CREATE TABLE `ext_log_entries` (
  `id` int(11) NOT NULL AUTO_INCREMENT,
  `action` varchar(8) COLLATE utf8_unicode_ci NOT NULL,
  `logged_at` datetime NOT NULL,
  `object_id` varchar(64) COLLATE utf8_unicode_ci DEFAULT NULL,
  `object_class` varchar(255) COLLATE utf8_unicode_ci NOT NULL,
  `version` int(11) NOT NULL,
  `data` longtext COLLATE utf8_unicode_ci COMMENT '(DC2Type:array)',
  `username` varchar(255) COLLATE utf8_unicode_ci DEFAULT NULL,
  PRIMARY KEY (`id`),
  KEY `log_class_lookup_idx` (`object_class`),
  KEY `log_date_lookup_idx` (`logged_at`),
  KEY `log_user_lookup_idx` (`username`),
  KEY `log_version_lookup_idx` (`object_id`,`object_class`,`version`)
) ENGINE=InnoDB DEFAULT CHARSET=utf8 COLLATE=utf8_unicode_ci ROW_FORMAT=DYNAMIC;

--
-- Dumping data for table `ext_log_entries`
--


--
-- Table structure for table `ext_translations`
--

CREATE TABLE `ext_translations` (
  `id` int(11) NOT NULL AUTO_INCREMENT,
  `locale` varchar(8) COLLATE utf8_unicode_ci NOT NULL,
  `object_class` varchar(255) COLLATE utf8_unicode_ci NOT NULL,
  `field` varchar(32) COLLATE utf8_unicode_ci NOT NULL,
  `foreign_key` varchar(64) COLLATE utf8_unicode_ci NOT NULL,
  `content` longtext COLLATE utf8_unicode_ci,
  PRIMARY KEY (`id`),
  UNIQUE KEY `lookup_unique_idx` (`locale`,`object_class`,`field`,`foreign_key`),
  KEY `translations_lookup_idx` (`locale`,`object_class`,`foreign_key`)
) ENGINE=InnoDB DEFAULT CHARSET=utf8 COLLATE=utf8_unicode_ci ROW_FORMAT=DYNAMIC;

--
-- Dumping data for table `ext_translations`
--


--
-- Table structure for table `extraprogram_extraprogramreservation`
--

CREATE TABLE `extraprogram_extraprogramreservation` (
  `extraprogram_id` int(11) NOT NULL,
  `extraprogramreservation_id` int(11) NOT NULL,
  PRIMARY KEY (`extraprogram_id`,`extraprogramreservation_id`),
  KEY `IDX_91952F7881087A01` (`extraprogram_id`),
  KEY `IDX_91952F78D50F4AAB` (`extraprogramreservation_id`),
  CONSTRAINT `FK_91952F7881087A01` FOREIGN KEY (`extraprogram_id`) REFERENCES `ExtraProgram` (`id`) ON DELETE CASCADE,
  CONSTRAINT `FK_91952F78D50F4AAB` FOREIGN KEY (`extraprogramreservation_id`) REFERENCES `ExtraProgramReservation` (`id`) ON DELETE CASCADE
) ENGINE=InnoDB DEFAULT CHARSET=utf8 COLLATE=utf8_unicode_ci;

--
-- Dumping data for table `extraprogram_extraprogramreservation`
--


--
-- Table structure for table `media__gallery`
--

CREATE TABLE `media__gallery` (
  `id` int(11) NOT NULL AUTO_INCREMENT,
  `event_id` int(11) DEFAULT NULL,
  `name` varchar(255) COLLATE utf8_unicode_ci NOT NULL,
  `context` varchar(64) COLLATE utf8_unicode_ci NOT NULL,
  `default_format` varchar(255) COLLATE utf8_unicode_ci NOT NULL,
  `enabled` tinyint(1) NOT NULL,
  `updated_at` datetime NOT NULL,
  `created_at` datetime NOT NULL,
  PRIMARY KEY (`id`),
  KEY `IDX_3C02B7F571F7E88B` (`event_id`),
  CONSTRAINT `FK_3C02B7F571F7E88B` FOREIGN KEY (`event_id`) REFERENCES `Event` (`id`)
) ENGINE=InnoDB DEFAULT CHARSET=utf8 COLLATE=utf8_unicode_ci;

--
-- Dumping data for table `media__gallery`
--


--
-- Table structure for table `media__gallery_media`
--

CREATE TABLE `media__gallery_media` (
  `id` int(11) NOT NULL AUTO_INCREMENT,
  `gallery_id` int(11) DEFAULT NULL,
  `media_id` int(11) DEFAULT NULL,
  `position` int(11) NOT NULL,
  `enabled` tinyint(1) NOT NULL,
  `updated_at` datetime NOT NULL,
  `created_at` datetime NOT NULL,
  PRIMARY KEY (`id`),
  KEY `IDX_80D4C5414E7AF8F` (`gallery_id`),
  KEY `IDX_80D4C541EA9FDD75` (`media_id`),
  CONSTRAINT `FK_80D4C5414E7AF8F` FOREIGN KEY (`gallery_id`) REFERENCES `media__gallery` (`id`) ON DELETE CASCADE,
  CONSTRAINT `FK_80D4C541EA9FDD75` FOREIGN KEY (`media_id`) REFERENCES `media__media` (`id`) ON DELETE CASCADE
) ENGINE=InnoDB DEFAULT CHARSET=utf8 COLLATE=utf8_unicode_ci;

--
-- Dumping data for table `media__gallery_media`
--


--
-- Table structure for table `media__media`
--

CREATE TABLE `media__media` (
  `id` int(11) NOT NULL AUTO_INCREMENT,
  `category_id` int(11) DEFAULT NULL,
  `name` varchar(255) COLLATE utf8_unicode_ci NOT NULL,
  `description` text COLLATE utf8_unicode_ci,
  `enabled` tinyint(1) NOT NULL,
  `provider_name` varchar(255) COLLATE utf8_unicode_ci NOT NULL,
  `provider_status` int(11) NOT NULL,
  `provider_reference` varchar(255) COLLATE utf8_unicode_ci NOT NULL,
  `provider_metadata` longtext COLLATE utf8_unicode_ci COMMENT '(DC2Type:json)',
  `width` int(11) DEFAULT NULL,
  `height` int(11) DEFAULT NULL,
  `length` decimal(10,0) DEFAULT NULL,
  `content_type` varchar(255) COLLATE utf8_unicode_ci DEFAULT NULL,
  `content_size` int(11) DEFAULT NULL,
  `copyright` varchar(255) COLLATE utf8_unicode_ci DEFAULT NULL,
  `author_name` varchar(255) COLLATE utf8_unicode_ci DEFAULT NULL,
  `context` varchar(64) COLLATE utf8_unicode_ci DEFAULT NULL,
  `cdn_is_flushable` tinyint(1) DEFAULT NULL,
  `cdn_flush_identifier` varchar(64) COLLATE utf8_unicode_ci DEFAULT NULL,
  `cdn_flush_at` datetime DEFAULT NULL,
  `cdn_status` int(11) DEFAULT NULL,
  `updated_at` datetime NOT NULL,
  `created_at` datetime NOT NULL,
  PRIMARY KEY (`id`),
  KEY `IDX_5C6DD74E12469DE2` (`category_id`),
  CONSTRAINT `FK_5C6DD74E12469DE2` FOREIGN KEY (`category_id`) REFERENCES `classification__category` (`id`) ON DELETE SET NULL
) ENGINE=InnoDB DEFAULT CHARSET=utf8 COLLATE=utf8_unicode_ci;

--
-- Dumping data for table `media__media`
--



